{"id":330,"date":"2014-10-13T16:14:18","date_gmt":"2014-10-13T14:14:18","guid":{"rendered":"http:\/\/wp.unil.ch\/h2o\/?page_id=330"},"modified":"2025-03-26T17:18:06","modified_gmt":"2025-03-26T16:18:06","slug":"2014-2","status":"publish","type":"page","link":"https:\/\/wp.unil.ch\/h2o\/archives\/2014-2\/","title":{"rendered":"\u2013 2014"},"content":{"rendered":"<p><a href=\"https:\/\/wp.unil.ch\/h2o\/files\/2011\/12\/eau_A5_prog.pdf\"><img alt=\"\" loading=\"lazy\" decoding=\"async\" class=\"alignleft size-medium wp-image-304\" src=\"https:\/\/wp.unil.ch\/h2o\/files\/2014\/02\/cropped-eau_banner_1000x288_prod-web_2-300x86.jpg\" alt=\"\" width=\"300\" height=\"86\" srcset=\"https:\/\/wp.unil.ch\/h2o\/files\/2014\/02\/cropped-eau_banner_1000x288_prod-web_2-300x86.jpg 300w, https:\/\/wp.unil.ch\/h2o\/files\/2014\/02\/cropped-eau_banner_1000x288_prod-web_2-150x43.jpg 150w, https:\/\/wp.unil.ch\/h2o\/files\/2014\/02\/cropped-eau_banner_1000x288_prod-web_2-500x144.jpg 500w, https:\/\/wp.unil.ch\/h2o\/files\/2014\/02\/cropped-eau_banner_1000x288_prod-web_2.jpg 1000w\" sizes=\"auto, (max-width: 300px) 100vw, 300px\" \/><\/a><\/p>\n<h1>Programme <a href=\"https:\/\/wp.unil.ch\/h2o\/files\/2011\/12\/eau_A5_prog.pdf\">(pdf \u00e0 t\u00e9l\u00e9charger)<\/a><\/h1>\n<p>08h30<br \/>\n<strong><em>Accueil<\/em><\/strong><\/p>\n<p>09h00<br \/>\n<strong><em>Mot de bienvenue<\/em><\/strong><br \/>\nJean-Fran\u00e7ois Rubin, dir. La Maison de la Rivi\u00e8re<br \/>\nAlain Kaufmann, dir. Interface sciences-soci\u00e9t\u00e9, UNIL<\/p>\n<p>09h20<br \/>\n<strong>Renaturation de la Dranse sur les communes de Sembrancher et de Voll\u00e8ges en Valais<\/strong><br \/>\nAntoine Stocker, Biologiste\/Ing. HES en gestion de la nature, Drosera \u00e9cologie appliqu\u00e9e <a href=\"https:\/\/wp.unil.ch\/h2o\/files\/2011\/12\/Antoine-Stocker-Renaturation-de-la-Dranse-sur-les-communes-de-Sembrancher-et-de-Voll\u00e8ges.pdf\">(support de conf\u00e9rence)<\/a><\/p>\n<p>09h40<br \/>\n<strong>Mod\u00e9lisation des eaux de surfaces et souterraines en Chine<\/strong><br \/>\nOliver Schilling, Assistant doctorant, Universit\u00e9 de Neuch\u00e2tel <a href=\"https:\/\/wp.unil.ch\/h2o\/files\/2011\/12\/Oliver-Schilling-Mod\u00e9lisation-du-comportement-des-eaux-souterraines.pdf\">(support de conf\u00e9rence)<\/a><\/p>\n<p>10h00<br \/>\n<strong>Vuln\u00e9rabilit\u00e9 des aquif\u00e8res: enjeux et perspectives<\/strong><br \/>\nLorienne Th\u00fcler, Assistante-doctorante, Universit\u00e9 de Neuch\u00e2tel <a href=\"https:\/\/wp.unil.ch\/h2o\/files\/2011\/12\/Lorienne-Th\u00fcler-Vuln\u00e9rabilit\u00e9-des-eaux-souterraines-enjeux-et-perspectives.pdf\">(support de conf\u00e9rence)<\/a><\/p>\n<p>10h20 Pause, stands et sessions de posters<\/p>\n<p>11h00<br \/>\n<strong>L\u2019importance des r\u00e9serves d\u2019oiseaux d\u2019eau et de migrateurs<\/strong><br \/>\nFran\u00e7ois Turrian, Vice-directeur de l\u2019ASPO\/Birdlife Suisse pour pr\u00e9server l\u2019avifaune <a href=\"https:\/\/wp.unil.ch\/h2o\/files\/2011\/12\/Fran\u00e7ois-Turrian-Limportance-des-zones-ROEM.pdf\">(support de conf\u00e9rence)<\/a><\/p>\n<p>11h20<br \/>\n<strong>Effet cocktail des substances chimiques :quels risques pour les eaux ?<\/strong><br \/>\nNathalie Ch\u00e8vre, Ecotoxicologue, FGSE, Universit\u00e9 de Lausanne <a href=\"https:\/\/wp.unil.ch\/h2o\/files\/2011\/12\/Nathalie-Ch\u00e8vre-Effets-cocktail-des-substances-chimiques.pdf\">(support de conf\u00e9rence)<\/a><\/p>\n<p>11h40<br \/>\n<strong>Aper\u00e7u de la richesse en esp\u00e8ces des eaux du Canton de Vaud:faut-il avoir peur des esp\u00e8ces introduites ?<\/strong><br \/>\nFr\u00e9d\u00e9ric Hofmann, Direction g\u00e9n\u00e9rale de l\u2019environnement, Etat de Vaud<\/p>\n<p>12h00 Pause, repas, stands et sessions de posters<\/p>\n<p>13h30<br \/>\n<strong>Biobeds: techniques d\u2019assainissement \u00e0 la source des effluents agricoles<\/strong><br \/>\nSylvain Melis, ecaVert S\u00e0rl <a href=\"https:\/\/wp.unil.ch\/h2o\/files\/2011\/12\/Sylvain-Melis-Biobeds.pdf\">(support de conf\u00e9rence)<\/a><\/p>\n<p>13h50<br \/>\n<strong>Que fait un poisson hydrauliquement et hydrologiquement heureux ?<\/strong><br \/>\nProf. Stuart Lane, Directeur de l\u2019institut de dynamiques de la surface terrestre,Universit\u00e9 de Lausanne <a href=\"https:\/\/wp.unil.ch\/h2o\/files\/2011\/12\/Stuart-Lane-Que-fait-un-poisson-hydrauliquement-heureux.pdf\">(support de conf\u00e9rence)<\/a><\/p>\n<p>14h50<br \/>\n<strong><em>Mot de cl\u00f4ture<\/em><\/strong><br \/>\nJean-Fran\u00e7ois Rubin, dir. Maison de la Rivi\u00e8re<br \/>\nAlain Kaufmann, dir. Interface sciences-soci\u00e9t\u00e9, UNIL<\/p>\n","protected":false},"excerpt":{"rendered":"<p>Programme (pdf \u00e0 t\u00e9l\u00e9charger) 08h30 Accueil 09h00 Mot de bienvenue Jean-Fran\u00e7ois Rubin, dir. La Maison de la Rivi\u00e8re Alain Kaufmann, dir. Interface sciences-soci\u00e9t\u00e9, UNIL 09h20 Renaturation de la Dranse sur &hellip; <\/p>\n","protected":false},"author":1001034,"featured_media":0,"parent":133,"menu_order":3,"comment_status":"closed","ping_status":"closed","template":"","meta":{"_seopress_robots_primary_cat":"","_seopress_titles_title":"","_seopress_titles_desc":"","_seopress_robots_index":"","footnotes":""},"class_list":["post-330","page","type-page","status-publish"],"_links":{"self":[{"href":"https:\/\/wp.unil.ch\/h2o\/wp-json\/wp\/v2\/pages\/330","targetHints":{"allow":["GET"]}}],"collection":[{"href":"https:\/\/wp.unil.ch\/h2o\/wp-json\/wp\/v2\/pages"}],"about":[{"href":"https:\/\/wp.unil.ch\/h2o\/wp-json\/wp\/v2\/types\/page"}],"author":[{"embeddable":true,"href":"https:\/\/wp.unil.ch\/h2o\/wp-json\/wp\/v2\/users\/1001034"}],"replies":[{"embeddable":true,"href":"https:\/\/wp.unil.ch\/h2o\/wp-json\/wp\/v2\/comments?post=330"}],"version-history":[{"count":1,"href":"https:\/\/wp.unil.ch\/h2o\/wp-json\/wp\/v2\/pages\/330\/revisions"}],"predecessor-version":[{"id":686,"href":"https:\/\/wp.unil.ch\/h2o\/wp-json\/wp\/v2\/pages\/330\/revisions\/686"}],"up":[{"embeddable":true,"href":"https:\/\/wp.unil.ch\/h2o\/wp-json\/wp\/v2\/pages\/133"}],"wp:attachment":[{"href":"https:\/\/wp.unil.ch\/h2o\/wp-json\/wp\/v2\/media?parent=330"}],"curies":[{"name":"wp","href":"https:\/\/api.w.org\/{rel}","templated":true}]}}