{"id":143,"date":"2012-10-01T10:59:21","date_gmt":"2012-10-01T08:59:21","guid":{"rendered":"http:\/\/wp.unil.ch\/h2o\/?page_id=143"},"modified":"2019-12-17T17:07:35","modified_gmt":"2019-12-17T16:07:35","slug":"inscription-contributeur","status":"publish","type":"page","link":"https:\/\/wp.unil.ch\/h2o\/inscription-contributeur\/","title":{"rendered":"Inscription contributeur"},"content":{"rendered":"<h1>Je m&rsquo;inscris \u00e0 la journ\u00e9e du vendredi 20 mars 2020 en tant que contributeur (d\u00e9lai d&rsquo;inscription fix\u00e9 au lundi 10 f\u00e9vrier 2020).<\/h1>\n<p>[contact-form-7 id=\u00a0\u00bb627&Prime; title=\u00a0\u00bbInscription-appel-projets-H2O-2020&Prime;]<\/p>\n<p>&nbsp;<\/p>\n<p>&nbsp;<\/p>\n","protected":false},"excerpt":{"rendered":"<p>Je m&rsquo;inscris \u00e0 la journ\u00e9e du vendredi 20 mars 2020 en tant que contributeur (d\u00e9lai d&rsquo;inscription fix\u00e9 au lundi 10 f\u00e9vrier 2020). [contact-form-7 id=\u00a0\u00bb627&Prime; title=\u00a0\u00bbInscription-appel-projets-H2O-2020&Prime;] &nbsp; &nbsp;<\/p>\n","protected":false},"author":652,"featured_media":0,"parent":0,"menu_order":7,"comment_status":"closed","ping_status":"closed","template":"","meta":{"_seopress_robots_primary_cat":"","_seopress_titles_title":"","_seopress_titles_desc":"","_seopress_robots_index":"","footnotes":""},"class_list":["post-143","page","type-page","status-publish"],"_links":{"self":[{"href":"https:\/\/wp.unil.ch\/h2o\/wp-json\/wp\/v2\/pages\/143","targetHints":{"allow":["GET"]}}],"collection":[{"href":"https:\/\/wp.unil.ch\/h2o\/wp-json\/wp\/v2\/pages"}],"about":[{"href":"https:\/\/wp.unil.ch\/h2o\/wp-json\/wp\/v2\/types\/page"}],"author":[{"embeddable":true,"href":"https:\/\/wp.unil.ch\/h2o\/wp-json\/wp\/v2\/users\/652"}],"replies":[{"embeddable":true,"href":"https:\/\/wp.unil.ch\/h2o\/wp-json\/wp\/v2\/comments?post=143"}],"version-history":[{"count":0,"href":"https:\/\/wp.unil.ch\/h2o\/wp-json\/wp\/v2\/pages\/143\/revisions"}],"wp:attachment":[{"href":"https:\/\/wp.unil.ch\/h2o\/wp-json\/wp\/v2\/media?parent=143"}],"curies":[{"name":"wp","href":"https:\/\/api.w.org\/{rel}","templated":true}]}}