{"id":10,"date":"2011-12-06T12:59:55","date_gmt":"2011-12-06T11:59:55","guid":{"rendered":"http:\/\/wp.unil.ch\/h2o\/?page_id=10"},"modified":"2020-03-12T11:25:38","modified_gmt":"2020-03-12T10:25:38","slug":"les-rencontres-de-leau-du-23-mars-2012","status":"publish","type":"page","link":"https:\/\/wp.unil.ch\/h2o\/","title":{"rendered":"Bienvenue"},"content":{"rendered":"<p><a title=\"La Maison de la Rivi\u00e8re\" href=\"https:\/\/www.maisondelariviere.ch\/index.php\/fr\">La Maison de la Rivi\u00e8re<\/a> et <a href=\"https:\/\/www.unil.ch\/collaboratoire\/fr\/home.html\">Le ColLaboratoire &#8211; Unit\u00e9 de recherche-action, collaborative et participative de l&rsquo;Universit\u00e9 de Lausanne<\/a> proposent une plateforme d\u2019\u00e9changes d\u2019informations et de pratiques non seulement entre les institutions, les associations et les ONG dont les activit\u00e9s sont li\u00e9es directement ou indirectement \u00e0 l\u2019eau, mais aussi \u00e0 l\u2019attention du grand public.<\/p>\n","protected":false},"excerpt":{"rendered":"<p>La Maison de la Rivi\u00e8re et Le ColLaboratoire &#8211; Unit\u00e9 de recherche-action, collaborative et participative de l&rsquo;Universit\u00e9 de Lausanne proposent une plateforme d\u2019\u00e9changes d\u2019informations et de pratiques non seulement entre &hellip; <\/p>\n","protected":false},"author":652,"featured_media":0,"parent":0,"menu_order":0,"comment_status":"closed","ping_status":"closed","template":"sidebar-page.php","meta":{"_seopress_robots_primary_cat":"","_seopress_titles_title":"","_seopress_titles_desc":"","_seopress_robots_index":"","footnotes":""},"class_list":["post-10","page","type-page","status-publish"],"_links":{"self":[{"href":"https:\/\/wp.unil.ch\/h2o\/wp-json\/wp\/v2\/pages\/10","targetHints":{"allow":["GET"]}}],"collection":[{"href":"https:\/\/wp.unil.ch\/h2o\/wp-json\/wp\/v2\/pages"}],"about":[{"href":"https:\/\/wp.unil.ch\/h2o\/wp-json\/wp\/v2\/types\/page"}],"author":[{"embeddable":true,"href":"https:\/\/wp.unil.ch\/h2o\/wp-json\/wp\/v2\/users\/652"}],"replies":[{"embeddable":true,"href":"https:\/\/wp.unil.ch\/h2o\/wp-json\/wp\/v2\/comments?post=10"}],"version-history":[{"count":0,"href":"https:\/\/wp.unil.ch\/h2o\/wp-json\/wp\/v2\/pages\/10\/revisions"}],"wp:attachment":[{"href":"https:\/\/wp.unil.ch\/h2o\/wp-json\/wp\/v2\/media?parent=10"}],"curies":[{"name":"wp","href":"https:\/\/api.w.org\/{rel}","templated":true}]}}