{"id":3205,"date":"2024-05-02T17:01:53","date_gmt":"2024-05-02T15:01:53","guid":{"rendered":"https:\/\/wp.unil.ch\/grebd\/?page_id=3205"},"modified":"2024-05-02T17:08:26","modified_gmt":"2024-05-02T15:08:26","slug":"bande-dessinee-et-enseignement-apprentissage-des-langues-etrangeres-plurilinguisme-interculturalite-et-variations-2","status":"publish","type":"page","link":"https:\/\/wp.unil.ch\/grebd\/bande-dessinee-et-enseignement-apprentissage-des-langues-etrangeres-plurilinguisme-interculturalite-et-variations-2\/","title":{"rendered":"Bande dessin\u00e9e et enseignement-apprentissage des langues \u00e9trang\u00e8res\u00a0: plurilinguisme, interculturalit\u00e9 et variations (2)"},"content":{"rendered":"\n<div class=\"wp-block-columns is-layout-flex wp-container-core-columns-is-layout-9d6595d7 wp-block-columns-is-layout-flex\">\n<div class=\"wp-block-column is-layout-flow wp-block-column-is-layout-flow\">\n<figure class=\"wp-block-gallery has-nested-images columns-default is-cropped wp-block-gallery-1 is-layout-flex wp-block-gallery-is-layout-flex\">\n<figure class=\"wp-block-image size-large\"><img alt=\"\" loading=\"lazy\" decoding=\"async\" width=\"705\" height=\"1024\" data-id=\"3196\" src=\"https:\/\/wp.unil.ch\/grebd\/files\/2024\/04\/Affiche-finale-Bande-dessinee-et-enseignement-apprentissage-des-langues-etrangeres-705x1024.jpg\" alt=\"\" class=\"wp-image-3196\" srcset=\"https:\/\/wp.unil.ch\/grebd\/files\/2024\/04\/Affiche-finale-Bande-dessinee-et-enseignement-apprentissage-des-langues-etrangeres-705x1024.jpg 705w, https:\/\/wp.unil.ch\/grebd\/files\/2024\/04\/Affiche-finale-Bande-dessinee-et-enseignement-apprentissage-des-langues-etrangeres-207x300.jpg 207w, https:\/\/wp.unil.ch\/grebd\/files\/2024\/04\/Affiche-finale-Bande-dessinee-et-enseignement-apprentissage-des-langues-etrangeres-768x1116.jpg 768w, https:\/\/wp.unil.ch\/grebd\/files\/2024\/04\/Affiche-finale-Bande-dessinee-et-enseignement-apprentissage-des-langues-etrangeres.jpg 826w\" sizes=\"auto, (max-width: 705px) 100vw, 705px\" \/><\/figure>\n<\/figure>\n<\/div>\n\n\n\n<div class=\"wp-block-column is-layout-flow wp-block-column-is-layout-flow\">\n<p>La deuxi\u00e8me partie de notre journ\u00e9e d&rsquo;\u00e9tude consacr\u00e9e \u00e0 la bande dessin\u00e9e dans l&rsquo;enseignement-apprentissage des langues se d\u00e9roulera \u00e0 <strong>Paris<\/strong> (USN Maison de la recherche) et <strong>en ligne <\/strong>(lien \u00e0 venir)<strong> <\/strong>le 17.05.2024.<\/p>\n\n\n\n<p>Durant la premi\u00e8re journ\u00e9e nous nous sommes int\u00e9ress\u00e9s aux usages de la bande dessin\u00e9e pour l&rsquo;enseignement-apprentissage des langues \u00e9trang\u00e8res dans un cadre g\u00e9n\u00e9rale, ainsi qu&rsquo;\u00e0 son usage pour l&rsquo;apprentissage de la langue parl\u00e9e. La deuxi\u00e8me journ\u00e9e sera consacr\u00e9e plus sp\u00e9cifiquement \u00e0 la repr\u00e9sentation du plurilinguisme et de l&rsquo;h\u00e9t\u00e9rolinguisme, tout en poursuivant la r\u00e9flexion g\u00e9n\u00e9rale sur la bande dessin\u00e9e dans l&rsquo;enseignement. <\/p>\n\n\n\n<p>Vous trouverez plus d&rsquo;informations sur la journ\u00e9e d&rsquo;\u00e9tude, ainsi que son programme, sur le site des<em> <\/em><a href=\"https:\/\/ecriplur.hypotheses.org\/2318\" data-type=\"link\" data-id=\"https:\/\/ecriplur.hypotheses.org\/2318\">Carnet de recherche \u201cEcriture et plurilinguisme\u201d<\/a> !<\/p>\n\n\n\n<p>Comit\u00e9 d\u2019organisation : UNIL \u2013 Alain Ausoni, Rapha\u00ebl Baroni, Justine Favre ; HEP-VD \u2013 Chiara Bemporad&nbsp;; USN \u2013 Anne Godard, Donatienne Woerly<\/p>\n<\/div>\n<\/div>\n","protected":false},"excerpt":{"rendered":"<p>La deuxi\u00e8me partie de notre journ\u00e9e d&rsquo;\u00e9tude consacr\u00e9e \u00e0 la bande dessin\u00e9e dans l&rsquo;enseignement-apprentissage des langues se d\u00e9roulera \u00e0 Paris (USN Maison de la recherche) et en ligne (lien \u00e0 venir) le 17.05.2024. Durant la premi\u00e8re journ\u00e9e nous nous sommes<\/p>\n","protected":false},"author":1002275,"featured_media":0,"parent":0,"menu_order":0,"comment_status":"closed","ping_status":"closed","template":"","meta":{"_seopress_robots_primary_cat":"","_seopress_titles_title":"","_seopress_titles_desc":"","_seopress_robots_index":"","ngg_post_thumbnail":0,"footnotes":""},"class_list":["post-3205","page","type-page","status-publish"],"_links":{"self":[{"href":"https:\/\/wp.unil.ch\/grebd\/wp-json\/wp\/v2\/pages\/3205","targetHints":{"allow":["GET"]}}],"collection":[{"href":"https:\/\/wp.unil.ch\/grebd\/wp-json\/wp\/v2\/pages"}],"about":[{"href":"https:\/\/wp.unil.ch\/grebd\/wp-json\/wp\/v2\/types\/page"}],"author":[{"embeddable":true,"href":"https:\/\/wp.unil.ch\/grebd\/wp-json\/wp\/v2\/users\/1002275"}],"replies":[{"embeddable":true,"href":"https:\/\/wp.unil.ch\/grebd\/wp-json\/wp\/v2\/comments?post=3205"}],"version-history":[{"count":4,"href":"https:\/\/wp.unil.ch\/grebd\/wp-json\/wp\/v2\/pages\/3205\/revisions"}],"predecessor-version":[{"id":3214,"href":"https:\/\/wp.unil.ch\/grebd\/wp-json\/wp\/v2\/pages\/3205\/revisions\/3214"}],"wp:attachment":[{"href":"https:\/\/wp.unil.ch\/grebd\/wp-json\/wp\/v2\/media?parent=3205"}],"curies":[{"name":"wp","href":"https:\/\/api.w.org\/{rel}","templated":true}]}}

Bande dessinée et enseignement-apprentissage des langues étrangères : plurilinguisme, interculturalité et variations (2)

<div class="wp-block-columns is-layout-flex wp-container-core-columns-is-layout-9d6595d7 wp-block-columns-is-layout-flex">
<div class="wp-block-column is-layout-flow wp-block-column-is-layout-flow">
<figure class="wp-block-gallery has-nested-images columns-default is-cropped wp-block-gallery-1 is-layout-flex wp-block-gallery-is-layout-flex">
<figure class="wp-block-image size-large"><img alt="" loading="lazy" decoding="async" width="705" height="1024" data-id="3196" src="https://wp.unil.ch/grebd/files/2024/04/Affiche-finale-Bande-dessinee-et-enseignement-apprentissage-des-langues-etrangeres-705x1024.jpg" alt="" class="wp-image-3196" srcset="https://wp.unil.ch/grebd/files/2024/04/Affiche-finale-Bande-dessinee-et-enseignement-apprentissage-des-langues-etrangeres-705x1024.jpg 705w, https://wp.unil.ch/grebd/files/2024/04/Affiche-finale-Bande-dessinee-et-enseignement-apprentissage-des-langues-etrangeres-207x300.jpg 207w, https://wp.unil.ch/grebd/files/2024/04/Affiche-finale-Bande-dessinee-et-enseignement-apprentissage-des-langues-etrangeres-768x1116.jpg 768w, https://wp.unil.ch/grebd/files/2024/04/Affiche-finale-Bande-dessinee-et-enseignement-apprentissage-des-langues-etrangeres.jpg 826w" sizes="auto, (max-width: 705px) 100vw, 705px" /></figure>
</figure>
</div>



<div class="wp-block-column is-layout-flow wp-block-column-is-layout-flow">
<p>La deuxième partie de notre journée d&rsquo;étude consacrée à la bande dessinée dans l&rsquo;enseignement-apprentissage des langues se déroulera à <strong>Paris</strong> (USN Maison de la recherche) et <strong>en ligne </strong>(lien à venir)<strong> </strong>le 17.05.2024.</p>



<p>Durant la première journée nous nous sommes intéressés aux usages de la bande dessinée pour l&rsquo;enseignement-apprentissage des langues étrangères dans un cadre générale, ainsi qu&rsquo;à son usage pour l&rsquo;apprentissage de la langue parlée. La deuxième journée sera consacrée plus spécifiquement à la représentation du plurilinguisme et de l&rsquo;hétérolinguisme, tout en poursuivant la réflexion générale sur la bande dessinée dans l&rsquo;enseignement. </p>



<p>Vous trouverez plus d&rsquo;informations sur la journée d&rsquo;étude, ainsi que son programme, sur le site des<em> </em><a href="https://ecriplur.hypotheses.org/2318" data-type="link" data-id="https://ecriplur.hypotheses.org/2318">Carnet de recherche “Ecriture et plurilinguisme”</a> !</p>



<p>Comité d’organisation : UNIL – Alain Ausoni, Raphaël Baroni, Justine Favre ; HEP-VD – Chiara Bemporad&nbsp;; USN – Anne Godard, Donatienne Woerly</p>
</div>
</div>

<p>La deuxième partie de notre journée d&rsquo;étude consacrée à la bande dessinée dans l&rsquo;enseignement-apprentissage des langues se déroulera à Paris (USN Maison de la recherche) et en ligne (lien à venir) le 17.05.2024. Durant la première journée nous nous sommes</p>
