{"id":3085,"date":"2023-12-04T14:36:53","date_gmt":"2023-12-04T13:36:53","guid":{"rendered":"https:\/\/wp.unil.ch\/grebd\/?page_id=3085"},"modified":"2023-12-24T18:17:38","modified_gmt":"2023-12-24T17:17:38","slug":"couper-coller-reconfigurer-la-bande-dessinee-a-lere-numerique","status":"publish","type":"page","link":"https:\/\/wp.unil.ch\/grebd\/couper-coller-reconfigurer-la-bande-dessinee-a-lere-numerique\/","title":{"rendered":"COUPER\/COLLER, reconfigurer la bande dessin\u00e9e \u00e0 l&rsquo;\u00e8re num\u00e9rique"},"content":{"rendered":"\n<p>Exposition au pavillon A de l\u2019EPFL, du 9 novembre 2023 au 7 janvier 2024 du mardi au dimanche de 11h \u00e0 18h<\/p>\n\n\n\n<p>La bande dessin\u00e9e est intimement li\u00e9e \u00e0 ses formats de publication. Dans une pleine page en couleur d\u2019un album, on ne raconte pas une histoire de la m\u00eame mani\u00e8re que dans un strip en noir et blanc qui parait dans un journal quotidien. Chaque fois qu\u2019une histoire change de support, il faut donc la r\u00e9inventer. L\u2019arriv\u00e9e des technologies num\u00e9riques a encore multipli\u00e9 les possibilit\u00e9s de publication. Du c\u00f4t\u00e9 de la cr\u00e9ation, les outils num\u00e9riques facilitent l\u2019adaptation des histoires aux nombreux formats dans lesquels elle sera racont\u00e9e. Ils peuvent \u00e9galement nous aider \u00e0 mieux comprendre la mani\u00e8re dont on lit une bande dessin\u00e9e.<\/p>\n\n\n\n<p>\u00ab\u2009Couper\/Coller\u2009\u00bb vous propose d\u2019abord de plonger dans l\u2019histoire \u00e9ditoriale de la bande dessin\u00e9e pour explorer les diverses fa\u00e7ons dont certains r\u00e9cits graphiques ont \u00e9t\u00e9 revisit\u00e9s en passant d\u2019un support \u00e0 un autre. Vous d\u00e9couvrirez ensuite des outils informatiques contemporains permettant d\u2019automatiser la transformation de bandes dessin\u00e9es et dont vous pourrez exp\u00e9rimenter vous-m\u00eame les r\u00e9sultats. Par ailleurs, le parcours pr\u00e9sente les productions d\u2019un atelier en \u00e9cole d\u2019art, o\u00f9 des \u00e9tudiant\u00b7es ont remont\u00e9 \u00e0 leur mani\u00e8re des planches publi\u00e9es dans les ann\u00e9es 1950 en magazine. Vous pourrez enfin vous plonger librement dans la lecture de bandes dessin\u00e9es dont les formats illustrent la grande diversit\u00e9 de ses supports.<\/p>\n\n\n\n<p>Cette exposition, commissionn\u00e9e par Peter Gr\u00f6nquist, Rapha\u00ebl Oesterl\u00e9 et Olivier Stucky, est sc\u00e9nographi\u00e9e par Jean Pablo Muehlestein. Elle constitue l\u2019aboutissement du projet Sinergia \u00ab&nbsp;<a href=\"https:\/\/wp.unil.ch\/grebd\/recherche\/projets-fns\/reconfiguring-comics\/\">Reconfiguring Comics in our Digital Era<\/a>&nbsp;\u00bb financ\u00e9 par le fonds national suisse de la recherche scientifique (FNS n\u00b0 180359) et dirig\u00e9 par Sabine S\u00fcsstrunk, Rapha\u00ebl Baroni et Mathieu Salzmann. Elle a \u00e9t\u00e9 mont\u00e9e en partenariat avec EPFL Pavillons, BDFIL, l\u2019\u00c9cole sup\u00e9rieure de bande dessin\u00e9e et d\u2019illustration de Gen\u00e8ve (ESBDi), le mus\u00e9e Bolo et le Centre BD de la ville de Lausanne.<\/p>\n\n\n\n<p>L&rsquo;exposition sur le site du Pavillon EPFL: <a href=\"https:\/\/epfl-pavilions.ch\/fr\/exhibitions\/couper-coller\" target=\"_blank\" rel=\"noreferrer noopener\">https:\/\/epfl-pavilions.ch\/fr\/exhibitions\/couper-coller<\/a><\/p>\n\n\n\n<p><strong>On parle de l&rsquo;exposition<\/strong>&#8230;<\/p>\n\n\n\n<ul class=\"wp-block-list\">\n<li>Dans le compte-rendu par Beno\u00eet Crucifix sur le site <em>Litt\u00e9ratures modes d&#8217;emploi<\/em> : <a href=\"https:\/\/www.litteraturesmodesdemploi.org\/carnet\/couper-coller-reconfigurer-la-bande-dessinee-a-lere-numerique\/\" target=\"_blank\" rel=\"noreferrer noopener\">https:\/\/www.litteraturesmodesdemploi.org\/carnet\/couper-coller-reconfigurer-la-bande-dessinee-a-lere-numerique\/ <\/a><\/li>\n\n\n\n<li>Dans RTS Info: <a href=\"https:\/\/www.rts.ch\/info\/culture\/arts-visuels\/14556262-lexposition-coupercoller-interroge-la-reconfiguration-de-la-bd-a-lere-numerique.html\">https:\/\/www.rts.ch\/info\/culture\/arts-visuels\/14556262-lexposition-coupercoller-interroge-la-reconfiguration-de-la-bd-a-lere-numerique.html<\/a><\/li>\n\n\n\n<li>Dans l&rsquo;\u00e9mission de la RTS <em>Vertigo<\/em>: <a href=\"https:\/\/www.rts.ch\/audio-podcast\/2023\/audio\/couper-coller-une-vieille-histoire-27458087.html\">https:\/\/www.rts.ch\/audio-podcast\/2023\/audio\/couper-coller-une-vieille-histoire-27458087.html<\/a><\/li>\n\n\n\n<li>Dans <em>L\u2019Uniscope<\/em> : <a href=\"https:\/\/wp.unil.ch\/uniscope\/la-bande-dessinee-valse-entre-papier-et-pixels\/\">https:\/\/wp.unil.ch\/uniscope\/la-bande-dessinee-valse-entre-papier-et-pixels\/<\/a> &nbsp;<\/li>\n\n\n\n<li>Sur le site du <em>Centre BD <\/em>de la ville de Lausanne&nbsp;: <a href=\"https:\/\/www.lausanne.ch\/vie-pratique\/culture\/bibliotheques-et-archives\/lire-a-lausanne\/couper-coller-reconfigurer-la-bande-dessinee-a-l-ere-du-numerique.html\">https:\/\/www.lausanne.ch\/vie-pratique\/culture\/bibliotheques-et-archives\/lire-a-lausanne\/couper-coller-reconfigurer-la-bande-dessinee-a-l-ere-du-numerique.html<\/a><\/li>\n\n\n\n<li>Dans les actualit\u00e9s de l&rsquo;EPFL : <a href=\"https:\/\/actu.epfl.ch\/news\/la-bande-dessinee-a-l-ere-de-l-intelligence-arti-3\/\">https:\/\/actu.epfl.ch\/news\/la-bande-dessinee-a-l-ere-de-l-intelligence-arti-3\/<\/a><\/li>\n\n\n\n<li>Dans <em>Le Matin<\/em>&nbsp;: <a href=\"https:\/\/www.lematin.ch\/story\/bande-dessinee-une-ia-tire-votre-portrait-en-bd-a-lepfl-414578823453?fbclid=IwAR1LGGkHkwQS9ecAdNvC6axIkca89cfDHzDzM59S8rJZuhp7GeWlGkFy2UU\">https:\/\/www.lematin.ch\/story\/bande-dessinee-une-ia-tire-votre-portrait-en-bd-a-lepfl-414578823453?fbclid=IwAR1LGGkHkwQS9ecAdNvC6axIkca89cfDHzDzM59S8rJZuhp7GeWlGkFy2UU<\/a><\/li>\n<\/ul>\n\n\n\n<p><strong>D\u00e9roul\u00e9 de l&rsquo;exposition en neuf \u00e9tapes<\/strong><\/p>\n\n\n\n<details class=\"wp-block-details is-layout-flow wp-block-details-is-layout-flow\"><summary>1. Reconfiguration 1.0<\/summary>\n<p>Marijac \u00e9tait \u00e0 la fois auteur et \u00e9diteur. Il n\u2019a cess\u00e9 de recycler ses s\u00e9ries sous de nouvelles formes, afin de les rentabiliser. <em>Les Compagnons des cactus<\/em> est ainsi publi\u00e9 dans un petit fascicule de format horizontal en 1946. Lorsque Marijac lance un journal consacr\u00e9 au western en 1955, il d\u00e9cide d\u2019int\u00e9grer ce r\u00e9cit au sommaire. Le format vertical n\u00e9cessite cependant d\u2019importantes modifications. Marijac d\u00e9coupe sa planche originale pour r\u00e9organiser les cases sur une autre page et retouche les dessins pour correspondre au nouveau format. M\u00eame inachev\u00e9es, ces planches permettent de percevoir ce travail \u00e0 la fois artisanal et industriel.<\/p>\n\n\n\n<figure class=\"wp-block-image size-full\"><img alt=\"\" loading=\"lazy\" decoding=\"async\" width=\"743\" height=\"632\" src=\"https:\/\/wp.unil.ch\/grebd\/files\/2023\/12\/image-10.png\" alt=\"\" class=\"wp-image-3131\" srcset=\"https:\/\/wp.unil.ch\/grebd\/files\/2023\/12\/image-10.png 743w, https:\/\/wp.unil.ch\/grebd\/files\/2023\/12\/image-10-300x255.png 300w\" sizes=\"auto, (max-width: 743px) 100vw, 743px\" \/><\/figure>\n<\/details>\n\n\n\n<details class=\"wp-block-details is-layout-flow wp-block-details-is-layout-flow\"><summary>2. Du <em>Comic strip<\/em> au livre<\/summary>\n<p>D\u00e8s les ann\u00e9es&nbsp;1930, Hachette publie r\u00e9guli\u00e8rement des livres de bande dessin\u00e9e int\u00e9gr\u00e9s \u00e0 son catalogue d\u2019ouvrages destin\u00e9s aux enfants. Le mat\u00e9riel provient essentiellement des \u00c9tats-Unis, o\u00f9 la bande dessin\u00e9e para\u00eet dans la presse, sous forme de strips quotidiens ou de grandes <em>Sunday pages<\/em>. Le passage au livre implique un travail d\u2019adaptation. En France, l\u2019album \u00ab\u2009\u00e0 la Tintin\u2009\u00bb n\u2019est pas encore un standard et Hachette multiplie les formats au cas par cas. Les bulles de <em>Mickey<\/em> sont supprim\u00e9es, les strips r\u00e9arrang\u00e9s dans des albums cartonn\u00e9s. Parfois, comme dans <em>Agent secret&nbsp;X-9<\/em>, les cases sont dilu\u00e9es dans un texte continu et prennent ainsi un statut illustratif.<\/p>\n\n\n\n<figure class=\"wp-block-image size-full\"><img alt=\"\" loading=\"lazy\" decoding=\"async\" width=\"779\" height=\"782\" src=\"https:\/\/wp.unil.ch\/grebd\/files\/2023\/12\/image-9.png\" alt=\"\" class=\"wp-image-3130\" srcset=\"https:\/\/wp.unil.ch\/grebd\/files\/2023\/12\/image-9.png 779w, https:\/\/wp.unil.ch\/grebd\/files\/2023\/12\/image-9-300x300.png 300w, https:\/\/wp.unil.ch\/grebd\/files\/2023\/12\/image-9-150x150.png 150w, https:\/\/wp.unil.ch\/grebd\/files\/2023\/12\/image-9-768x771.png 768w, https:\/\/wp.unil.ch\/grebd\/files\/2023\/12\/image-9-230x230.png 230w, https:\/\/wp.unil.ch\/grebd\/files\/2023\/12\/image-9-365x365.png 365w\" sizes=\"auto, (max-width: 779px) 100vw, 779px\" \/><\/figure>\n<\/details>\n\n\n\n<details class=\"wp-block-details is-layout-flow wp-block-details-is-layout-flow\"><summary>3. Du magazine \u00e0 l\u2019album<\/summary>\n<p>Jusque dans les ann\u00e9es&nbsp;1950, les magazines illustr\u00e9s constituent le support principal pour la publication de bandes dessin\u00e9es, plus populaires que les rares et co\u00fbteux albums. Cette tendance s\u2019inverse quand des maisons d\u2019\u00e9dition d\u2019illustr\u00e9s voient dans l\u2019album une mani\u00e8re de p\u00e9renniser les \u0153uvres \u00e9ph\u00e9m\u00e8res qui paraissent dans leurs journaux. Peu \u00e0 peu, un \u00e9quilibre s\u2019installe et les magazines deviennent un lieu de pr\u00e9publication pour des aventures qui, une fois termin\u00e9es, sont compil\u00e9es en livre. Il faut alors trouver des solutions pour homog\u00e9n\u00e9iser et adapter ces r\u00e9cits, dont la longueur et le format d\u00e9pendent de contraintes li\u00e9es \u00e0 la publication de presse.<\/p>\n\n\n\n<figure class=\"wp-block-image size-large\"><img alt=\"\" loading=\"lazy\" decoding=\"async\" width=\"1024\" height=\"683\" src=\"https:\/\/wp.unil.ch\/grebd\/files\/2023\/12\/CC_EPFL_6A4A9539_credit_Artinite-photography-1024x683.jpg\" alt=\"\" class=\"wp-image-3092\" srcset=\"https:\/\/wp.unil.ch\/grebd\/files\/2023\/12\/CC_EPFL_6A4A9539_credit_Artinite-photography-1024x683.jpg 1024w, https:\/\/wp.unil.ch\/grebd\/files\/2023\/12\/CC_EPFL_6A4A9539_credit_Artinite-photography-300x200.jpg 300w, https:\/\/wp.unil.ch\/grebd\/files\/2023\/12\/CC_EPFL_6A4A9539_credit_Artinite-photography-768x512.jpg 768w, https:\/\/wp.unil.ch\/grebd\/files\/2023\/12\/CC_EPFL_6A4A9539_credit_Artinite-photography-1536x1025.jpg 1536w, https:\/\/wp.unil.ch\/grebd\/files\/2023\/12\/CC_EPFL_6A4A9539_credit_Artinite-photography.jpg 1799w\" sizes=\"auto, (max-width: 1024px) 100vw, 1024px\" \/><\/figure>\n<\/details>\n\n\n\n<details class=\"wp-block-details is-layout-flow wp-block-details-is-layout-flow\"><summary>4. Des albums dans la poche<\/summary>\n<p>La bande dessin\u00e9e n\u2019a pas \u00e9chapp\u00e9 \u00e0 la vogue du livre de poche qui s\u2019\u00e9tend en Europe d\u00e8s les ann\u00e9es&nbsp;1950. Ces \u00ab\u2009pockets\u2009\u00bb connaissent d\u2019ailleurs un certain succ\u00e8s en kiosque, diffusant \u00e0 bas prix des s\u00e9ries parfois sulfureuses, destin\u00e9es \u00e0 un lectorat adulte et, surtout, con\u00e7ues pour ces formats r\u00e9duits. D\u2019autres tentatives \u00e9ditoriales entendent, quant \u00e0 elles, adapter des \u0153uvres \u00e0 succ\u00e8s parues d\u2019abord en album, dans la m\u00eame logique que les r\u00e9\u00e9ditions d\u2019\u0153uvres litt\u00e9raires, qui ont transform\u00e9 le march\u00e9 du livre. Les dimensions r\u00e9duites des livres de poche invitent les maisons d\u2019\u00e9dition, souvent frileuses \u00e0 l\u2019id\u00e9e de r\u00e9duire la taille des cases, \u00e0 de laborieux remontages des planches.<\/p>\n\n\n\n<figure class=\"wp-block-image size-full\"><img alt=\"\" loading=\"lazy\" decoding=\"async\" width=\"727\" height=\"785\" src=\"https:\/\/wp.unil.ch\/grebd\/files\/2023\/12\/image-11.png\" alt=\"\" class=\"wp-image-3132\" srcset=\"https:\/\/wp.unil.ch\/grebd\/files\/2023\/12\/image-11.png 727w, https:\/\/wp.unil.ch\/grebd\/files\/2023\/12\/image-11-278x300.png 278w\" sizes=\"auto, (max-width: 727px) 100vw, 727px\" \/><\/figure>\n<\/details>\n\n\n\n<details class=\"wp-block-details is-layout-flow wp-block-details-is-layout-flow\"><summary>5. Lire des albums sur ordinateur multim\u00e9dia<\/summary>\n<p>Dans la seconde moiti\u00e9 des ann\u00e9es&nbsp;1990, la plupart des foyers sont \u00e9quip\u00e9s d\u2019un ordinateur. Les innovations de la d\u00e9cennie permettent d\u2019afficher des images de plus en plus pr\u00e9cises et dans de larges gammes de couleurs. La qualit\u00e9 du son s\u2019affine et restitue fid\u00e8lement musiques, bruits et voix. Le CD-ROM, plus performant que les anciennes disquettes, permet alors d\u2019embarquer des logiciels dont l\u2019aspect et le fonctionnement paraissent spectaculaires. Ces progr\u00e8s techniques stimulent des maisons d\u2019\u00e9dition, qui per\u00e7oivent dans le \u00ab\u2009multim\u00e9dia\u2009\u00bb de nouveaux potentiels pour lire des bandes dessin\u00e9es, en mobilisant du son, des images anim\u00e9es et les m\u00e9canismes de l\u2019interactivit\u00e9.<\/p>\n\n\n\n<figure class=\"wp-block-image size-full\"><img alt=\"\" loading=\"lazy\" decoding=\"async\" width=\"816\" height=\"816\" src=\"https:\/\/wp.unil.ch\/grebd\/files\/2023\/12\/image-7.png\" alt=\"\" class=\"wp-image-3122\" srcset=\"https:\/\/wp.unil.ch\/grebd\/files\/2023\/12\/image-7.png 816w, https:\/\/wp.unil.ch\/grebd\/files\/2023\/12\/image-7-300x300.png 300w, https:\/\/wp.unil.ch\/grebd\/files\/2023\/12\/image-7-150x150.png 150w, https:\/\/wp.unil.ch\/grebd\/files\/2023\/12\/image-7-768x768.png 768w, https:\/\/wp.unil.ch\/grebd\/files\/2023\/12\/image-7-230x230.png 230w, https:\/\/wp.unil.ch\/grebd\/files\/2023\/12\/image-7-365x365.png 365w\" sizes=\"auto, (max-width: 816px) 100vw, 816px\" \/><\/figure>\n<\/details>\n\n\n\n<details class=\"wp-block-details is-layout-flow wp-block-details-is-layout-flow\"><summary>6. De l\u2019album aux \u00e9crans<\/summary>\n<p>La d\u00e9mocratisation de l\u2019Internet \u00e0 haut d\u00e9bit dans les ann\u00e9es 2000 a encourag\u00e9 la republication en ligne d\u2019albums de bande dessin\u00e9e num\u00e9ris\u00e9s. Une offre de ce type \u00e9merge, mais reste modeste jusque dans les ann\u00e9es 2010 o\u00f9 une offre cons\u00e9quente \u00e9merge. Le principal d\u00e9fi technique est alors de proposer une interface de lecture qui puisse s\u2019adapter \u00e0 la diversit\u00e9 des formats d\u2019\u00e9crans qui s\u2019est multipli\u00e9e depuis l\u2019arriv\u00e9e des smartphones, puis des tablettes tactiles. L\u2019application pour iPhone Ave!Comics est la premi\u00e8re du genre en 2008. Une ann\u00e9e plus tard, le portail digiBidi appara\u00eet sur le Web. Izneo se lance en 2010, suivi en 2013 par ComiXology puis Sequencity en 2014. Le march\u00e9 n\u2019est cependant pas stable et seul Izneo est aujourd\u2019hui encore actif et compl\u00e8tement accessible.<\/p>\n\n\n\n<figure class=\"wp-block-image size-full\"><img alt=\"\" loading=\"lazy\" decoding=\"async\" width=\"779\" height=\"790\" src=\"https:\/\/wp.unil.ch\/grebd\/files\/2023\/12\/image-8.png\" alt=\"\" class=\"wp-image-3128\" srcset=\"https:\/\/wp.unil.ch\/grebd\/files\/2023\/12\/image-8.png 779w, https:\/\/wp.unil.ch\/grebd\/files\/2023\/12\/image-8-296x300.png 296w, https:\/\/wp.unil.ch\/grebd\/files\/2023\/12\/image-8-768x779.png 768w\" sizes=\"auto, (max-width: 779px) 100vw, 779px\" \/><\/figure>\n<\/details>\n\n\n\n<details class=\"wp-block-details is-layout-flow wp-block-details-is-layout-flow\"><summary>7. Le retour aux livres <\/summary>\n<p>Les premiers \u00ab\u2009blogs BD\u2009\u00bb francophones apparaissent au milieu des ann\u00e9es&nbsp;2000, suivis par une deuxi\u00e8me vague sur les r\u00e9seaux sociaux, notamment Instagram qui devient le support num\u00e9rique principal d\u00e8s les ann\u00e9es&nbsp;2010. Les structures \u00e9ditoriales s\u2019emparent rapidement du ph\u00e9nom\u00e8ne, multipliant les adaptations au point que les formats num\u00e9riques fonctionnent parfois comme des supports de pr\u00e9publication. En Europe francophone, la place centrale du livre dans l\u2019identit\u00e9 culturelle de la bande dessin\u00e9e se manifeste dans le ph\u00e9nom\u00e8ne r\u00e9cent des webtoons, qui connaissent r\u00e9guli\u00e8rement un prolongement en librairie.<\/p>\n\n\n\n<figure class=\"wp-block-image size-large\"><img alt=\"\" loading=\"lazy\" decoding=\"async\" width=\"986\" height=\"986\" src=\"https:\/\/wp.unil.ch\/grebd\/files\/2023\/12\/CC_EPFL_6A4A0640_credit_Artinite-photography-edited.jpg\" alt=\"\" class=\"wp-image-3133\" srcset=\"https:\/\/wp.unil.ch\/grebd\/files\/2023\/12\/CC_EPFL_6A4A0640_credit_Artinite-photography-edited.jpg 986w, https:\/\/wp.unil.ch\/grebd\/files\/2023\/12\/CC_EPFL_6A4A0640_credit_Artinite-photography-edited-300x300.jpg 300w, https:\/\/wp.unil.ch\/grebd\/files\/2023\/12\/CC_EPFL_6A4A0640_credit_Artinite-photography-edited-150x150.jpg 150w, https:\/\/wp.unil.ch\/grebd\/files\/2023\/12\/CC_EPFL_6A4A0640_credit_Artinite-photography-edited-768x768.jpg 768w, https:\/\/wp.unil.ch\/grebd\/files\/2023\/12\/CC_EPFL_6A4A0640_credit_Artinite-photography-edited-230x230.jpg 230w, https:\/\/wp.unil.ch\/grebd\/files\/2023\/12\/CC_EPFL_6A4A0640_credit_Artinite-photography-edited-365x365.jpg 365w\" sizes=\"auto, (max-width: 986px) 100vw, 986px\" \/><\/figure>\n<\/details>\n\n\n\n<details class=\"wp-block-details is-layout-flow wp-block-details-is-layout-flow\"><summary>8. Vaillant deux point z\u00e9ro<\/summary>\n<p>En octobre 2022, un workshop d\u2019une semaine s\u2019est tenu \u00e0 l\u2019\u00c9cole sup\u00e9rieure de bande dessin\u00e9e et d\u2019illustration, \u00e0 Gen\u00e8ve. L\u2019enjeu \u00e9tait de confronter les outils \u00e9labor\u00e9s par les chercheur\u00b7reuses de l\u2019EPFL aux pratiques de cr\u00e9ation. L\u2019exercice \u00e9tait le suivant\u2009: deux s\u00e9ries ont \u00e9t\u00e9 choisies dans le sommaire du p\u00e9riodique <em>Vaillant<\/em>. Le journal, qui para\u00eet de 1945 \u00e0 1968, est proche du Parti communiste fran\u00e7ais. Il propose des s\u00e9ries \u00e0 l\u2019id\u00e9ologie souvent marqu\u00e9e tout en respectant une moralit\u00e9 irr\u00e9prochable afin d\u2019\u00e9chapper \u00e0 la censure qui menace les publications pour la jeunesse. Les \u00e9l\u00e9ments graphiques d\u2019une s\u00e9lection de pages ont ensuite \u00e9t\u00e9 isol\u00e9es pour constituer un r\u00e9pertoire de figures. Les \u00e9tudiant-e-s avaient alors la possibilit\u00e9 de puiser dans ce r\u00e9pertoire pour proposer des reprises de ces s\u00e9ries. Entre appropriation sauvage, d\u00e9tournement de la commande, r\u00e9actualisation ou mise \u00e0 jour du contexte politique, les r\u00e9sultats ont couvert une large part des possibilit\u00e9s de la reprise en bande dessin\u00e9e.<\/p>\n\n\n\n<figure class=\"wp-block-image size-full\"><img alt=\"\" loading=\"lazy\" decoding=\"async\" width=\"640\" height=\"480\" src=\"https:\/\/wp.unil.ch\/grebd\/files\/2023\/12\/image2.jpeg\" alt=\"\" class=\"wp-image-3089\" srcset=\"https:\/\/wp.unil.ch\/grebd\/files\/2023\/12\/image2.jpeg 640w, https:\/\/wp.unil.ch\/grebd\/files\/2023\/12\/image2-300x225.jpeg 300w\" sizes=\"auto, (max-width: 640px) 100vw, 640px\" \/><\/figure>\n<\/details>\n\n\n\n<details class=\"wp-block-details is-layout-flow wp-block-details-is-layout-flow\"><summary>9. Invitation \u00e0 la lecture<br><\/summary>\n<p>Dans cet espace de consultation con\u00e7u comme une biblioth\u00e8que, la bande dessin\u00e9e se pr\u00e9sente sous toutes ses formes. De l\u2019album cartonn\u00e9 aux journaux illustr\u00e9s, du manga japonais au <em>comic book<\/em> am\u00e9ricain, des bandes dessin\u00e9es de poche transport\u00e9es sans m\u00e9nagement aux ouvrages luxueux qu\u2019on ose \u00e0 peine feuilleter, chaque format offre une exp\u00e9rience sensorielle et une lecture diff\u00e9rente. Libre \u00e0 vous de les manipuler (avec soin) et de les appr\u00e9cier\u2009!<\/p>\n\n\n\n<figure class=\"wp-block-image size-full\"><img alt=\"\" loading=\"lazy\" decoding=\"async\" width=\"640\" height=\"480\" src=\"https:\/\/wp.unil.ch\/grebd\/files\/2023\/12\/image1.jpeg\" alt=\"\" class=\"wp-image-3088\" srcset=\"https:\/\/wp.unil.ch\/grebd\/files\/2023\/12\/image1.jpeg 640w, https:\/\/wp.unil.ch\/grebd\/files\/2023\/12\/image1-300x225.jpeg 300w\" sizes=\"auto, (max-width: 640px) 100vw, 640px\" \/><\/figure>\n<\/details>\n","protected":false},"excerpt":{"rendered":"<p>Exposition au pavillon A de l\u2019EPFL, du 9 novembre 2023 au 7 janvier 2024 du mardi au dimanche de 11h \u00e0 18h La bande dessin\u00e9e est intimement li\u00e9e \u00e0 ses formats de publication. Dans une pleine page en couleur d\u2019un<\/p>\n","protected":false},"author":1001512,"featured_media":0,"parent":0,"menu_order":0,"comment_status":"closed","ping_status":"closed","template":"","meta":{"_seopress_robots_primary_cat":"","_seopress_titles_title":"","_seopress_titles_desc":"","_seopress_robots_index":"","ngg_post_thumbnail":0,"footnotes":""},"class_list":["post-3085","page","type-page","status-publish"],"_links":{"self":[{"href":"https:\/\/wp.unil.ch\/grebd\/wp-json\/wp\/v2\/pages\/3085","targetHints":{"allow":["GET"]}}],"collection":[{"href":"https:\/\/wp.unil.ch\/grebd\/wp-json\/wp\/v2\/pages"}],"about":[{"href":"https:\/\/wp.unil.ch\/grebd\/wp-json\/wp\/v2\/types\/page"}],"author":[{"embeddable":true,"href":"https:\/\/wp.unil.ch\/grebd\/wp-json\/wp\/v2\/users\/1001512"}],"replies":[{"embeddable":true,"href":"https:\/\/wp.unil.ch\/grebd\/wp-json\/wp\/v2\/comments?post=3085"}],"version-history":[{"count":5,"href":"https:\/\/wp.unil.ch\/grebd\/wp-json\/wp\/v2\/pages\/3085\/revisions"}],"predecessor-version":[{"id":3138,"href":"https:\/\/wp.unil.ch\/grebd\/wp-json\/wp\/v2\/pages\/3085\/revisions\/3138"}],"wp:attachment":[{"href":"https:\/\/wp.unil.ch\/grebd\/wp-json\/wp\/v2\/media?parent=3085"}],"curies":[{"name":"wp","href":"https:\/\/api.w.org\/{rel}","templated":true}]}}