{"id":2712,"date":"2022-07-12T08:54:37","date_gmt":"2022-07-12T06:54:37","guid":{"rendered":"https:\/\/wp.unil.ch\/grebd\/?page_id=2712"},"modified":"2024-11-26T13:05:33","modified_gmt":"2024-11-26T12:05:33","slug":"videos","status":"publish","type":"page","link":"https:\/\/wp.unil.ch\/grebd\/videos\/","title":{"rendered":"Vid\u00e9os p\u00e9dagogiques"},"content":{"rendered":"\n<p>Rapha\u00ebl Baroni et Gaspard Turin \u00ab\u00a0<a rel=\"noreferrer noopener\" href=\"https:\/\/youtu.be\/FpUUz_1nTLI\" data-type=\"URL\" data-id=\"https:\/\/youtu.be\/FpUUz_1nTLI\" target=\"_blank\">Peut-on enseigner la bande dessin\u00e9e comme on enseigne la litt\u00e9rature?<\/a>\u00a0\u00bb (9\/9\/2022). Capsule vid\u00e9o tourn\u00e9e pour <a href=\"https:\/\/wp.unil.ch\/labelettres\/enseigner-la-bande-dessinee-comme-de-la-litterature\/\">Labelettres<\/a>, en lien avec la publication d&rsquo;un num\u00e9ro double dans la revue <em><a href=\"https:\/\/www.transpositio.org\/\" data-type=\"URL\" data-id=\"https:\/\/www.transpositio.org\/\">Transpositio<\/a><\/em>.<\/p>\n\n\n\n<p>Rapha\u00ebl Baroni et Christophe Ronveaux \u00ab\u00a0<a rel=\"noreferrer noopener\" href=\"https:\/\/edu.ge.ch\/site\/archiprod\/la-bande-dessinee-comment-ca-marche\/?fbclid=IwAR3MvRvM2GrcfJs6mFpvL0iQyIOxxSkM9X6OesbacFq9sp2pOjIrSYXIkAc\" target=\"_blank\">La bande dessin\u00e9e comment \u00e7a marche?<\/a>\u00a0\u00bb (24\/01\/2022). Capsule vid\u00e9o tourn\u00e9e \u00e0 la librairie Papier Gras \u00e0 Gen\u00e8ve pour le Service Ecole-M\u00e9dias (SEM), r\u00e9alisation ARCHIPROD.<\/p>\n\n\n\n<p>Alain Corbellari, \u00ab\u00a0<a rel=\"noreferrer noopener\" href=\"https:\/\/www.youtube.com\/watch?v=3LePAgdB3z8&amp;t=2s\" target=\"_blank\">La bande dessin\u00e9e \u00e0&nbsp;la recherche du Moyen \u00c2ge<\/a>\u00a0\u00bb  (23\/11\/2015). Conf\u00e9rence \u00e0 l\u2019\u00c9cole des chartes, Paris.<\/p>\n","protected":false},"excerpt":{"rendered":"<p>Rapha\u00ebl Baroni et Gaspard Turin \u00ab\u00a0Peut-on enseigner la bande dessin\u00e9e comme on enseigne la litt\u00e9rature?\u00a0\u00bb (9\/9\/2022). Capsule vid\u00e9o tourn\u00e9e pour Labelettres, en lien avec la publication d&rsquo;un num\u00e9ro double dans la revue Transpositio. Rapha\u00ebl Baroni et Christophe Ronveaux \u00ab\u00a0La bande<\/p>\n","protected":false},"author":1001512,"featured_media":0,"parent":0,"menu_order":0,"comment_status":"closed","ping_status":"closed","template":"","meta":{"_seopress_robots_primary_cat":"","_seopress_titles_title":"","_seopress_titles_desc":"","_seopress_robots_index":"","ngg_post_thumbnail":0,"footnotes":""},"class_list":["post-2712","page","type-page","status-publish"],"_links":{"self":[{"href":"https:\/\/wp.unil.ch\/grebd\/wp-json\/wp\/v2\/pages\/2712","targetHints":{"allow":["GET"]}}],"collection":[{"href":"https:\/\/wp.unil.ch\/grebd\/wp-json\/wp\/v2\/pages"}],"about":[{"href":"https:\/\/wp.unil.ch\/grebd\/wp-json\/wp\/v2\/types\/page"}],"author":[{"embeddable":true,"href":"https:\/\/wp.unil.ch\/grebd\/wp-json\/wp\/v2\/users\/1001512"}],"replies":[{"embeddable":true,"href":"https:\/\/wp.unil.ch\/grebd\/wp-json\/wp\/v2\/comments?post=2712"}],"version-history":[{"count":2,"href":"https:\/\/wp.unil.ch\/grebd\/wp-json\/wp\/v2\/pages\/2712\/revisions"}],"predecessor-version":[{"id":3286,"href":"https:\/\/wp.unil.ch\/grebd\/wp-json\/wp\/v2\/pages\/2712\/revisions\/3286"}],"wp:attachment":[{"href":"https:\/\/wp.unil.ch\/grebd\/wp-json\/wp\/v2\/media?parent=2712"}],"curies":[{"name":"wp","href":"https:\/\/api.w.org\/{rel}","templated":true}]}}