{"id":2393,"date":"2022-01-17T11:18:56","date_gmt":"2022-01-17T10:18:56","guid":{"rendered":"https:\/\/wp.unil.ch\/grebd\/?page_id=2393"},"modified":"2022-05-31T14:10:27","modified_gmt":"2022-05-31T12:10:27","slug":"recherche-doctorale-bd-unil","status":"publish","type":"page","link":"https:\/\/wp.unil.ch\/grebd\/recherche\/colloques\/recherche-doctorale-bd-unil\/","title":{"rendered":"La recherche doctorale sur la bande dessin\u00e9e \u00e0 l&rsquo;Universit\u00e9 de Lausanne"},"content":{"rendered":"\n<h5 class=\"wp-block-heading\">Universit\u00e9 de Lausanne, mardi 7 juin, Internef 231<\/h5>\n\n\n\n<div class=\"wp-block-columns is-layout-flex wp-container-core-columns-is-layout-9d6595d7 wp-block-columns-is-layout-flex\">\n<div class=\"wp-block-column is-layout-flow wp-block-column-is-layout-flow\">\n<figure class=\"wp-block-image size-large is-style-default\"><img alt=\"\" loading=\"lazy\" decoding=\"async\" width=\"724\" height=\"1024\" src=\"https:\/\/wp.unil.ch\/grebd\/files\/2022\/05\/insta_Plan-de-travail-1-1-724x1024.png\" alt=\"\" class=\"wp-image-2588\" srcset=\"https:\/\/wp.unil.ch\/grebd\/files\/2022\/05\/insta_Plan-de-travail-1-1-724x1024.png 724w, https:\/\/wp.unil.ch\/grebd\/files\/2022\/05\/insta_Plan-de-travail-1-1-212x300.png 212w, https:\/\/wp.unil.ch\/grebd\/files\/2022\/05\/insta_Plan-de-travail-1-1-768x1087.png 768w, https:\/\/wp.unil.ch\/grebd\/files\/2022\/05\/insta_Plan-de-travail-1-1.png 1060w\" sizes=\"auto, (max-width: 724px) 100vw, 724px\" \/><figcaption>\u00a9 Olivier Stucky, 2022<\/figcaption><\/figure>\n<\/div>\n\n\n\n<div class=\"wp-block-column is-layout-flow wp-block-column-is-layout-flow\">\n<h5 class=\"wp-block-heading\">Pr\u00e9sentation de la journ\u00e9e d&rsquo;\u00e9tude<\/h5>\n\n\n\n<p>Dans le cadre du s\u00e9minaire organis\u00e9 par l\u2019Association internationale des chercheur\u00b7euses en litt\u00e9rature populaire et culture m\u00e9diatique (<a href=\"https:\/\/lpcm.hypotheses.org\/\">LPCM<\/a>), en partenariat avec le Groupe d\u2019\u00c9tude sur la Bande Dessin\u00e9e (<a href=\"https:\/\/wp.unil.ch\/grebd\/\">GrEBD<\/a>) et avec le soutien de la Formation doctorale interdisciplinaire de la Facult\u00e9 des lettres (<a href=\"https:\/\/www.unil.ch\/fdi\/fr\/home.html\">FDi<\/a>), une journ\u00e9e d\u2019\u00e9tude se tiendra le mardi 7 juin 2022 visant \u00e0 r\u00e9unir les doctorant\u00b7es de l\u2019Universit\u00e9 de Lausanne dont la recherche porte sur, ou inclut, la bande dessin\u00e9e.<\/p>\n\n\n\n<p>Le s\u00e9minaire annuel organis\u00e9 par la LPCM, qui encadrera la r\u00e9flexion de cette journ\u00e9e, invite les contributeur\u00b7ices \u00e0 s\u2019interroger sur les outils et les m\u00e9thodes impliqu\u00e9es dans l\u2019analyse des ph\u00e9nom\u00e8nes caract\u00e9ristiques de la production et de la r\u00e9ception des litt\u00e9ratures populaires et de la culture m\u00e9diatique. Cet accent port\u00e9 sur la r\u00e9flexivit\u00e9 m\u00e9thodologique trouve toute sa place dans le cas des recherches doctorales sur la bande dessin\u00e9e. Dans un contexte institutionnel o\u00f9 l\u2019histoire et la th\u00e9orie du m\u00e9dium ne font pas l\u2019objet d\u2019un cursus disciplinaire sp\u00e9cifique, l\u2019engagement et la poursuite d\u2019une th\u00e8se de doctorat concernant un tel objet implique des enjeux \u00e9pist\u00e9mologiques, historiographiques et, plus largement, m\u00e9thodologiques dont l\u2019occasion de d\u00e9battre n\u2019est que trop rarement donn\u00e9e.<\/p>\n\n\n\n<h5 class=\"wp-block-heading\">Organisation et information pratiques<\/h5>\n\n\n\n<p>Cette journ\u00e9e d&rsquo;\u00e9tude est organis\u00e9e dans le cadre du projet de recherche Sinergia \u00ab&nbsp;Reconfiguring Comics in Our Digital Era&nbsp;\u00bb, financ\u00e9 par le FNS: CRSII5_180359. Elle a \u00e9galement obtenu un soutien financier de la Formation doctorale interdisciplinaire de la Facult\u00e9 des lettres (<a href=\"https:\/\/www.unil.ch\/fdi\/fr\/home.html\">FDi<\/a>).<\/p>\n\n\n\n<p><strong>Organisateur\u00b7ice\u00b7s:<\/strong> Rapha\u00ebl Baroni, Justine Favre, Ga\u00eblle Kovaliv, Camille Schaer et Olivier Stucky<\/p>\n\n\n\n<p>Les conf\u00e9rences seront retransmises sur Microsoft Teams sur invitation. Les acc\u00e8s peuvent \u00eatre obtenus en contactant le comit\u00e9 d&rsquo;organisation des s\u00e9minaires de recherche de la LPCM: <a rel=\"noreferrer noopener\" href=\"mailto:atelierlpcm@protonmail.com\" target=\"_blank\">atelierlpcm@protonmail.com<\/a><\/p>\n<\/div>\n<\/div>\n\n\n\n<h5 class=\"wp-block-heading\">Programme<\/h5>\n\n\n\n<p><strong>Mardi 07.06 \u2013 B\u00e2timent Internef, Salle 231<\/strong><\/p>\n\n\n\n<figure class=\"wp-block-table\"><table><tbody><tr><td>09:00<\/td><td>Accueil des participants<\/td><\/tr><tr><td>09:30<\/td><td>Introduction<br>\u2014 Rapha\u00ebl Baroni<\/td><\/tr><tr><td>10:00<\/td><td>La bande dessin\u00e9e en reconfigurations: enjeux et probl\u00e8mes d&rsquo;une approche historico-th\u00e9oriques<br>\u2014 Olivier Stucky<\/td><\/tr><tr><td>11:00<\/td><td>Usages de la couleur dans la presse de bande dessin\u00e9e en France (1945-1953): un faisceau de d\u00e9terminations complexe<br>\u2014 Rapha\u00ebl Oesterl\u00e9<\/td><\/tr><tr><td>13:30<\/td><td>Enqu\u00eater les trajectoires des auteurices de bande dessin\u00e9e: les d\u00e9fis d&rsquo;une recherche sociologique<br>\u2014 Ma\u00eblys Tirehote-Corbin<\/td><\/tr><tr><td>14:30<\/td><td>\u00c9tudier l&rsquo;art ultra-contemporain: le cas de la bande dessin\u00e9e nativement num\u00e9rique<br>\u2014 Ga\u00eblle Kovaliv<\/td><\/tr><tr><td>16:00<\/td><td>Didactiser la bande dessin\u00e9e en fran\u00e7ais langue \u00e9trang\u00e8re<br>\u2014 Justine Favre<\/td><\/tr><tr><td>17:00<\/td><td>Enseigner la litt\u00e9ratie m\u00e9diatique multimodale avec la bande dessin\u00e9e<br>\u2014 Camille Schaer<\/td><\/tr><\/tbody><\/table><\/figure>\n\n\n\n<p><\/p>\n","protected":false},"excerpt":{"rendered":"<p>Universit\u00e9 de Lausanne, mardi 7 juin, Internef 231 Pr\u00e9sentation de la journ\u00e9e d&rsquo;\u00e9tude Dans le cadre du s\u00e9minaire organis\u00e9 par l\u2019Association internationale des chercheur\u00b7euses en litt\u00e9rature populaire et culture m\u00e9diatique (LPCM), en partenariat avec le Groupe d\u2019\u00c9tude sur la Bande<\/p>\n","protected":false},"author":1480,"featured_media":0,"parent":67,"menu_order":0,"comment_status":"closed","ping_status":"closed","template":"","meta":{"_seopress_robots_primary_cat":"","_seopress_titles_title":"","_seopress_titles_desc":"","_seopress_robots_index":"","ngg_post_thumbnail":0,"footnotes":""},"class_list":["post-2393","page","type-page","status-publish"],"_links":{"self":[{"href":"https:\/\/wp.unil.ch\/grebd\/wp-json\/wp\/v2\/pages\/2393","targetHints":{"allow":["GET"]}}],"collection":[{"href":"https:\/\/wp.unil.ch\/grebd\/wp-json\/wp\/v2\/pages"}],"about":[{"href":"https:\/\/wp.unil.ch\/grebd\/wp-json\/wp\/v2\/types\/page"}],"author":[{"embeddable":true,"href":"https:\/\/wp.unil.ch\/grebd\/wp-json\/wp\/v2\/users\/1480"}],"replies":[{"embeddable":true,"href":"https:\/\/wp.unil.ch\/grebd\/wp-json\/wp\/v2\/comments?post=2393"}],"version-history":[{"count":0,"href":"https:\/\/wp.unil.ch\/grebd\/wp-json\/wp\/v2\/pages\/2393\/revisions"}],"up":[{"embeddable":true,"href":"https:\/\/wp.unil.ch\/grebd\/wp-json\/wp\/v2\/pages\/67"}],"wp:attachment":[{"href":"https:\/\/wp.unil.ch\/grebd\/wp-json\/wp\/v2\/media?parent=2393"}],"curies":[{"name":"wp","href":"https:\/\/api.w.org\/{rel}","templated":true}]}}