{"id":2004,"date":"2021-07-06T10:55:31","date_gmt":"2021-07-06T08:55:31","guid":{"rendered":"https:\/\/wp.unil.ch\/grebd\/?page_id=2004"},"modified":"2024-11-26T12:48:20","modified_gmt":"2024-11-26T11:48:20","slug":"mediation","status":"publish","type":"page","link":"https:\/\/wp.unil.ch\/grebd\/mediation\/","title":{"rendered":"M\u00e9diation"},"content":{"rendered":"\n<p><a href=\"https:\/\/wp.unil.ch\/grebd\/enseignement\/ressources-pedagogiques\/\">Ressources p\u00e9dagogiques<\/a><\/p>\n\n\n\n<p><a href=\"https:\/\/wp.unil.ch\/grebd\/mediation\/activites-de-mediation\/\">Activit\u00e9s de m\u00e9diation<\/a><\/p>\n\n\n\n<p><a href=\"https:\/\/wp.unil.ch\/grebd\/mediation\/expositions-du-grebd\/\">Expositions<\/a><\/p>\n\n\n\n<p><a href=\"https:\/\/wp.unil.ch\/grebd\/mediation\/invitations\/\">Invitations et tables rondes<\/a><\/p>\n","protected":false},"excerpt":{"rendered":"<p>Ressources p\u00e9dagogiques Activit\u00e9s de m\u00e9diation Expositions Invitations et tables rondes<\/p>\n","protected":false},"author":1480,"featured_media":0,"parent":0,"menu_order":0,"comment_status":"closed","ping_status":"closed","template":"","meta":{"_seopress_robots_primary_cat":"","_seopress_titles_title":"","_seopress_titles_desc":"","_seopress_robots_index":"","ngg_post_thumbnail":0,"footnotes":""},"class_list":["post-2004","page","type-page","status-publish"],"_links":{"self":[{"href":"https:\/\/wp.unil.ch\/grebd\/wp-json\/wp\/v2\/pages\/2004","targetHints":{"allow":["GET"]}}],"collection":[{"href":"https:\/\/wp.unil.ch\/grebd\/wp-json\/wp\/v2\/pages"}],"about":[{"href":"https:\/\/wp.unil.ch\/grebd\/wp-json\/wp\/v2\/types\/page"}],"author":[{"embeddable":true,"href":"https:\/\/wp.unil.ch\/grebd\/wp-json\/wp\/v2\/users\/1480"}],"replies":[{"embeddable":true,"href":"https:\/\/wp.unil.ch\/grebd\/wp-json\/wp\/v2\/comments?post=2004"}],"version-history":[{"count":2,"href":"https:\/\/wp.unil.ch\/grebd\/wp-json\/wp\/v2\/pages\/2004\/revisions"}],"predecessor-version":[{"id":3284,"href":"https:\/\/wp.unil.ch\/grebd\/wp-json\/wp\/v2\/pages\/2004\/revisions\/3284"}],"wp:attachment":[{"href":"https:\/\/wp.unil.ch\/grebd\/wp-json\/wp\/v2\/media?parent=2004"}],"curies":[{"name":"wp","href":"https:\/\/api.w.org\/{rel}","templated":true}]}}