{"id":1990,"date":"2021-07-06T09:24:14","date_gmt":"2021-07-06T07:24:14","guid":{"rendered":"https:\/\/wp.unil.ch\/grebd\/?page_id=1990"},"modified":"2022-08-08T18:02:10","modified_gmt":"2022-08-08T16:02:10","slug":"memoires","status":"publish","type":"page","link":"https:\/\/wp.unil.ch\/grebd\/enseignement\/memoires\/","title":{"rendered":"M\u00e9moires"},"content":{"rendered":"\n<p>Cette page r\u00e9pertorie les diff\u00e9rents m\u00e9moires de Master ainsi que les enseignant\u00b7e\u00b7s dispos\u00e9\u00b7e\u00b7s \u00e0 diriger des recherches dans ce cadre.<\/p>\n\n\n\n<div style=\"height:30px\" aria-hidden=\"true\" class=\"wp-block-spacer\"><\/div>\n\n\n\n<h5 class=\"wp-block-heading\">M\u00e9moires d\u00e9fendus<\/h5>\n\n\n\n<p>Desarzens, G\u00e9raldine, <em>De la case au cadre: comment exposer la bande dessin\u00e9e- Analyse de l&rsquo;\u00e9dition BDFIL 2019<\/em>, C. Murgia &amp; R. Baroni (dir.), \u00c9t\u00e9 2022.<\/p>\n\n\n\n<p>Seppey, Basile, <em>A la lettre: lettrage et narration dans la\u00a0\u00ab\u00a0<em>Salammb\u00f4<\/em>\u00a0\u00bb\u00a0de Druillet<\/em>, Section de fran\u00e7ais, A. Corbellari (dir.), \u00c9t\u00e9 2021.<\/p>\n\n\n\n<p>Scyboz, M\u00e9lanie, <em>\u00ab\u00a0Tristan &amp; Yseult\u00a0\u00bb d&rsquo;Agn\u00e8s Maupr\u00e9 et Singeon : \u00e9tudier une adaptation en bande dessin\u00e9e au gymnase<\/em>, Section de fran\u00e7ais, B. Wahlen (dir.), \u00c9t\u00e9 2020.<\/p>\n\n\n\n<p>B\u00e9guin, Sophie, <em>Bande dessin\u00e9e et enseignement. Les adaptations des classiques en classe de litt\u00e9rature : prescriptions, pratiques et enjeux<\/em>, Section de fran\u00e7ais, R. Baroni (dir.), \u00c9t\u00e9 2020.<\/p>\n\n\n\n<p>Weber, Laura, <em>Noir et blanc et l\u00e9gitimation de la bande dessin\u00e9e. Le cas du magazine de bande dessin\u00e9e<\/em> (A suivre)<em> (1978-1997)<\/em>, Section d&rsquo;histoire de l&rsquo;art, Ph. Kaenel &amp; R. Baroni (dir.), \u00c9t\u00e9 2019.<\/p>\n\n\n\n<p>Rapaz, Julien, <em>Manga et Histoire en francophonie (2009-2018) : un ph\u00e9nom\u00e8ne en expansion<\/em>, Section d&rsquo;Histoire, F. Vallotton (dir.), Hiver 2019.<\/p>\n\n\n\n<p>Antognini, Lorenza, <em>Bande dessin\u00e9e et\/ou livre d&rsquo;artiste: <\/em>In the Crack of the Dawn<em>, un travail interm\u00e9dial de Matt Mullican et Lawrence Weiner<\/em>, Section d&rsquo;histoire de l&rsquo;art, Ph. Kaenel (dir.), \u00c9t\u00e9 2018.<\/p>\n\n\n\n<p>Pozniak, Lucia, <em>\u00ab\u00a0A happy ending for some\u00a0\u00bb : Navigating the Fairy Tale Road with Snow White, from the Grimms&rsquo; KHM to the Comics Series Fables<\/em>, Section d&rsquo;anglais, M. Hennard Dutheil, Hiver 2018.<\/p>\n\n\n\n<p>Broye, Daniel, <em>John Constantine : The Bastard Spirit of the British Invasion in Comic-Books<\/em>, Section d&rsquo;anglais, M. Hennard Dutheil (dir), Hiver 2019.<\/p>\n\n\n\n<p>Marie Pittet, <em>Les biographies de peintres en bande dessin\u00e9e: diff\u00e9rentes strat\u00e9gies d&rsquo;insertion de l&rsquo;oeuvre d&rsquo;art picturale<\/em>, Section d&rsquo;histoire de l&rsquo;art, Kornelia Imesch Oechslin (dir.), Hiver 2018.<\/p>\n\n\n\n<p>Kovaliv, Ga\u00eblle,&nbsp;<em>\u00ab&nbsp;Et d\u00e9sormais, il ne me faut plus rien d\u2019autre que cette promenade quotidienne&nbsp;\u00bb Etude sur les incipits dans <\/em>Les Aventures de Tintin, Section de fran\u00e7ais moderne, G. Philippe &amp; R. Baroni (dir.), Automne 2017.<\/p>\n\n\n\n<p>Rey, Julien, <em>L\u2019adresse au lecteur dans la bande dessin\u00e9e autobiographique<\/em>, Section de fran\u00e7ais moderne, D. Chaperon &amp; R. Baroni (dir.), \u00c9t\u00e9 2017.<\/p>\n\n\n\n<p>Porchet, L\u00e9onore, <em>Bulle politique : bande dessin\u00e9e et politique \u00e0 Gen\u00e8ve (2013), <\/em>Section d&rsquo;histoire de l\u2019art, Ph. Kaenel (dir.), Automne 2015.<\/p>\n\n\n\n<p>Aubert, Jenny, <em>Le festival, Organe de promotion de la Bande dessin\u00e9e. Le cas du festival international BD Sierre (1984-2005)<\/em>, Section d&rsquo;histoire de l\u2019art, Ph. Kaenel (dir.), Automne 2015.<\/p>\n\n\n\n<div style=\"height:30px\" aria-hidden=\"true\" class=\"wp-block-spacer\"><\/div>\n\n\n\n<h5 class=\"wp-block-heading\">Enseignant\u00b7e\u00b7s dispos\u00e9\u00b7e\u00b7s \u00e0 diriger un m\u00e9moire sur la bande dessin\u00e9e<\/h5>\n\n\n\n<p><strong>Rapha\u00ebl Baroni<\/strong> (professeur, \u00e9cole de fran\u00e7ais langue \u00e9trang\u00e8re)<\/p>\n\n\n\n<p>Domaines d&rsquo;expertises:<\/p>\n\n\n\n<ul class=\"wp-block-list\"><li>Approche narratologique de la bande dessin\u00e9e<\/li><li>Bande dessin\u00e9e num\u00e9rique<\/li><li>Didactique de la bande dessin\u00e9e<\/li><\/ul>\n\n\n\n<p><a href=\"https:\/\/applicationspub.unil.ch\/interpub\/noauth\/php\/Un\/UnPers.php?PerNum=890408&amp;LanCode=37\" target=\"_blank\" rel=\"noreferrer noopener\">Profil sur Unisciences<\/a><\/p>\n\n\n\n<div style=\"height:10px\" aria-hidden=\"true\" class=\"wp-block-spacer\"><\/div>\n\n\n\n<p><strong>Alain Corbellari<\/strong> (professeur, section de fran\u00e7ais)<\/p>\n\n\n\n<p>Domaines d&rsquo;expertises:<\/p>\n\n\n\n<ul class=\"wp-block-list\"><li>BD m\u00e9di\u00e9valisante, et plus largement historique<\/li><li>Fantasy<\/li><li>Rapports entre les techniques de la BD et du livre manuscrit<\/li><\/ul>\n\n\n\n<p><a rel=\"noreferrer noopener\" href=\"https:\/\/applicationspub.unil.ch\/interpub\/noauth\/php\/Un\/UnPers.php?PerNum=25943&amp;LanCode=37\" target=\"_blank\">Profil sur Unisciences<\/a><\/p>\n\n\n\n<div style=\"height:10px\" aria-hidden=\"true\" class=\"wp-block-spacer\"><\/div>\n\n\n\n<p><strong>Philippe Kaenel<\/strong> (professeur, section d&rsquo;histoire de l&rsquo;art)<\/p>\n\n\n\n<p>Domaines d&rsquo;expertises:<\/p>\n\n\n\n<ul class=\"wp-block-list\"><li>Histoire culturelle<\/li><li>Histoire sociale<\/li><li>Interm\u00e9dialit\u00e9<\/li><li>Illustration<\/li><li>Satire<\/li><li>Caricature<\/li><li>Image de l\u2019artiste<\/li><li>Esth\u00e9tique<\/li><li>Beaux-arts<\/li><li>Expositions<\/li><\/ul>\n\n\n\n<p><a href=\"https:\/\/applicationspub.unil.ch\/interpub\/noauth\/php\/Un\/UnPers.php?PerNum=780721&amp;LanCode=37\" target=\"_blank\" rel=\"noreferrer noopener\">Profil sur Unisciences<\/a><\/p>\n\n\n\n<div style=\"height:10px\" aria-hidden=\"true\" class=\"wp-block-spacer\"><\/div>\n","protected":false},"excerpt":{"rendered":"<p>Cette page r\u00e9pertorie les diff\u00e9rents m\u00e9moires de Master ainsi que les enseignant\u00b7e\u00b7s dispos\u00e9\u00b7e\u00b7s \u00e0 diriger des recherches dans ce cadre. M\u00e9moires d\u00e9fendus Desarzens, G\u00e9raldine, De la case au cadre: comment exposer la bande dessin\u00e9e- Analyse de l&rsquo;\u00e9dition BDFIL 2019, C.<\/p>\n","protected":false},"author":1480,"featured_media":0,"parent":1970,"menu_order":3,"comment_status":"closed","ping_status":"closed","template":"","meta":{"_seopress_robots_primary_cat":"","_seopress_titles_title":"","_seopress_titles_desc":"","_seopress_robots_index":"","ngg_post_thumbnail":0,"footnotes":""},"class_list":["post-1990","page","type-page","status-publish"],"_links":{"self":[{"href":"https:\/\/wp.unil.ch\/grebd\/wp-json\/wp\/v2\/pages\/1990","targetHints":{"allow":["GET"]}}],"collection":[{"href":"https:\/\/wp.unil.ch\/grebd\/wp-json\/wp\/v2\/pages"}],"about":[{"href":"https:\/\/wp.unil.ch\/grebd\/wp-json\/wp\/v2\/types\/page"}],"author":[{"embeddable":true,"href":"https:\/\/wp.unil.ch\/grebd\/wp-json\/wp\/v2\/users\/1480"}],"replies":[{"embeddable":true,"href":"https:\/\/wp.unil.ch\/grebd\/wp-json\/wp\/v2\/comments?post=1990"}],"version-history":[{"count":0,"href":"https:\/\/wp.unil.ch\/grebd\/wp-json\/wp\/v2\/pages\/1990\/revisions"}],"up":[{"embeddable":true,"href":"https:\/\/wp.unil.ch\/grebd\/wp-json\/wp\/v2\/pages\/1970"}],"wp:attachment":[{"href":"https:\/\/wp.unil.ch\/grebd\/wp-json\/wp\/v2\/media?parent=1990"}],"curies":[{"name":"wp","href":"https:\/\/api.w.org\/{rel}","templated":true}]}}