{"id":8139,"date":"2022-05-05T14:11:40","date_gmt":"2022-05-05T12:11:40","guid":{"rendered":"https:\/\/wp.unil.ch\/geoblog\/?page_id=8139"},"modified":"2026-03-13T14:07:46","modified_gmt":"2026-03-13T13:07:46","slug":"revue-presse","status":"publish","type":"page","link":"https:\/\/wp.unil.ch\/geoblog\/revue-presse\/","title":{"rendered":"Revue de presse"},"content":{"rendered":"\n<div class=\"wp-block-columns is-layout-flex wp-container-core-columns-is-layout-28f84493 wp-block-columns-is-layout-flex\">\n<div class=\"wp-block-column is-layout-flow wp-block-column-is-layout-flow\" style=\"flex-basis:75%\">\n<p>Apparitions dans les m\u00e9dias, prises de position publiques de membres de la Facult\u00e9 : cette rubrique refl\u00e8te l\u2019ancrage de la Facult\u00e9 dans la Cit\u00e9 et la vie publique et ses diff\u00e9rents d\u00e9bats. Nos chercheurs s\u2019int\u00e9ressent fortement \u00e0 la vie publique et aux d\u00e9bats de soci\u00e9t\u00e9 sur des sujets parfois tr\u00e8s concrets et s\u2019y impliquent en permanence.<\/p>\n\n\n\n<p>Certaines prises de position ne sont pas directement des communications scientifiques et n\u2019engagent ainsi que leurs auteurs.<\/p>\n\n\n\n<p>D\u00e9couvrez aussi&nbsp;<a href=\"https:\/\/www.unil.ch\/igd\/dans-les-medias\">la revue de presse de l\u2019Institut de g\u00e9ographie et durabilit\u00e9.<\/a><\/p>\n<\/div>\n\n\n\n<div class=\"wp-block-column is-layout-flow wp-block-column-is-layout-flow\" style=\"flex-basis:25%\">\n<div class=\"wp-block-group has-border-color has-background has-global-padding is-layout-constrained wp-container-core-group-is-layout-c385debf wp-block-group-is-layout-constrained\" style=\"border-color:#c8c8c8;border-width:1px;border-top-left-radius:10px;border-top-right-radius:10px;border-bottom-left-radius:10px;border-bottom-right-radius:10px;background-color:#eeeeee;padding-top:var(--wp--preset--spacing--20);padding-right:var(--wp--preset--spacing--20);padding-bottom:var(--wp--preset--spacing--20);padding-left:var(--wp--preset--spacing--20)\">\n<p class=\"has-text-align-center is-style-default\" style=\"font-size:clamp(0.875rem, 0.875rem + ((1vw - 0.2rem) * 0.039), 0.9rem);\"><a href=\"https:\/\/wp.unil.ch\/geoblog\/category\/revue-de-presse\/\">Consulter les archives de la revue de presse<\/a> (2016-2021)<\/p>\n<\/div>\n<\/div>\n<\/div>\n\n\n\n<div style=\"height:20px\" aria-hidden=\"true\" class=\"wp-block-spacer\"><\/div>\n\n\n\n<div class=\"wp-block-group alignwide has-background is-layout-flow wp-block-group-is-layout-flow\" style=\"background-color:#f9fafb;padding-top:var(--wp--preset--spacing--30);padding-right:var(--wp--preset--spacing--40);padding-bottom:var(--wp--preset--spacing--30);padding-left:var(--wp--preset--spacing--40)\">\n<div style=\"height:20px\" aria-hidden=\"true\" class=\"wp-block-spacer\"><\/div>\n\n\n\n<h3 class=\"wp-block-heading\">S\u00e9lection d&rsquo;articles<\/h3>\n\n\n\n<p>Une fois par mois, notre newsletter <strong>Revue de presse<\/strong> vous transmet une s\u00e9lection d&rsquo;articles ou d&rsquo;\u00e9missions particuli\u00e8rement int\u00e9ressants.<\/p>\n\n\n\n<div class=\"wp-block-columns is-layout-flex wp-container-core-columns-is-layout-28f84493 wp-block-columns-is-layout-flex\">\n<div class=\"wp-block-column is-layout-flow wp-block-column-is-layout-flow\">\n<ul class=\"wp-block-list\">\n<li><a href=\"https:\/\/wp.unil.ch\/geoblog?mailpoet_router&amp;endpoint=view_in_browser&amp;action=view&amp;data=WzEwNiwiM2RhNjQ4YjMxN2NmIiwwLDAsNzcsMV0\">F\u00e9vrier 2026<\/a><\/li>\n\n\n\n<li><a href=\"https:\/\/wp.unil.ch\/geoblog?mailpoet_router&amp;endpoint=view_in_browser&amp;action=view&amp;data=WzEwMCwiMDkyM2U3ZmM4ZDJjIiwwLDAsNzEsMV0\">Janvier 2026<\/a><\/li>\n<\/ul>\n\n\n\n<details class=\"wp-block-details is-layout-flow wp-block-details-is-layout-flow\"><summary>2025<\/summary>\n<ul class=\"wp-block-list\">\n<li><a href=\"https:\/\/wp.unil.ch\/geoblog?mailpoet_router&amp;endpoint=view_in_browser&amp;action=view&amp;data=Wzk5LCI5MmRlYzI2ZDhjMGMiLDAsMCw2OSwxXQ\">D\u00e9cembre 2025<\/a><\/li>\n\n\n\n<li><a href=\"https:\/\/wp.unil.ch\/geoblog?mailpoet_router&amp;endpoint=view_in_browser&amp;action=view&amp;data=Wzk4LCIyNzhjODc4ZmI2NjUiLDAsMCw2OCwxXQ\">Novembre 2025<\/a><\/li>\n\n\n\n<li><a href=\"https:\/\/wp.unil.ch\/geoblog?mailpoet_router&amp;endpoint=view_in_browser&amp;action=view&amp;data=Wzk3LCIzYjZjZDBkMmVlODYiLDAsMCw2NywxXQ\">Octobre 2025<\/a><\/li>\n\n\n\n<li><a href=\"https:\/\/wp.unil.ch\/geoblog?mailpoet_router&amp;endpoint=view_in_browser&amp;action=view&amp;data=Wzk0LCIxZjg2YWYzNzRiNTgiLDAsMCw2NCwxXQ\">Septembre 2025<\/a><\/li>\n\n\n\n<li><a href=\"https:\/\/wp.unil.ch\/geoblog?mailpoet_router&amp;endpoint=view_in_browser&amp;action=view&amp;data=WzkyLCJjYWYxZjUyZmVkOTQiLDAsMCw2MywxXQ\">Juillet-ao\u00fbt 2025<\/a><\/li>\n\n\n\n<li><a href=\"https:\/\/wp.unil.ch\/geoblog?mailpoet_router&amp;endpoint=view_in_browser&amp;action=view&amp;data=WzgzLCJjYjIzODlhMjU4ODQiLDAsMCw1NywxXQ\">Juin 2025<\/a><\/li>\n\n\n\n<li><a href=\"https:\/\/wp.unil.ch\/geoblog?mailpoet_router&amp;endpoint=view_in_browser&amp;action=view&amp;data=WzgxLCIwODYzOWQ2MGZjZGUiLDAsMCw1NSwxXQ\">Mai 2025<\/a><\/li>\n\n\n\n<li><a href=\"https:\/\/wp.unil.ch\/geoblog?mailpoet_router&amp;endpoint=view_in_browser&amp;action=view&amp;data=Wzc4LCI5MDcxYWQ5MDA0ZGUiLDAsMCw1MywxXQ\">Sp\u00e9cial Blatten<\/a><\/li>\n\n\n\n<li><a href=\"https:\/\/wp.unil.ch\/geoblog?mailpoet_router&amp;endpoint=view_in_browser&amp;action=view&amp;data=WzcxLCIzZTliZTgwYTcwZTQiLDAsMCw0NywxXQ\" target=\"_blank\" rel=\"noreferrer noopener\">Avril 2025<\/a><\/li>\n\n\n\n<li><a href=\"https:\/\/wp.unil.ch\/geoblog?mailpoet_router&amp;endpoint=view_in_browser&amp;action=view&amp;data=WzcwLCI3ZWUzMTcxZDI5MDgiLDAsMCw0NiwxXQ\" target=\"_blank\" rel=\"noreferrer noopener\">Mars 2025<\/a><\/li>\n\n\n\n<li><a href=\"https:\/\/wp.unil.ch\/geoblog?mailpoet_router&amp;endpoint=view_in_browser&amp;action=view&amp;data=WzY4LCJiODVmMTAyMzc3MzQiLDAsMCw0NSwxXQ\" target=\"_blank\" rel=\"noreferrer noopener\">F\u00e9vrier 2025<\/a><\/li>\n\n\n\n<li><a href=\"https:\/\/wp.unil.ch\/geoblog?mailpoet_router&amp;endpoint=view_in_browser&amp;action=view&amp;data=WzY0LCIxM2IwMjM2NzY3MTIiLDAsMCw0MSwxXQ\" target=\"_blank\" rel=\"noreferrer noopener\">Janvier 2025<\/a><\/li>\n<\/ul>\n<\/details>\n<\/div>\n\n\n\n<div class=\"wp-block-column is-layout-flow wp-block-column-is-layout-flow\">\n<details class=\"wp-block-details is-layout-flow wp-block-details-is-layout-flow\"><summary>2024<\/summary>\n<ul class=\"wp-block-list\">\n<li><a href=\"https:\/\/wp.unil.ch\/geoblog?mailpoet_router&amp;endpoint=view_in_browser&amp;action=view&amp;data=WzYyLCIzMmZlY2YxMzUzYjgiLDAsMCw0MCwxXQ\">D\u00e9cembre 2024<\/a><\/li>\n\n\n\n<li><a href=\"https:\/\/wp.unil.ch\/geoblog?mailpoet_router&amp;endpoint=view_in_browser&amp;action=view&amp;data=WzYxLCI4MDQyY2Y0MmRiYzAiLDAsMCwzOSwxXQ\">Novembre 2024<\/a><\/li>\n\n\n\n<li><a href=\"https:\/\/wp.unil.ch\/geoblog?mailpoet_router&amp;endpoint=view_in_browser&amp;action=view&amp;data=WzU5LCJmOWNlNzlkN2JmMTgiLDAsMCwzOCwxXQ\">Octobre 2024<\/a><\/li>\n\n\n\n<li><a href=\"https:\/\/wp.unil.ch\/geoblog?mailpoet_router&amp;endpoint=view_in_browser&amp;action=view&amp;data=WzU2LCJkNDAwNmU5M2Q0OWUiLDAsMCwzNiwxXQ\">Septembre 2024<\/a><\/li>\n\n\n\n<li><a href=\"https:\/\/wp.unil.ch\/geoblog?mailpoet_router&amp;endpoint=view_in_browser&amp;action=view&amp;data=WzU1LCIzNzU1NTBiMGNhN2IiLDAsMCwzNSwxXQ\">Et\u00e9 2024<\/a><\/li>\n\n\n\n<li><a href=\"https:\/\/wp.unil.ch\/geoblog?mailpoet_router&amp;endpoint=view_in_browser&amp;action=view&amp;data=WzU0LCJjNWRhMTE0MGUxMWUiLDAsMCwzNCwxXQ\" target=\"_blank\" rel=\"noreferrer noopener\">Mai 2024<\/a><\/li>\n\n\n\n<li><a href=\"https:\/\/wp.unil.ch\/geoblog?mailpoet_router&amp;endpoint=view_in_browser&amp;action=view&amp;data=WzUzLCJmNTYzN2YyMmVmZGUiLDAsMCwzMywxXQ\" target=\"_blank\" rel=\"noreferrer noopener\">Avril 2024<\/a><\/li>\n\n\n\n<li><a href=\"https:\/\/wp.unil.ch\/geoblog?mailpoet_router&amp;endpoint=view_in_browser&amp;action=view&amp;data=WzUwLCJmYmVjNjU3YTljNTkiLDAsMCwzMCwxXQ\" target=\"_blank\" rel=\"noreferrer noopener\">Mars 2024<\/a><\/li>\n\n\n\n<li><a href=\"https:\/\/wp.unil.ch\/geoblog?mailpoet_router&amp;endpoint=view_in_browser&amp;action=view&amp;data=WzQ5LCIyZWQ1ZmE1ZWFiNDYiLDAsMCwyOSwxXQ\" target=\"_blank\" rel=\"noreferrer noopener\">F\u00e9vrier 2024<\/a><\/li>\n\n\n\n<li><a href=\"https:\/\/wp.unil.ch\/geoblog?mailpoet_router&amp;endpoint=view_in_browser&amp;action=view&amp;data=WzQ4LCI1ZDU3OTY1MjM0MTkiLDAsMCwyOCwxXQ\" target=\"_blank\" rel=\"noreferrer noopener\">Janvier 2024<\/a><\/li>\n<\/ul>\n<\/details>\n\n\n\n<div style=\"height:10px\" aria-hidden=\"true\" class=\"wp-block-spacer\"><\/div>\n\n\n\n<details class=\"wp-block-details is-layout-flow wp-block-details-is-layout-flow\"><summary>2023<\/summary>\n<ul class=\"wp-block-list\">\n<li><a href=\"https:\/\/wp.unil.ch\/geoblog?mailpoet_router&amp;endpoint=view_in_browser&amp;action=view&amp;data=WzQ1LCJhMTc4YzJhNGU1NDMiLDAsMCwyNCwxXQ\" target=\"_blank\" rel=\"noreferrer noopener\">D\u00e9cembre 2023<\/a><\/li>\n\n\n\n<li><a href=\"https:\/\/wp.unil.ch\/geoblog?mailpoet_router&amp;endpoint=view_in_browser&amp;action=view&amp;data=WzQ0LCJjODgyN2Q5N2E5MTciLDAsMCwyMywxXQ\" target=\"_blank\" rel=\"noreferrer noopener\">Novembre 2023<\/a><\/li>\n\n\n\n<li><a href=\"https:\/\/wp.unil.ch\/geoblog?mailpoet_router&amp;endpoint=view_in_browser&amp;action=view&amp;data=WzM5LCI1NWRjZGQwM2I4MGMiLDAsMCwyMCwxXQ\" target=\"_blank\" rel=\"noreferrer noopener\">Octobre 2023<\/a><\/li>\n\n\n\n<li><a href=\"https:\/\/wp.unil.ch\/geoblog?mailpoet_router&amp;endpoint=view_in_browser&amp;action=view&amp;data=WzM4LCI5NGM1ZmM0YjM1ZGIiLDAsMCwxOSwxXQ\" target=\"_blank\" rel=\"noreferrer noopener\">Septembre 2023<\/a><\/li>\n\n\n\n<li><a href=\"https:\/\/wp.unil.ch\/geoblog?mailpoet_router&amp;endpoint=view_in_browser&amp;action=view&amp;data=WzM2LCIzMGE4NDg1ZjE2MzkiLDAsMCwxOCwxXQ\" target=\"_blank\" rel=\"noreferrer noopener\">Ao\u00fbt 2023<\/a><\/li>\n\n\n\n<li><a href=\"https:\/\/wp.unil.ch\/geoblog?mailpoet_router&amp;endpoint=view_in_browser&amp;action=view&amp;data=WzM1LCJmZmJmNmJmYzRhZDYiLDAsMCwxNywxXQ\" target=\"_blank\" rel=\"noreferrer noopener\">Juillet 2023<\/a><\/li>\n\n\n\n<li><a href=\"https:\/\/wp.unil.ch\/geoblog?mailpoet_router&amp;endpoint=view_in_browser&amp;action=view&amp;data=WzM0LCJmMmEwZjE1OWJkNWQiLDAsMCwxNiwxXQ\" target=\"_blank\" rel=\"noreferrer noopener\">Juin 2023<\/a><\/li>\n\n\n\n<li><a href=\"https:\/\/wp.unil.ch\/geoblog?mailpoet_router&amp;endpoint=view_in_browser&amp;action=view&amp;data=WzMxLCJmYzUxNTcyNWM5NDUiLDAsMCwxNCwxXQ\" target=\"_blank\" rel=\"noreferrer noopener\">Mai 2023<\/a><\/li>\n\n\n\n<li><a href=\"https:\/\/wp.unil.ch\/geoblog?mailpoet_router&amp;endpoint=view_in_browser&amp;action=view&amp;data=WzI5LCIxMmY1ZjUyNjE2ZjEiLDAsMCwxMywxXQ\" target=\"_blank\" rel=\"noreferrer noopener\">Avril 2023<\/a><\/li>\n\n\n\n<li><a href=\"https:\/\/wp.unil.ch\/geoblog?mailpoet_router&amp;endpoint=view_in_browser&amp;action=view&amp;data=WzI4LCJhYTQ4MGMxOTg1NTEiLDAsMCwxMiwxXQ\" target=\"_blank\" rel=\"noreferrer noopener\">Mars 2023<\/a><\/li>\n\n\n\n<li><a href=\"https:\/\/wp.unil.ch\/geoblog?mailpoet_router&amp;endpoint=view_in_browser&amp;action=view&amp;data=WzI3LCIzYWIyNWU5YmZmZDkiLDAsMCwxMSwxXQ\" target=\"_blank\" rel=\"noreferrer noopener\">F\u00e9vrier 2023<\/a><\/li>\n\n\n\n<li><a href=\"https:\/\/wp.unil.ch\/geoblog?mailpoet_router&amp;endpoint=view_in_browser&amp;action=view&amp;data=WzIxLCIyM2ZiNGQ3ZDY5MDQiLDAsMCwxMCwxXQ\" target=\"_blank\" rel=\"noreferrer noopener\">Janvier 2023<\/a><\/li>\n<\/ul>\n<\/details>\n<\/div>\n\n\n\n<div class=\"wp-block-column is-layout-flow wp-block-column-is-layout-flow\">\n<details class=\"wp-block-details is-layout-flow wp-block-details-is-layout-flow\"><summary>2022<\/summary>\n<ul class=\"wp-block-list\">\n<li><a href=\"https:\/\/wp.unil.ch\/geoblog?mailpoet_router&amp;endpoint=view_in_browser&amp;action=view&amp;data=WzE4LCJhMzk3ZThhNTY1NWEiLDAsMCw5LDFd\" target=\"_blank\" rel=\"noreferrer noopener\">D\u00e9cembre 2022<\/a><\/li>\n<\/ul>\n<\/details>\n<\/div>\n<\/div>\n<\/div>\n\n\n\n<div style=\"height:20px\" aria-hidden=\"true\" class=\"wp-block-spacer\"><\/div>\n\n\n\n<div id=\"footable_parent_8142\"\n         class=\" footable_parent ninja_table_wrapper loading_ninja_table wp_table_data_press_parent semantic_ui \">\n                <table data-ninja_table_instance=\"ninja_table_instance_0\" data-footable_id=\"8142\" data-filter-delay=\"1000\" aria-label=\"revuedepresse\"            id=\"footable_8142\"\n           data-unique_identifier=\"ninja_table_unique_id_1399225269_8142\"\n           class=\" foo-table ninja_footable foo_table_8142 ninja_table_unique_id_1399225269_8142 ui table  nt_type_ajax_table selectable striped vertical_centered  footable-paging-right\">\n                <colgroup>\n                            <col class=\"ninja_column_0 \">\n                            <col class=\"ninja_column_1 \">\n                            <col class=\"ninja_column_2 \">\n                            <col class=\"ninja_column_3 \">\n                    <\/colgroup>\n            <\/table>\n    \n    \n    \n<\/div>\n\n\n\n\n<p class=\"has-small-font-size\">* acc\u00e8s r\u00e9serv\u00e9 aux abonn\u00e9s<\/p>\n","protected":false},"excerpt":{"rendered":"<p>Apparitions dans les m\u00e9dias, prises de position publiques de membres de la Facult\u00e9 : cette rubrique refl\u00e8te l\u2019ancrage de la Facult\u00e9 dans la Cit\u00e9 et la vie publique et ses diff\u00e9rents d\u00e9bats. Nos chercheurs s\u2019int\u00e9ressent fortement \u00e0 la vie publique et aux d\u00e9bats de soci\u00e9t\u00e9 sur des sujets parfois tr\u00e8s concrets et s\u2019y impliquent en [&hellip;]<\/p>\n","protected":false},"author":47,"featured_media":0,"parent":0,"menu_order":6,"comment_status":"closed","ping_status":"closed","template":"grande-largeur","meta":{"_seopress_robots_primary_cat":"","_seopress_titles_title":"","_seopress_titles_desc":"","_seopress_robots_index":"","footnotes":"","_links_to":"","_links_to_target":""},"class_list":["post-8139","page","type-page","status-publish"],"_links":{"self":[{"href":"https:\/\/wp.unil.ch\/geoblog\/wp-json\/wp\/v2\/pages\/8139","targetHints":{"allow":["GET"]}}],"collection":[{"href":"https:\/\/wp.unil.ch\/geoblog\/wp-json\/wp\/v2\/pages"}],"about":[{"href":"https:\/\/wp.unil.ch\/geoblog\/wp-json\/wp\/v2\/types\/page"}],"author":[{"embeddable":true,"href":"https:\/\/wp.unil.ch\/geoblog\/wp-json\/wp\/v2\/users\/47"}],"replies":[{"embeddable":true,"href":"https:\/\/wp.unil.ch\/geoblog\/wp-json\/wp\/v2\/comments?post=8139"}],"version-history":[{"count":5,"href":"https:\/\/wp.unil.ch\/geoblog\/wp-json\/wp\/v2\/pages\/8139\/revisions"}],"predecessor-version":[{"id":14157,"href":"https:\/\/wp.unil.ch\/geoblog\/wp-json\/wp\/v2\/pages\/8139\/revisions\/14157"}],"wp:attachment":[{"href":"https:\/\/wp.unil.ch\/geoblog\/wp-json\/wp\/v2\/media?parent=8139"}],"curies":[{"name":"wp","href":"https:\/\/api.w.org\/{rel}","templated":true}]}}