{"id":2249,"date":"2016-08-30T14:21:47","date_gmt":"2016-08-30T12:21:47","guid":{"rendered":"http:\/\/wp.unil.ch\/geoblog\/?page_id=2249"},"modified":"2026-02-11T10:19:54","modified_gmt":"2026-02-11T09:19:54","slug":"grand-nord-et-jeunes-chercheurs","status":"publish","type":"page","link":"https:\/\/wp.unil.ch\/geoblog\/grand-nord-et-jeunes-chercheurs\/","title":{"rendered":"Grand Nord et jeunes chercheurs"},"content":{"rendered":"\n<p>En 2016 et durant sept semaines, des \u00e9quipes de la r\u00e9daction de <em>24Heures<\/em>, accompagn\u00e9es d\u2019\u00e9tudiants des Hautes Ecoles l\u00e9maniques ont sillonn\u00e9 le Grand Nord et les r\u00e9gions arctiques avec des \u00e9tapes en Allemagne, au Danemark, en Norv\u00e8ge, en Russie et aux Etats-Unis.<\/p>\n\n\n\n<p>Trois \u00e9tudiants de notre Facult\u00e9, <strong>Alexandra Demers-Roberge<\/strong> (MSc de g\u00e9ologie), <strong>Maxime Collombin<\/strong> (MSC de g\u00e9ologie) et&nbsp;<strong>Aude Weber <\/strong>(MSc de g\u00e9ographie) ont ainsi particip\u00e9 \u00e0 trois \u00e9tapes distinctes de l\u2019exp\u00e9dition et nous font part, sous la forme d\u2019un carnet de route illustr\u00e9, de leurs impressions, constats et questionnements dans trois r\u00e9gions diff\u00e9rentes (Alaska, Europe du Nord, Russie), \u00e0 l\u2019issue de cette exp\u00e9rience peu banale.<\/p>\n\n\n\n<p>On constatera \u00e0 leur lecture que les fronti\u00e8res \u00e9tatiques notamment jouent peu de r\u00f4le dans ces questions climatiques et qu\u2019un peu partout, m\u00eame si les r\u00e9ponses ou les adaptations varient parfois d\u2019une r\u00e9gion \u00e0 l\u2019autre, les questionnements et enjeux fondamentaux restent sensiblement les m\u00eames.<\/p>\n\n\n\n<div class=\"wp-block-image size-full wp-image-2252\"><figure class=\"alignleft\"><img alt=\"\" loading=\"lazy\" decoding=\"async\" width=\"105\" height=\"130\" src=\"https:\/\/wp.unil.ch\/geoblog\/files\/2016\/08\/aude.jpg\" alt=\"\" class=\"wp-image-2252\" \/><figcaption>Aude<\/figcaption><\/figure><\/div>\n\n\n\n<div class=\"wp-block-image size-full wp-image-2251\"><figure class=\"alignleft\"><img alt=\"\" loading=\"lazy\" decoding=\"async\" width=\"105\" height=\"130\" src=\"https:\/\/wp.unil.ch\/geoblog\/files\/2016\/08\/alexandra.jpg\" alt=\"\" class=\"wp-image-2251\" \/><figcaption>Alexandra<\/figcaption><\/figure><\/div>\n\n\n\n<div class=\"wp-block-image size-full wp-image-2250\"><figure class=\"alignleft\"><img alt=\"\" loading=\"lazy\" decoding=\"async\" width=\"105\" height=\"130\" src=\"https:\/\/wp.unil.ch\/geoblog\/files\/2016\/08\/maxime.jpg\" alt=\"\" class=\"wp-image-2250\" \/><figcaption>Maxime<\/figcaption><\/figure><\/div>\n\n\n\n<div style=\"height:10px\" aria-hidden=\"true\" class=\"wp-block-spacer\"><\/div>\n\n\n\n<p>Les \u00e9ventuelles opinions exprim\u00e9es dans ces articles n\u2019engagent que leurs auteurs.<\/p>\n\n\n\n<p>Cette exp\u00e9dition estivale appel\u00e9e \u00ab\u00a0Grand Nord, sur les traces du changement climatique\u00a0\u00bb, a \u00e9t\u00e9 r\u00e9alis\u00e9e en partenariat avec l&rsquo;ECA-Vaud, le Centre patronal, les Retraites Populaires et les Editions Paulsen, ainsi que le Consulat g\u00e9n\u00e9ral honoraire de Russie \u00e0 Lausanne.<\/p>\n\n\n\n<p>Bonne route en compagnie de nos jeunes d\u00e9couvreurs-aventuriers!<\/p>\n\n\n\n<p><strong>Lire les articles sur ce th\u00e8me<\/strong><\/p>\n\n\n\n\n<div class=\"su-posts su-posts-teaser-loop \">\n\n\t\t\t\t\t\t\n\t\t\t\n\t\t\t<div id=\"su-post-2257\" class=\"su-post \">\n\t\t\t\t\t\t\t\t\t<a class=\"su-post-thumbnail\" href=\"https:\/\/wp.unil.ch\/geoblog\/2016\/08\/sur-la-route-du-changement-climatique-en-alaska\/\"><img loading=\"lazy\" decoding=\"async\" width=\"672\" height=\"372\" src=\"https:\/\/wp.unil.ch\/geoblog\/files\/2016\/08\/cartealaska-672x372.png\" class=\"attachment-post-thumbnail size-post-thumbnail wp-post-image\" alt=\"\" \/><\/a>\n\t\t\t\t\t\t\t\t<h2 class=\"su-post-title\"><a href=\"https:\/\/wp.unil.ch\/geoblog\/2016\/08\/sur-la-route-du-changement-climatique-en-alaska\/\">Sur la route du changement climatique en Alaska<\/a><\/h2>\n\t\t\t<\/div>\n\n\t\t\t\t\t\n\t\t\t\n\t\t\t<div id=\"su-post-2298\" class=\"su-post \">\n\t\t\t\t\t\t\t\t\t<a class=\"su-post-thumbnail\" href=\"https:\/\/wp.unil.ch\/geoblog\/2016\/09\/vous-avez-dit-pergelisol\/\"><img loading=\"lazy\" decoding=\"async\" width=\"672\" height=\"372\" src=\"https:\/\/wp.unil.ch\/geoblog\/files\/2016\/09\/fotolia97818370-672x372.jpg\" class=\"attachment-post-thumbnail size-post-thumbnail wp-post-image\" alt=\"\" \/><\/a>\n\t\t\t\t\t\t\t\t<h2 class=\"su-post-title\"><a href=\"https:\/\/wp.unil.ch\/geoblog\/2016\/09\/vous-avez-dit-pergelisol\/\">Vous avez dit perg\u00e9lisol ?<\/a><\/h2>\n\t\t\t<\/div>\n\n\t\t\t\t\t\n\t\t\t\n\t\t\t<div id=\"su-post-2300\" class=\"su-post \">\n\t\t\t\t\t\t\t\t\t<a class=\"su-post-thumbnail\" href=\"https:\/\/wp.unil.ch\/geoblog\/2016\/09\/peninsule-du-yamal-le-pergelisol-comme-agent-invisible-du-rapport-au-sol\/\"><img loading=\"lazy\" decoding=\"async\" width=\"520\" height=\"245\" src=\"https:\/\/wp.unil.ch\/geoblog\/files\/2016\/09\/yamal-1.jpg\" class=\"attachment-post-thumbnail size-post-thumbnail wp-post-image\" alt=\"\" srcset=\"https:\/\/wp.unil.ch\/geoblog\/files\/2016\/09\/yamal-1.jpg 520w, https:\/\/wp.unil.ch\/geoblog\/files\/2016\/09\/yamal-1-300x141.jpg 300w\" sizes=\"auto, (max-width: 520px) 100vw, 520px\" \/><\/a>\n\t\t\t\t\t\t\t\t<h2 class=\"su-post-title\"><a href=\"https:\/\/wp.unil.ch\/geoblog\/2016\/09\/peninsule-du-yamal-le-pergelisol-comme-agent-invisible-du-rapport-au-sol\/\">P\u00e9ninsule du Yamal\u00a0: le perg\u00e9lisol comme agent \u00ab\u00a0invisible\u00a0\u00bb du rapport au sol<\/a><\/h2>\n\t\t\t<\/div>\n\n\t\t\t\t\t\n\t\t\t\n\t\t\t<div id=\"su-post-2320\" class=\"su-post \">\n\t\t\t\t\t\t\t\t\t<a class=\"su-post-thumbnail\" href=\"https:\/\/wp.unil.ch\/geoblog\/2016\/09\/lappel-de-la-toundra\/\"><img loading=\"lazy\" decoding=\"async\" width=\"520\" height=\"245\" src=\"https:\/\/wp.unil.ch\/geoblog\/files\/2016\/09\/nenetze.jpg\" class=\"attachment-post-thumbnail size-post-thumbnail wp-post-image\" alt=\"\" srcset=\"https:\/\/wp.unil.ch\/geoblog\/files\/2016\/09\/nenetze.jpg 520w, https:\/\/wp.unil.ch\/geoblog\/files\/2016\/09\/nenetze-300x141.jpg 300w\" sizes=\"auto, (max-width: 520px) 100vw, 520px\" \/><\/a>\n\t\t\t\t\t\t\t\t<h2 class=\"su-post-title\"><a href=\"https:\/\/wp.unil.ch\/geoblog\/2016\/09\/lappel-de-la-toundra\/\">L\u2019appel de la Toundra<\/a><\/h2>\n\t\t\t<\/div>\n\n\t\t\t\t\t\n\t\t\t\n\t\t\t<div id=\"su-post-2358\" class=\"su-post \">\n\t\t\t\t\t\t\t\t\t<a class=\"su-post-thumbnail\" href=\"https:\/\/wp.unil.ch\/geoblog\/2016\/10\/les-ressources-petrolieres-de-la-peninsule-de-yamal-jack-pot-economico-energetique-mais-challenge-environnemental\/\"><img loading=\"lazy\" decoding=\"async\" width=\"839\" height=\"555\" src=\"https:\/\/wp.unil.ch\/geoblog\/files\/2023\/10\/yamal1.jpg\" class=\"attachment-post-thumbnail size-post-thumbnail wp-post-image\" alt=\"\" srcset=\"https:\/\/wp.unil.ch\/geoblog\/files\/2023\/10\/yamal1.jpg 839w, https:\/\/wp.unil.ch\/geoblog\/files\/2023\/10\/yamal1-300x198.jpg 300w, https:\/\/wp.unil.ch\/geoblog\/files\/2023\/10\/yamal1-768x508.jpg 768w\" sizes=\"auto, (max-width: 839px) 100vw, 839px\" \/><\/a>\n\t\t\t\t\t\t\t\t<h2 class=\"su-post-title\"><a href=\"https:\/\/wp.unil.ch\/geoblog\/2016\/10\/les-ressources-petrolieres-de-la-peninsule-de-yamal-jack-pot-economico-energetique-mais-challenge-environnemental\/\">Les ressources p\u00e9troli\u00e8res de la p\u00e9ninsule de Yamal<\/a><\/h2>\n\t\t\t<\/div>\n\n\t\t\t\t\t\n\t\t\t\n\t\t\t<div id=\"su-post-2373\" class=\"su-post \">\n\t\t\t\t\t\t\t\t\t<a class=\"su-post-thumbnail\" href=\"https:\/\/wp.unil.ch\/geoblog\/2016\/10\/renaturalisation-et-campagnes-scientifiques-sur-lile-de-bely\/\"><img loading=\"lazy\" decoding=\"async\" width=\"1200\" height=\"489\" src=\"https:\/\/wp.unil.ch\/geoblog\/files\/2016\/10\/bely2.jpg\" class=\"attachment-post-thumbnail size-post-thumbnail wp-post-image\" alt=\"\" srcset=\"https:\/\/wp.unil.ch\/geoblog\/files\/2016\/10\/bely2.jpg 1200w, https:\/\/wp.unil.ch\/geoblog\/files\/2016\/10\/bely2-300x122.jpg 300w, https:\/\/wp.unil.ch\/geoblog\/files\/2016\/10\/bely2-768x313.jpg 768w, https:\/\/wp.unil.ch\/geoblog\/files\/2016\/10\/bely2-1024x417.jpg 1024w\" sizes=\"auto, (max-width: 1200px) 100vw, 1200px\" \/><\/a>\n\t\t\t\t\t\t\t\t<h2 class=\"su-post-title\"><a href=\"https:\/\/wp.unil.ch\/geoblog\/2016\/10\/renaturalisation-et-campagnes-scientifiques-sur-lile-de-bely\/\">Renaturalisation\u00a0 et campagnes scientifiques sur l\u2019\u00eele de Bely<\/a><\/h2>\n\t\t\t<\/div>\n\n\t\t\t\t\t\n\t\t\t\n\t\t\t<div id=\"su-post-2389\" class=\"su-post \">\n\t\t\t\t\t\t\t\t\t<a class=\"su-post-thumbnail\" href=\"https:\/\/wp.unil.ch\/geoblog\/2016\/10\/saint-petersbourg\/\"><img loading=\"lazy\" decoding=\"async\" width=\"1200\" height=\"800\" src=\"https:\/\/wp.unil.ch\/geoblog\/files\/2016\/10\/stpetersbourg.jpg\" class=\"attachment-post-thumbnail size-post-thumbnail wp-post-image\" alt=\"\" srcset=\"https:\/\/wp.unil.ch\/geoblog\/files\/2016\/10\/stpetersbourg.jpg 1200w, https:\/\/wp.unil.ch\/geoblog\/files\/2016\/10\/stpetersbourg-300x200.jpg 300w, https:\/\/wp.unil.ch\/geoblog\/files\/2016\/10\/stpetersbourg-768x512.jpg 768w, https:\/\/wp.unil.ch\/geoblog\/files\/2016\/10\/stpetersbourg-1024x683.jpg 1024w\" sizes=\"auto, (max-width: 1200px) 100vw, 1200px\" \/><\/a>\n\t\t\t\t\t\t\t\t<h2 class=\"su-post-title\"><a href=\"https:\/\/wp.unil.ch\/geoblog\/2016\/10\/saint-petersbourg\/\">Saint-P\u00e9tersbourg<\/a><\/h2>\n\t\t\t<\/div>\n\n\t\t\t\t\t\n\t\t\t\n\t\t\t<div id=\"su-post-2399\" class=\"su-post \">\n\t\t\t\t\t\t\t\t\t<a class=\"su-post-thumbnail\" href=\"https:\/\/wp.unil.ch\/geoblog\/2016\/10\/naryan-mar\/\"><img loading=\"lazy\" decoding=\"async\" width=\"672\" height=\"372\" src=\"https:\/\/wp.unil.ch\/geoblog\/files\/2016\/10\/naryanmar1-672x372.png\" class=\"attachment-post-thumbnail size-post-thumbnail wp-post-image\" alt=\"\" \/><\/a>\n\t\t\t\t\t\t\t\t<h2 class=\"su-post-title\"><a href=\"https:\/\/wp.unil.ch\/geoblog\/2016\/10\/naryan-mar\/\">Naryan Mar<\/a><\/h2>\n\t\t\t<\/div>\n\n\t\t\t\t\t\n\t\t\t\n\t\t\t<div id=\"su-post-8000\" class=\"su-post \">\n\t\t\t\t\t\t\t\t\t<a class=\"su-post-thumbnail\" href=\"https:\/\/wp.unil.ch\/geoblog\/2022\/04\/quels-seront-les-impacts-environnementaux-du-changement-climatique-dans-les-fjords-du-sud-du-groenland\/\"><img loading=\"lazy\" decoding=\"async\" width=\"1600\" height=\"1200\" src=\"https:\/\/wp.unil.ch\/geoblog\/files\/2022\/04\/dreamstime_m_76278462.jpg\" class=\"attachment-post-thumbnail size-post-thumbnail wp-post-image\" alt=\"\" srcset=\"https:\/\/wp.unil.ch\/geoblog\/files\/2022\/04\/dreamstime_m_76278462.jpg 1600w, https:\/\/wp.unil.ch\/geoblog\/files\/2022\/04\/dreamstime_m_76278462-300x225.jpg 300w, https:\/\/wp.unil.ch\/geoblog\/files\/2022\/04\/dreamstime_m_76278462-1024x768.jpg 1024w, https:\/\/wp.unil.ch\/geoblog\/files\/2022\/04\/dreamstime_m_76278462-768x576.jpg 768w, https:\/\/wp.unil.ch\/geoblog\/files\/2022\/04\/dreamstime_m_76278462-1536x1152.jpg 1536w, https:\/\/wp.unil.ch\/geoblog\/files\/2022\/04\/dreamstime_m_76278462-1320x990.jpg 1320w\" sizes=\"auto, (max-width: 1600px) 100vw, 1600px\" \/><\/a>\n\t\t\t\t\t\t\t\t<h2 class=\"su-post-title\"><a href=\"https:\/\/wp.unil.ch\/geoblog\/2022\/04\/quels-seront-les-impacts-environnementaux-du-changement-climatique-dans-les-fjords-du-sud-du-groenland\/\">Quels seront les impacts environnementaux du changement climatique dans les fjords du sud du Groenland ?<\/a><\/h2>\n\t\t\t<\/div>\n\n\t\t\t\t\t\n\t\t\t\n\t\t\t<div id=\"su-post-10553\" class=\"su-post \">\n\t\t\t\t\t\t\t\t\t<a class=\"su-post-thumbnail\" href=\"https:\/\/wp.unil.ch\/geoblog\/2023\/10\/deux-etudiant%c2%b7e%c2%b7s-explorent-les-fjords-du-groenland-a-bord-dun-navire-de-recherche\/\"><img loading=\"lazy\" decoding=\"async\" width=\"1200\" height=\"985\" src=\"https:\/\/wp.unil.ch\/geoblog\/files\/2023\/10\/Lucie-et-Cedric.jpg\" class=\"attachment-post-thumbnail size-post-thumbnail wp-post-image\" alt=\"\" srcset=\"https:\/\/wp.unil.ch\/geoblog\/files\/2023\/10\/Lucie-et-Cedric.jpg 1200w, https:\/\/wp.unil.ch\/geoblog\/files\/2023\/10\/Lucie-et-Cedric-300x246.jpg 300w, https:\/\/wp.unil.ch\/geoblog\/files\/2023\/10\/Lucie-et-Cedric-1024x841.jpg 1024w, https:\/\/wp.unil.ch\/geoblog\/files\/2023\/10\/Lucie-et-Cedric-768x630.jpg 768w\" sizes=\"auto, (max-width: 1200px) 100vw, 1200px\" \/><\/a>\n\t\t\t\t\t\t\t\t<h2 class=\"su-post-title\"><a href=\"https:\/\/wp.unil.ch\/geoblog\/2023\/10\/deux-etudiant%c2%b7e%c2%b7s-explorent-les-fjords-du-groenland-a-bord-dun-navire-de-recherche\/\">Deux \u00e9tudiant\u00b7es explorent les fjords du Groenland, \u00e0 bord d\u2019un navire de recherche<\/a><\/h2>\n\t\t\t<\/div>\n\n\t\t\t\t\t\n\t\t\t\n\t\t\t<div id=\"su-post-12013\" class=\"su-post \">\n\t\t\t\t\t\t\t\t\t<a class=\"su-post-thumbnail\" href=\"https:\/\/wp.unil.ch\/geoblog\/2024\/07\/expedition-au-groenland-a-bord-dun-voilier-transforme-en-plateforme-scientifique\/\"><img loading=\"lazy\" decoding=\"async\" width=\"1200\" height=\"899\" src=\"https:\/\/wp.unil.ch\/geoblog\/files\/2024\/07\/greenfjord1.jpg\" class=\"attachment-post-thumbnail size-post-thumbnail wp-post-image\" alt=\"\" srcset=\"https:\/\/wp.unil.ch\/geoblog\/files\/2024\/07\/greenfjord1.jpg 1200w, https:\/\/wp.unil.ch\/geoblog\/files\/2024\/07\/greenfjord1-300x225.jpg 300w, https:\/\/wp.unil.ch\/geoblog\/files\/2024\/07\/greenfjord1-1024x767.jpg 1024w, https:\/\/wp.unil.ch\/geoblog\/files\/2024\/07\/greenfjord1-768x575.jpg 768w\" sizes=\"auto, (max-width: 1200px) 100vw, 1200px\" \/><\/a>\n\t\t\t\t\t\t\t\t<h2 class=\"su-post-title\"><a href=\"https:\/\/wp.unil.ch\/geoblog\/2024\/07\/expedition-au-groenland-a-bord-dun-voilier-transforme-en-plateforme-scientifique\/\">Exp\u00e9dition au Groenland, \u00e0 bord d\u2019un voilier transform\u00e9 en plateforme scientifique<\/a><\/h2>\n\t\t\t<\/div>\n\n\t\t\t\n<\/div>\n\n","protected":false},"excerpt":{"rendered":"<p>En 2016 et durant sept semaines, des \u00e9quipes de la r\u00e9daction de 24Heures, accompagn\u00e9es d\u2019\u00e9tudiants des Hautes Ecoles l\u00e9maniques ont sillonn\u00e9 le Grand Nord et les r\u00e9gions arctiques avec des \u00e9tapes en Allemagne, au Danemark, en Norv\u00e8ge, en Russie et aux Etats-Unis. Trois \u00e9tudiants de notre Facult\u00e9, Alexandra Demers-Roberge (MSc de g\u00e9ologie), Maxime Collombin (MSC [&hellip;]<\/p>\n","protected":false},"author":47,"featured_media":3516,"parent":0,"menu_order":30,"comment_status":"closed","ping_status":"closed","template":"","meta":{"_seopress_robots_primary_cat":"","_seopress_titles_title":"","_seopress_titles_desc":"","_seopress_robots_index":"","footnotes":"","_links_to":"","_links_to_target":""},"class_list":["post-2249","page","type-page","status-publish","has-post-thumbnail"],"_links":{"self":[{"href":"https:\/\/wp.unil.ch\/geoblog\/wp-json\/wp\/v2\/pages\/2249","targetHints":{"allow":["GET"]}}],"collection":[{"href":"https:\/\/wp.unil.ch\/geoblog\/wp-json\/wp\/v2\/pages"}],"about":[{"href":"https:\/\/wp.unil.ch\/geoblog\/wp-json\/wp\/v2\/types\/page"}],"author":[{"embeddable":true,"href":"https:\/\/wp.unil.ch\/geoblog\/wp-json\/wp\/v2\/users\/47"}],"replies":[{"embeddable":true,"href":"https:\/\/wp.unil.ch\/geoblog\/wp-json\/wp\/v2\/comments?post=2249"}],"version-history":[{"count":1,"href":"https:\/\/wp.unil.ch\/geoblog\/wp-json\/wp\/v2\/pages\/2249\/revisions"}],"predecessor-version":[{"id":13855,"href":"https:\/\/wp.unil.ch\/geoblog\/wp-json\/wp\/v2\/pages\/2249\/revisions\/13855"}],"wp:featuredmedia":[{"embeddable":true,"href":"https:\/\/wp.unil.ch\/geoblog\/wp-json\/wp\/v2\/media\/3516"}],"wp:attachment":[{"href":"https:\/\/wp.unil.ch\/geoblog\/wp-json\/wp\/v2\/media?parent=2249"}],"curies":[{"name":"wp","href":"https:\/\/api.w.org\/{rel}","templated":true}]}}