{"id":12612,"date":"2025-05-09T15:23:29","date_gmt":"2025-05-09T13:23:29","guid":{"rendered":"https:\/\/wp.unil.ch\/geoblog\/?page_id=12612"},"modified":"2026-02-11T10:23:22","modified_gmt":"2026-02-11T09:23:22","slug":"journee-de-la-recherche-fgse","status":"publish","type":"page","link":"https:\/\/wp.unil.ch\/geoblog\/journee-de-la-recherche-fgse\/","title":{"rendered":"Journ\u00e9e de la recherche FGSE"},"content":{"rendered":"\n<h2 class=\"wp-block-heading\">Manga.My.Data \u2013 Jeux et enjeux des donn\u00e9es de recherche&nbsp;<\/h2>\n\n\n\n<div class=\"wp-block-columns is-layout-flex wp-container-core-columns-is-layout-28f84493 wp-block-columns-is-layout-flex\">\n<div class=\"wp-block-column is-layout-flow wp-block-column-is-layout-flow\" style=\"flex-basis:50%\">\n<figure class=\"wp-block-image size-large\"><a href=\"https:\/\/wp.unil.ch\/geoblog\/files\/2025\/06\/manga-my-data.jpg\"><img alt=\"\" loading=\"lazy\" decoding=\"async\" width=\"724\" height=\"1024\" src=\"https:\/\/wp.unil.ch\/geoblog\/files\/2025\/06\/manga-my-data-724x1024.jpg\" alt=\"\" class=\"wp-image-12774\" srcset=\"https:\/\/wp.unil.ch\/geoblog\/files\/2025\/06\/manga-my-data-724x1024.jpg 724w, https:\/\/wp.unil.ch\/geoblog\/files\/2025\/06\/manga-my-data-212x300.jpg 212w, https:\/\/wp.unil.ch\/geoblog\/files\/2025\/06\/manga-my-data-768x1086.jpg 768w, https:\/\/wp.unil.ch\/geoblog\/files\/2025\/06\/manga-my-data.jpg 849w\" sizes=\"auto, (max-width: 724px) 100vw, 724px\" \/><\/a><\/figure>\n<\/div>\n\n\n\n<div class=\"wp-block-column is-layout-flow wp-block-column-is-layout-flow\" style=\"flex-basis:60%\">\n<div class=\"wp-block-group has-background has-global-padding is-layout-constrained wp-block-group-is-layout-constrained\" style=\"background-color:#eeeeeeed\">\n<p><strong>Le 4 septembre 2025 de 9h \u00e0 16h<\/strong><br><strong>Avec repas de midi et ap\u00e9ritif&nbsp;!<\/strong><br><strong>Vortex, Salle Nucleo<\/strong><\/p>\n<\/div>\n<\/div>\n<\/div>\n\n\n\n<p>Que vous soyez adepte des Big Data ou que vous ne pensiez pas produire des donn\u00e9es, venez profiter de cette journ\u00e9e pour d\u00e9couvrir les recherches de vos coll\u00e8gues, \u00e9changer sur les v\u00f4tres et vos pratiques et nourrir les r\u00e9flexions autour du bien commun que sont les donn\u00e9es.&nbsp;<\/p>\n\n\n\n<p>Comment les rendre plus visibles tout en adoptant les s\u00e9curit\u00e9s n\u00e9cessaires ? Comment mieux les partager ?&nbsp;Rejoignez un moment et un espace d\u00e9di\u00e9s \u00e0 la rencontre, \u00e0 la cr\u00e9ativit\u00e9 et \u00e0 l\u2019intelligence collective autour d&rsquo;un enjeu de notre facult\u00e9: les jeux de donn\u00e9es de recherche&nbsp;!&nbsp;Une artiste dessinatrice accompagnera cette journ\u00e9e et relatera les fruits des \u00e9changes par une fresque (Manga) !&nbsp;<\/p>\n\n\n\n<p>La Journ\u00e9e s&rsquo;inscrit comme une premi\u00e8re \u00e9tape de r\u00e9flexion sur la valorisation de nos donn\u00e9es de recherche. Elle se poursuivra avec des mini-workshops, des formations ad hoc, et un projet-pilote de catalogage des donn\u00e9es \u00e0 l\u2019UNIL !<\/p>\n\n\n\n<h3 class=\"wp-block-heading\">Programme<\/h3>\n\n\n\n<figure class=\"wp-block-table is-style-stripes\"><table><tbody><tr><td>D\u00e8s 9h<\/td><td>Caf\u00e9 de bienvenue<\/td><td><\/td><\/tr><tr><td>9h30<\/td><td><strong>Introduction<\/strong> &#8211; C\u00e9line Rozenblat exposera l\u2019importance actuelle des donn\u00e9es de la recherche comme bien commun de la connaissance. Partant de ce constat, comment faire pour tirer le meilleur parti des donn\u00e9es de la FGSE et les rendre visibles, m\u00eame celles qui ne sont pas partageables&nbsp;?<\/td><td>OPENING THE DATA BOX<\/td><\/tr><tr><td>10h<\/td><td><strong>Atelier en duos<\/strong> &#8211; Vous serez invit\u00e9s \u00e0 pr\u00e9senter vos donn\u00e9es avec un coll\u00e8gue de la FGSE dans un cadre convivial. Un canevas de questions vous sera propos\u00e9 pour vous guider et animer vos \u00e9changes, afin de vous inciter \u00e0 r\u00e9fl\u00e9chir aux donn\u00e9es dont vous r\u00eavez, \u00e0 celles donn\u00e9es qui vous survivront\u2026<\/td><td>T\u2019AS-MA-DATA 1<\/td><\/tr><tr><td>10h45<\/td><td>Pause caf\u00e9 &nbsp;&nbsp;<em>&nbsp;&nbsp;&nbsp;&nbsp;<\/em><\/td><td>HOT DATA<\/td><\/tr><tr><td>11h<\/td><td><strong>Restitution d\u2019atelier &#8211; en groupe et pl\u00e9ni\u00e8re&nbsp;<\/strong>&nbsp;&#8211; En petits groupes, chaque duo pr\u00e9sentera les donn\u00e9es de son partenaire. Une restitution g\u00e9n\u00e9rale suivra.<br>Pendant toutes les \u00e9tapes de l\u2019atelier, des sp\u00e9cialistes des donn\u00e9es de la recherche seront pr\u00e9sent\u00b7es pour \u00e9changer avec vous et r\u00e9pondre \u00e0 vos questions&nbsp;: Carmen Jamb\u00e9 (UNIRIS),&nbsp; Zhargalma Dandarova et Am\u00e9lie Dreiss (Soutien aux donn\u00e9es de recherche FGSE).<\/td><td>T\u2019AS-MA-DATA 2<br>T\u2019AS-MA-DATA 3<\/td><\/tr><tr><td>12h<\/td><td>Repas<\/td><td><em>SHARED DATA MEAL<\/em><strong><em>&nbsp;<\/em><\/strong><\/td><\/tr><tr><td>13h20<\/td><td><strong>Retour graphique et \u00e9changes<\/strong> &#8211; Anne-Rapha\u00eblle de Barmon, artiste et autrice de l&rsquo;affiche de le Journ\u00e9e, illustrera les \u00e9changes en cr\u00e9ant une fresque. Les chercheurs seront invit\u00e9s \u00e0 contribuer en r\u00e9agissant et en commentant, afin d&rsquo;enrichir le dialogue entre l&rsquo;art et la recherche.<\/td><td>MANGA\u00b7MY\u00b7DATA 1<\/td><\/tr><tr><td>13h40<\/td><td><strong>Table ronde<\/strong> &#8211; Ariane Maharaj (ISTE), Bart Steen (IDYST) et Selin Yilmaz (IGD) discuteront des enjeux des donn\u00e9es dans la visibilit\u00e9 des recherches\u202fet leurs pratiques de p\u00e9rennisation et de partage des donn\u00e9es. La table ronde sera enrichie par des questions et interventions du public.<\/td><td>ROCK AROUND DATA<\/td><\/tr><tr><td>14h40<\/td><td><strong>Mot de conclusion <\/strong>&#8211; C\u00e9line Rozenblat synth\u00e9tisera la journ\u00e9e et ouvrira la discussion sur les prochaines \u00e9tapes strat\u00e9giques pour la facult\u00e9&nbsp;: des propositions d&rsquo;ateliers de formation et le d\u00e9veloppement du catalogue de donn\u00e9es UNIL, que la FGSE a lanc\u00e9 en tant que projet pilote dans le cadre de la plateforme de recherche UNIL (IRIS).<\/td><td>ONE STEP BEYOND DATA<\/td><\/tr><tr><td>14h55<\/td><td><strong>Fresque graphique et cl\u00f4ture<\/strong> &#8211; Pour finir en beaut\u00e9, Anne-Rapha\u00eblle de Barmon, d\u00e9voilera sa fresque, bas\u00e9e sur les apports et la contribution active de chacun\u00b7e. Cette fresque sera utilis\u00e9e dans le nouveau site internet de la FGSE et ses futurs \u00e9v\u00e9nements&nbsp;!<\/td><td>MANGA\u00b7MY\u00b7DATA 2<\/td><\/tr><tr><td>15h15<\/td><td>Verr\u00e9e<\/td><td>DATA ON THE ROCKS&nbsp;!<\/td><\/tr><\/tbody><\/table><\/figure>\n","protected":false},"excerpt":{"rendered":"<p>Manga.My.Data \u2013 Jeux et enjeux des donn\u00e9es de recherche&nbsp; Le 4 septembre 2025 de 9h \u00e0 16hAvec repas de midi et ap\u00e9ritif&nbsp;!Vortex, Salle Nucleo Que vous soyez adepte des Big Data ou que vous ne pensiez pas produire des donn\u00e9es, venez profiter de cette journ\u00e9e pour d\u00e9couvrir les recherches de vos coll\u00e8gues, \u00e9changer sur les [&hellip;]<\/p>\n","protected":false},"author":47,"featured_media":0,"parent":0,"menu_order":50,"comment_status":"closed","ping_status":"closed","template":"","meta":{"_seopress_robots_primary_cat":"","_seopress_titles_title":"","_seopress_titles_desc":"","_seopress_robots_index":"","footnotes":"","_links_to":"","_links_to_target":""},"class_list":["post-12612","page","type-page","status-publish"],"_links":{"self":[{"href":"https:\/\/wp.unil.ch\/geoblog\/wp-json\/wp\/v2\/pages\/12612","targetHints":{"allow":["GET"]}}],"collection":[{"href":"https:\/\/wp.unil.ch\/geoblog\/wp-json\/wp\/v2\/pages"}],"about":[{"href":"https:\/\/wp.unil.ch\/geoblog\/wp-json\/wp\/v2\/types\/page"}],"author":[{"embeddable":true,"href":"https:\/\/wp.unil.ch\/geoblog\/wp-json\/wp\/v2\/users\/47"}],"replies":[{"embeddable":true,"href":"https:\/\/wp.unil.ch\/geoblog\/wp-json\/wp\/v2\/comments?post=12612"}],"version-history":[{"count":4,"href":"https:\/\/wp.unil.ch\/geoblog\/wp-json\/wp\/v2\/pages\/12612\/revisions"}],"predecessor-version":[{"id":13760,"href":"https:\/\/wp.unil.ch\/geoblog\/wp-json\/wp\/v2\/pages\/12612\/revisions\/13760"}],"wp:attachment":[{"href":"https:\/\/wp.unil.ch\/geoblog\/wp-json\/wp\/v2\/media?parent=12612"}],"curies":[{"name":"wp","href":"https:\/\/api.w.org\/{rel}","templated":true}]}}

Journée de la recherche FGSE

<h2 class="wp-block-heading">Manga.My.Data – Jeux et enjeux des données de recherche&nbsp;</h2>



<div class="wp-block-columns is-layout-flex wp-container-core-columns-is-layout-28f84493 wp-block-columns-is-layout-flex">
<div class="wp-block-column is-layout-flow wp-block-column-is-layout-flow" style="flex-basis:50%">
<figure class="wp-block-image size-large"><a href="https://wp.unil.ch/geoblog/files/2025/06/manga-my-data.jpg"><img alt="" loading="lazy" decoding="async" width="724" height="1024" src="https://wp.unil.ch/geoblog/files/2025/06/manga-my-data-724x1024.jpg" alt="" class="wp-image-12774" srcset="https://wp.unil.ch/geoblog/files/2025/06/manga-my-data-724x1024.jpg 724w, https://wp.unil.ch/geoblog/files/2025/06/manga-my-data-212x300.jpg 212w, https://wp.unil.ch/geoblog/files/2025/06/manga-my-data-768x1086.jpg 768w, https://wp.unil.ch/geoblog/files/2025/06/manga-my-data.jpg 849w" sizes="auto, (max-width: 724px) 100vw, 724px" /></a></figure>
</div>



<div class="wp-block-column is-layout-flow wp-block-column-is-layout-flow" style="flex-basis:60%">
<div class="wp-block-group has-background has-global-padding is-layout-constrained wp-block-group-is-layout-constrained" style="background-color:#eeeeeeed">
<p><strong>Le 4 septembre 2025 de 9h à 16h</strong><br><strong>Avec repas de midi et apéritif&nbsp;!</strong><br><strong>Vortex, Salle Nucleo</strong></p>
</div>
</div>
</div>



<p>Que vous soyez adepte des Big Data ou que vous ne pensiez pas produire des données, venez profiter de cette journée pour découvrir les recherches de vos collègues, échanger sur les vôtres et vos pratiques et nourrir les réflexions autour du bien commun que sont les données.&nbsp;</p>



<p>Comment les rendre plus visibles tout en adoptant les sécurités nécessaires ? Comment mieux les partager ?&nbsp;Rejoignez un moment et un espace dédiés à la rencontre, à la créativité et à l’intelligence collective autour d&rsquo;un enjeu de notre faculté: les jeux de données de recherche&nbsp;!&nbsp;Une artiste dessinatrice accompagnera cette journée et relatera les fruits des échanges par une fresque (Manga) !&nbsp;</p>



<p>La Journée s&rsquo;inscrit comme une première étape de réflexion sur la valorisation de nos données de recherche. Elle se poursuivra avec des mini-workshops, des formations ad hoc, et un projet-pilote de catalogage des données à l’UNIL !</p>



<h3 class="wp-block-heading">Programme</h3>



<figure class="wp-block-table is-style-stripes"><table><tbody><tr><td>Dès 9h</td><td>Café de bienvenue</td><td></td></tr><tr><td>9h30</td><td><strong>Introduction</strong> &#8211; Céline Rozenblat exposera l’importance actuelle des données de la recherche comme bien commun de la connaissance. Partant de ce constat, comment faire pour tirer le meilleur parti des données de la FGSE et les rendre visibles, même celles qui ne sont pas partageables&nbsp;?</td><td>OPENING THE DATA BOX</td></tr><tr><td>10h</td><td><strong>Atelier en duos</strong> &#8211; Vous serez invités à présenter vos données avec un collègue de la FGSE dans un cadre convivial. Un canevas de questions vous sera proposé pour vous guider et animer vos échanges, afin de vous inciter à réfléchir aux données dont vous rêvez, à celles données qui vous survivront…</td><td>T’AS-MA-DATA 1</td></tr><tr><td>10h45</td><td>Pause café &nbsp;&nbsp;<em>&nbsp;&nbsp;&nbsp;&nbsp;</em></td><td>HOT DATA</td></tr><tr><td>11h</td><td><strong>Restitution d’atelier &#8211; en groupe et plénière&nbsp;</strong>&nbsp;&#8211; En petits groupes, chaque duo présentera les données de son partenaire. Une restitution générale suivra.<br>Pendant toutes les étapes de l’atelier, des spécialistes des données de la recherche seront présent·es pour échanger avec vous et répondre à vos questions&nbsp;: Carmen Jambé (UNIRIS),&nbsp; Zhargalma Dandarova et Amélie Dreiss (Soutien aux données de recherche FGSE).</td><td>T’AS-MA-DATA 2<br>T’AS-MA-DATA 3</td></tr><tr><td>12h</td><td>Repas</td><td><em>SHARED DATA MEAL</em><strong><em>&nbsp;</em></strong></td></tr><tr><td>13h20</td><td><strong>Retour graphique et échanges</strong> &#8211; Anne-Raphaëlle de Barmon, artiste et autrice de l&rsquo;affiche de le Journée, illustrera les échanges en créant une fresque. Les chercheurs seront invités à contribuer en réagissant et en commentant, afin d&rsquo;enrichir le dialogue entre l&rsquo;art et la recherche.</td><td>MANGA·MY·DATA 1</td></tr><tr><td>13h40</td><td><strong>Table ronde</strong> &#8211; Ariane Maharaj (ISTE), Bart Steen (IDYST) et Selin Yilmaz (IGD) discuteront des enjeux des données dans la visibilité des recherches et leurs pratiques de pérennisation et de partage des données. La table ronde sera enrichie par des questions et interventions du public.</td><td>ROCK AROUND DATA</td></tr><tr><td>14h40</td><td><strong>Mot de conclusion </strong>&#8211; Céline Rozenblat synthétisera la journée et ouvrira la discussion sur les prochaines étapes stratégiques pour la faculté&nbsp;: des propositions d&rsquo;ateliers de formation et le développement du catalogue de données UNIL, que la FGSE a lancé en tant que projet pilote dans le cadre de la plateforme de recherche UNIL (IRIS).</td><td>ONE STEP BEYOND DATA</td></tr><tr><td>14h55</td><td><strong>Fresque graphique et clôture</strong> &#8211; Pour finir en beauté, Anne-Raphaëlle de Barmon, dévoilera sa fresque, basée sur les apports et la contribution active de chacun·e. Cette fresque sera utilisée dans le nouveau site internet de la FGSE et ses futurs événements&nbsp;!</td><td>MANGA·MY·DATA 2</td></tr><tr><td>15h15</td><td>Verrée</td><td>DATA ON THE ROCKS&nbsp;!</td></tr></tbody></table></figure>

<p>Manga.My.Data – Jeux et enjeux des données de recherche&nbsp; Le 4 septembre 2025 de 9h à 16hAvec repas de midi et apéritif&nbsp;!Vortex, Salle Nucleo Que vous soyez adepte des Big Data ou que vous ne pensiez pas produire des données, venez profiter de cette journée pour découvrir les recherches de vos collègues, échanger sur les [&hellip;]</p>
