{"id":12690,"date":"2025-05-09T15:23:29","date_gmt":"2025-05-09T13:23:29","guid":{"rendered":"https:\/\/wp.unil.ch\/geoblog\/journee-de-la-recherche-fgse\/"},"modified":"2026-02-03T09:17:49","modified_gmt":"2026-02-03T08:17:49","slug":"journee-de-la-recherche-fgse","status":"publish","type":"page","link":"https:\/\/wp.unil.ch\/geoblog\/en\/journee-de-la-recherche-fgse\/","title":{"rendered":"FGSE Research Day 2025"},"content":{"rendered":"\n<h2 class=\"wp-block-heading\">Manga.My.Data \u2013 Research data and data challenges<\/h2>\n\n\n\n<div class=\"wp-block-columns is-layout-flex wp-container-core-columns-is-layout-28f84493 wp-block-columns-is-layout-flex\">\n<div class=\"wp-block-column is-layout-flow wp-block-column-is-layout-flow\" style=\"flex-basis:50%\">\n<figure class=\"wp-block-image size-large\"><a href=\"https:\/\/wp.unil.ch\/geoblog\/files\/2025\/06\/manga-my-data.jpg\"><img loading=\"lazy\" decoding=\"async\" width=\"724\" height=\"1024\" src=\"https:\/\/wp.unil.ch\/geoblog\/files\/2025\/06\/manga-my-data-724x1024.jpg\" alt=\"manga my data\" class=\"wp-image-12773\" srcset=\"https:\/\/wp.unil.ch\/geoblog\/files\/2025\/06\/manga-my-data-724x1024.jpg 724w, https:\/\/wp.unil.ch\/geoblog\/files\/2025\/06\/manga-my-data-212x300.jpg 212w, https:\/\/wp.unil.ch\/geoblog\/files\/2025\/06\/manga-my-data-768x1086.jpg 768w, https:\/\/wp.unil.ch\/geoblog\/files\/2025\/06\/manga-my-data.jpg 849w\" sizes=\"auto, (max-width: 724px) 100vw, 724px\" \/><\/a><\/figure>\n<\/div>\n\n\n\n<div class=\"wp-block-column is-layout-flow wp-block-column-is-layout-flow\" style=\"flex-basis:60%\">\n<div class=\"wp-block-group has-background has-global-padding is-layout-constrained wp-block-group-is-layout-constrained\" style=\"background-color:#eeeeeeed\">\n<p><strong>Thursday 4&nbsp;September 2025, &nbsp;9h-16h<br>With lunch and ap\u00e9ritif&nbsp;!<br>Vortex, Nucleo&nbsp;room<\/strong><\/p>\n<\/div>\n<\/div>\n<\/div>\n\n\n\n<p>Whether you&#8217;re a Big Data enthusiast or you&#8217;ve never thought about producing data, come and take advantage of this day to find out about your colleagues&#8217; research, discuss your own, and contribute to the debate on the data as common good.&nbsp;<\/p>\n\n\n\n<p>How can we make data more visible while adopting the necessary safeguards?&nbsp;How can we share it more effectively? Join us for a moment dedicated to encounters, creativity and collective intelligence around a challenge of and for our faculty: research datasets!<\/p>\n\n\n\n<p>An artist will illustrate the day&#8217;s events and record the results of the discussions in a mural (Manga)!<\/p>\n\n\n\n<p>The Day is intended as a first step in thinking about how to get the most out of our research data. It will continue with mini-workshops, ad hoc training courses and a pilot project for data cataloguing at UNIL!<\/p>\n\n\n\n<h3 class=\"wp-block-heading\">Registration is closed!<\/h3>\n\n\n\n<h3 class=\"wp-block-heading\">Programme<\/h3>\n\n\n\n<figure class=\"wp-block-table\"><table><tbody><tr><td>From 9h<\/td><td>Welcom coffee + croissants<\/td><td><\/td><\/tr><tr><td>9h30<\/td><td><strong>Introduction<\/strong> &#8211; C\u00e9line Rozenblat will highlight the current importance of research data as a knowledge commons. Keeping this in mind, what can be done to make the most your data and make them visible, even the ones that cannot be shared?<\/td><td>OPENING THE DATA BOX<\/td><\/tr><tr><td>10h<\/td><td><strong>Workshop in duos<\/strong> &#8211; You will be invited to present your research data to a FGSE colleague in a convivial setting. A set of guiding questions will be proposed to structure and animate your exchanges, encouraging you to think about the data that will outlive you or the data you dream of\u2026<\/td><td>T\u2019AS-MA-DATA 1<\/td><\/tr><tr><td>10h45<\/td><td>Coffee break<\/td><td>HOT DATA<\/td><\/tr><tr><td>11h<\/td><td><strong>Workshop group and plenary feedback<\/strong> &#8211; In small groups of 8, each duo will present the data of their partner. A general restitution will follow.<br>During all workshop stages, research data specialists des donn\u00e9es will be there to exchange with you and answer your questions : Carmen Jamb\u00e9 (UNIRIS), Zhargalma Dandarova et Am\u00e9lie Dreiss (Research data support FGSE)<\/td><td>T\u2019AS-MA-DATA 2<br>T\u2019AS-MA-DATA 3<\/td><\/tr><tr><td>12h<\/td><td>Lunch<\/td><td><em>SHARED DATA MEAL<\/em><strong><em>&nbsp;<\/em><\/strong><\/td><\/tr><tr><td>13h20<\/td><td><strong>Graphic feedback and discussion<\/strong> &#8211; Anne-Rapha\u00eblle de Barmon, visual artist and author of the Day\u2019s poster, will illustrate your exchanges by creating a fresco. Researchers will be invited to contribute by reacting and commenting, in order to enrich the dialogue between art and research.<\/td><td>MANGA\u00b7MY\u00b7DATA 1<\/td><\/tr><tr><td>13h40<\/td><td><strong>Round table<\/strong> &#8211; Ariane Maharaj (ISTE), Bart Steen (IDYST) et Selin Yilmaz (IGD) will address the challenges of data in terms of research visibility, and their practices for ensuring data sustainability and sharing. The round table will be enlivened by questions and comments from the audience.<\/td><td>ROCK AROUND DATA<\/td><\/tr><tr><td>14h40<\/td><td><strong>Conclusion<\/strong> &#8211; C\u00e9line Rozenblat will summarize the day and open the discussion on the next strategic steps for the Faculty: proposals for training workshops and the development of the UNIL data catalogue, that the FGSE has initiated as a pilot project in the future UNIL research platform (IRIS).<\/td><td>ONE STEP BEYOND DATA<\/td><\/tr><tr><td>14h55<\/td><td><strong>Graphic fresco and closing <\/strong>&#8211; To finish on a high note, Anne-Rapha\u00eblle de Barmon, will unveil her completed fresco, based on everyone&#8217;s input and active involvement. The mural will be used on the new FGSE website for many upcoming events!<\/td><td>MANGA\u00b7MY\u00b7DATA 2<\/td><\/tr><tr><td>15h15<\/td><td>Aperitif<\/td><td>DATA ON THE ROCKS&nbsp;!<\/td><\/tr><\/tbody><\/table><\/figure>\n","protected":false},"excerpt":{"rendered":"<p>Manga.My.Data \u2013 Research data and data challenges Thursday 4&nbsp;September 2025, &nbsp;9h-16hWith lunch and ap\u00e9ritif&nbsp;!Vortex, Nucleo&nbsp;room Whether you&#8217;re a Big Data enthusiast or you&#8217;ve never thought about producing data, come and take advantage of this day to find out about your colleagues&#8217; research, discuss your own, and contribute to the debate on the data as common [&hellip;]<\/p>\n","protected":false},"author":47,"featured_media":0,"parent":0,"menu_order":50,"comment_status":"closed","ping_status":"closed","template":"","meta":{"_seopress_robots_primary_cat":"","_seopress_titles_title":"","_seopress_titles_desc":"","_seopress_robots_index":"","footnotes":"","_links_to":"","_links_to_target":""},"class_list":["post-12690","page","type-page","status-publish"],"_links":{"self":[{"href":"https:\/\/wp.unil.ch\/geoblog\/en\/wp-json\/wp\/v2\/pages\/12690","targetHints":{"allow":["GET"]}}],"collection":[{"href":"https:\/\/wp.unil.ch\/geoblog\/en\/wp-json\/wp\/v2\/pages"}],"about":[{"href":"https:\/\/wp.unil.ch\/geoblog\/en\/wp-json\/wp\/v2\/types\/page"}],"author":[{"embeddable":true,"href":"https:\/\/wp.unil.ch\/geoblog\/en\/wp-json\/wp\/v2\/users\/47"}],"replies":[{"embeddable":true,"href":"https:\/\/wp.unil.ch\/geoblog\/en\/wp-json\/wp\/v2\/comments?post=12690"}],"version-history":[{"count":5,"href":"https:\/\/wp.unil.ch\/geoblog\/en\/wp-json\/wp\/v2\/pages\/12690\/revisions"}],"predecessor-version":[{"id":13761,"href":"https:\/\/wp.unil.ch\/geoblog\/en\/wp-json\/wp\/v2\/pages\/12690\/revisions\/13761"}],"wp:attachment":[{"href":"https:\/\/wp.unil.ch\/geoblog\/en\/wp-json\/wp\/v2\/media?parent=12690"}],"curies":[{"name":"wp","href":"https:\/\/api.w.org\/{rel}","templated":true}]}}

<h2 class="wp-block-heading">Manga.My.Data – Research data and data challenges</h2>



<div class="wp-block-columns is-layout-flex wp-container-core-columns-is-layout-28f84493 wp-block-columns-is-layout-flex">
<div class="wp-block-column is-layout-flow wp-block-column-is-layout-flow" style="flex-basis:50%">
<figure class="wp-block-image size-large"><a href="https://wp.unil.ch/geoblog/files/2025/06/manga-my-data.jpg"><img loading="lazy" decoding="async" width="724" height="1024" src="https://wp.unil.ch/geoblog/files/2025/06/manga-my-data-724x1024.jpg" alt="manga my data" class="wp-image-12773" srcset="https://wp.unil.ch/geoblog/files/2025/06/manga-my-data-724x1024.jpg 724w, https://wp.unil.ch/geoblog/files/2025/06/manga-my-data-212x300.jpg 212w, https://wp.unil.ch/geoblog/files/2025/06/manga-my-data-768x1086.jpg 768w, https://wp.unil.ch/geoblog/files/2025/06/manga-my-data.jpg 849w" sizes="auto, (max-width: 724px) 100vw, 724px" /></a></figure>
</div>



<div class="wp-block-column is-layout-flow wp-block-column-is-layout-flow" style="flex-basis:60%">
<div class="wp-block-group has-background has-global-padding is-layout-constrained wp-block-group-is-layout-constrained" style="background-color:#eeeeeeed">
<p><strong>Thursday 4&nbsp;September 2025, &nbsp;9h-16h<br>With lunch and apéritif&nbsp;!<br>Vortex, Nucleo&nbsp;room</strong></p>
</div>
</div>
</div>



<p>Whether you&#8217;re a Big Data enthusiast or you&#8217;ve never thought about producing data, come and take advantage of this day to find out about your colleagues&#8217; research, discuss your own, and contribute to the debate on the data as common good.&nbsp;</p>



<p>How can we make data more visible while adopting the necessary safeguards?&nbsp;How can we share it more effectively? Join us for a moment dedicated to encounters, creativity and collective intelligence around a challenge of and for our faculty: research datasets!</p>



<p>An artist will illustrate the day&#8217;s events and record the results of the discussions in a mural (Manga)!</p>



<p>The Day is intended as a first step in thinking about how to get the most out of our research data. It will continue with mini-workshops, ad hoc training courses and a pilot project for data cataloguing at UNIL!</p>



<h3 class="wp-block-heading">Registration is closed!</h3>



<h3 class="wp-block-heading">Programme</h3>



<figure class="wp-block-table"><table><tbody><tr><td>From 9h</td><td>Welcom coffee + croissants</td><td></td></tr><tr><td>9h30</td><td><strong>Introduction</strong> &#8211; Céline Rozenblat will highlight the current importance of research data as a knowledge commons. Keeping this in mind, what can be done to make the most your data and make them visible, even the ones that cannot be shared?</td><td>OPENING THE DATA BOX</td></tr><tr><td>10h</td><td><strong>Workshop in duos</strong> &#8211; You will be invited to present your research data to a FGSE colleague in a convivial setting. A set of guiding questions will be proposed to structure and animate your exchanges, encouraging you to think about the data that will outlive you or the data you dream of…</td><td>T’AS-MA-DATA 1</td></tr><tr><td>10h45</td><td>Coffee break</td><td>HOT DATA</td></tr><tr><td>11h</td><td><strong>Workshop group and plenary feedback</strong> &#8211; In small groups of 8, each duo will present the data of their partner. A general restitution will follow.<br>During all workshop stages, research data specialists des données will be there to exchange with you and answer your questions : Carmen Jambé (UNIRIS), Zhargalma Dandarova et Amélie Dreiss (Research data support FGSE)</td><td>T’AS-MA-DATA 2<br>T’AS-MA-DATA 3</td></tr><tr><td>12h</td><td>Lunch</td><td><em>SHARED DATA MEAL</em><strong><em>&nbsp;</em></strong></td></tr><tr><td>13h20</td><td><strong>Graphic feedback and discussion</strong> &#8211; Anne-Raphaëlle de Barmon, visual artist and author of the Day’s poster, will illustrate your exchanges by creating a fresco. Researchers will be invited to contribute by reacting and commenting, in order to enrich the dialogue between art and research.</td><td>MANGA·MY·DATA 1</td></tr><tr><td>13h40</td><td><strong>Round table</strong> &#8211; Ariane Maharaj (ISTE), Bart Steen (IDYST) et Selin Yilmaz (IGD) will address the challenges of data in terms of research visibility, and their practices for ensuring data sustainability and sharing. The round table will be enlivened by questions and comments from the audience.</td><td>ROCK AROUND DATA</td></tr><tr><td>14h40</td><td><strong>Conclusion</strong> &#8211; Céline Rozenblat will summarize the day and open the discussion on the next strategic steps for the Faculty: proposals for training workshops and the development of the UNIL data catalogue, that the FGSE has initiated as a pilot project in the future UNIL research platform (IRIS).</td><td>ONE STEP BEYOND DATA</td></tr><tr><td>14h55</td><td><strong>Graphic fresco and closing </strong>&#8211; To finish on a high note, Anne-Raphaëlle de Barmon, will unveil her completed fresco, based on everyone&#8217;s input and active involvement. The mural will be used on the new FGSE website for many upcoming events!</td><td>MANGA·MY·DATA 2</td></tr><tr><td>15h15</td><td>Aperitif</td><td>DATA ON THE ROCKS&nbsp;!</td></tr></tbody></table></figure>

<p>Manga.My.Data – Research data and data challenges Thursday 4&nbsp;September 2025, &nbsp;9h-16hWith lunch and apéritif&nbsp;!Vortex, Nucleo&nbsp;room Whether you&#8217;re a Big Data enthusiast or you&#8217;ve never thought about producing data, come and take advantage of this day to find out about your colleagues&#8217; research, discuss your own, and contribute to the debate on the data as common [&hellip;]</p>
