{"id":206,"date":"2019-07-31T11:02:23","date_gmt":"2019-07-31T09:02:23","guid":{"rendered":"http:\/\/wp.unil.ch\/gedunil\/?page_id=206"},"modified":"2020-01-13T10:14:29","modified_gmt":"2020-01-13T09:14:29","slug":"seance","status":"publish","type":"page","link":"https:\/\/wp.unil.ch\/gedunil\/espaces-gedunil\/seance\/","title":{"rendered":"Espace de s\u00e9ance"},"content":{"rendered":"<p>Les espaces de s\u00e9ance sont r\u00e9serv\u00e9s \u00e0 la gestion documentaire des s\u00e9ances d\u2019organes institutionnels (Direction, Conseils de facult\u00e9s, DIDO, etc.).<\/p>\n<p>Des fonctionnalit\u00e9s sp\u00e9cifiques ont \u00e9t\u00e9 mises en place pour r\u00e9pondre aux besoins des usagers, notamment un <a href=\"https:\/\/wp.unil.ch\/gedunil\/2020\/01\/bloc-notes-mode-demploi\/\"><strong>bloc-note Onenote<\/strong><\/a> pouvant \u00eatre utilis\u00e9 pour la prise de notes pendant la s\u00e9ance avant mise au propre dans les champs correspondants \u00e0 chaque point abord\u00e9.<\/p>\n<h5>Le tableau de bord<\/h5>\n<p>La page d&rsquo;accueil d&rsquo;un espace de s\u00e9ances est le tableau de bord. Celui-ci permet aux personnes ayant acc\u00e8s \u00e0 cet espace sans en \u00eatre gestionnaire de disposer sur la m\u00eame page de toutes les informations dont elles ont besoin pour suivre la s\u00e9ance.<\/p>\n<p>Sur cette page d&rsquo;accueil, on observe:<\/p>\n<ul>\n<li>les menus (1),<\/li>\n<li>les points \u00e0 l&rsquo;ordre du jour accompagn\u00e9s de leur description et de la d\u00e9cision ayant \u00e9t\u00e9 prise (2),<\/li>\n<li>les annexes et annexes confidentielles (3),<\/li>\n<li>et l&rsquo;outil de g\u00e9n\u00e9ration de l&rsquo;OJ et des PVs (4)<\/li>\n<\/ul>\n<figure id=\"attachment_792\" aria-describedby=\"caption-attachment-792\" style=\"width: 720px\" class=\"wp-caption aligncenter\"><img loading=\"lazy\" decoding=\"async\" class=\"wp-image-792 size-large\" src=\"https:\/\/wp.unil.ch\/gedunil\/files\/2019\/11\/tableaudebord_seances-1024x578.jpg\" alt=\"aper\u00e7u du tableau de bord\" width=\"720\" height=\"406\" srcset=\"https:\/\/wp.unil.ch\/gedunil\/files\/2019\/11\/tableaudebord_seances-1024x578.jpg 1024w, https:\/\/wp.unil.ch\/gedunil\/files\/2019\/11\/tableaudebord_seances-300x169.jpg 300w, https:\/\/wp.unil.ch\/gedunil\/files\/2019\/11\/tableaudebord_seances-768x433.jpg 768w, https:\/\/wp.unil.ch\/gedunil\/files\/2019\/11\/tableaudebord_seances.jpg 1920w\" sizes=\"auto, (max-width: 720px) 100vw, 720px\" \/><figcaption id=\"caption-attachment-792\" class=\"wp-caption-text\">points de rep\u00e8res sur la page d&rsquo;accueil d&rsquo;un espace de s\u00e9ance<\/figcaption><\/figure>\n<p>&nbsp;<\/p>\n<h5>Les listes<\/h5>\n<p><a href=\"https:\/\/wp.unil.ch\/gedunil\/2019\/08\/les-listes\/\">Les listes<\/a> sp\u00e9cifiques aux espaces de s\u00e9ance sont la liste des pr\u00e9sences et les points \u00e0 l&rsquo;ordre du jour.<\/p>\n<h6>La liste de pr\u00e9sences<\/h6>\n<p>Cette liste permet de lister les personnes pr\u00e9sentes et d&rsquo;indiquer leur acronyme. Il est possible d&rsquo;indiquer si la personne \u00e9tait pr\u00e9sente, partiellement pr\u00e9sente ou excus\u00e9e et de noter des remarques utiles au d\u00e9roulement de la s\u00e9ance, notamment si la personne \u00e9tait absente pour la d\u00e9lib\u00e9ration des premiers points par exemple.<\/p>\n<figure id=\"attachment_416\" aria-describedby=\"caption-attachment-416\" style=\"width: 720px\" class=\"wp-caption aligncenter\"><img alt=\"\" loading=\"lazy\" decoding=\"async\" class=\"wp-image-416 size-large\" src=\"https:\/\/wp.unil.ch\/gedunil\/files\/2019\/08\/presence_seances-1024x401.jpg\" alt=\"\" width=\"720\" height=\"282\" srcset=\"https:\/\/wp.unil.ch\/gedunil\/files\/2019\/08\/presence_seances-1024x401.jpg 1024w, https:\/\/wp.unil.ch\/gedunil\/files\/2019\/08\/presence_seances-300x118.jpg 300w, https:\/\/wp.unil.ch\/gedunil\/files\/2019\/08\/presence_seances-768x301.jpg 768w, https:\/\/wp.unil.ch\/gedunil\/files\/2019\/08\/presence_seances.jpg 1248w\" sizes=\"auto, (max-width: 720px) 100vw, 720px\" \/><figcaption id=\"caption-attachment-416\" class=\"wp-caption-text\">exemple de liste de pr\u00e9sences<\/figcaption><\/figure>\n<p>Cette liste n&rsquo;est pas li\u00e9e au LDAP. Il n&rsquo;est pour l&rsquo;instant pas possible de l&rsquo;importer depuis un .csv directement sur GEDUNIL.<\/p>\n<h6>Les points \u00e0 l&rsquo;ordre du jour<\/h6>\n<p>Cette liste est le contenant principal de la s\u00e9ance. Elle est remplie avant la s\u00e9ance, puis les d\u00e9cisions concernant chaque point sont report\u00e9es pendant la s\u00e9ance (ou apr\u00e8s). Elle permet d&rsquo;indiquer, pour chaque point:<\/p>\n<ul>\n<li style=\"list-style-type: none\">\n<ul>\n<li>son ordre de passage dans la s\u00e9ance,<\/li>\n<li>son titre<\/li>\n<li>sa description<\/li>\n<li>une cat\u00e9gorisation du point (facultatif)<\/li>\n<li>l&rsquo;argumentaire d\u00e9velopp\u00e9 pendant la s\u00e9ance<\/li>\n<li>la d\u00e9cision qui est prise<\/li>\n<li>le statut du point: annul\u00e9, ouvert, report\u00e9, valid\u00e9<\/li>\n<li>s&rsquo;il a des annexes ou des annexes confidentielles<\/li>\n<\/ul>\n<\/li>\n<\/ul>\n<h5>Les doclibs (biblioth\u00e8ques de documents)<\/h5>\n<p>Les espaces de s\u00e9ances contiennent par d\u00e9faut trois <a href=\"https:\/\/wp.unil.ch\/gedunil\/2019\/08\/doclib\/\">biblioth\u00e8ques de document<\/a> (doclibs). Les droits d&rsquo;acc\u00e8s sont param\u00e9trables pour chaque doclib. Les doclibs suivantes sont \u00e0 disposition:<\/p>\n<ul>\n<li style=\"list-style-type: none\">\n<ul>\n<li>les annexes<\/li>\n<li>les annexes confidentielles<\/li>\n<li>les ordres du jour et PV (op\u00e9rationnels et d\u00e9cisionnels) g\u00e9n\u00e9r\u00e9s automatiquement \u00e0 partir du mod\u00e8le<em> (template)<\/em> fourni par les utilisateurs<\/li>\n<\/ul>\n<\/li>\n<\/ul>\n<figure id=\"attachment_420\" aria-describedby=\"caption-attachment-420\" style=\"width: 720px\" class=\"wp-caption aligncenter\"><img loading=\"lazy\" decoding=\"async\" class=\"wp-image-420 size-large\" src=\"https:\/\/wp.unil.ch\/gedunil\/files\/2019\/08\/generation_OJ-PV-1024x215.png\" alt=\"g\u00e9n\u00e9ration automatique OJ\/PV\" width=\"720\" height=\"151\" srcset=\"https:\/\/wp.unil.ch\/gedunil\/files\/2019\/08\/generation_OJ-PV-1024x215.png 1024w, https:\/\/wp.unil.ch\/gedunil\/files\/2019\/08\/generation_OJ-PV-300x63.png 300w, https:\/\/wp.unil.ch\/gedunil\/files\/2019\/08\/generation_OJ-PV-768x161.png 768w, https:\/\/wp.unil.ch\/gedunil\/files\/2019\/08\/generation_OJ-PV.png 1121w\" sizes=\"auto, (max-width: 720px) 100vw, 720px\" \/><figcaption id=\"caption-attachment-420\" class=\"wp-caption-text\">g\u00e9n\u00e9ration automatique OJ\/PV<\/figcaption><\/figure>\n<h5>Configurations possibles<\/h5>\n<p>La configuration de base doit \u00eatre la plus stable possible pour ces documents qui ont une valeur archivistique importante pour l&rsquo;UNIL. Certaines modifications sont cependant possibles et doivent \u00eatre discut\u00e9es avec l&rsquo;\u00e9quipe GEDUNIL au cas par cas :<\/p>\n<ul>\n<li style=\"list-style-type: none\">\n<ul>\n<li>suppression du bloc-notes si l&rsquo;utilisateur n&rsquo;en a pas l&rsquo;utilit\u00e9<\/li>\n<li>mise \u00e0 jour du <em>template<\/em> pour la g\u00e9n\u00e9ration automatique des PV et ordres du jour<\/li>\n<\/ul>\n<\/li>\n<\/ul>\n<h5>Articles de blog relatifs \u00e0 ces espaces<\/h5>\n<p>Les articles du blog relatifs aux espaces de s\u00e9ances figurent sous <a href=\"https:\/\/wp.unil.ch\/gedunil\/tag\/seance\/\">le tag \u00ab\u00a0s\u00e9ance\u00a0\u00bb<\/a>.<\/p>\n","protected":false},"excerpt":{"rendered":"<p>Les espaces de s\u00e9ance sont r\u00e9serv\u00e9s \u00e0 la gestion documentaire des s\u00e9ances d\u2019organes institutionnels (Direction, Conseils de facult\u00e9s, DIDO, etc.). Des fonctionnalit\u00e9s sp\u00e9cifiques ont \u00e9t\u00e9 mises en place pour r\u00e9pondre aux besoins des usagers, notamment un bloc-note Onenote pouvant \u00eatre<\/p>\n","protected":false},"author":1001960,"featured_media":0,"parent":192,"menu_order":0,"comment_status":"closed","ping_status":"closed","template":"","meta":{"_seopress_robots_primary_cat":"","_seopress_titles_title":"","_seopress_titles_desc":"","_seopress_robots_index":"","footnotes":""},"class_list":["post-206","page","type-page","status-publish"],"_links":{"self":[{"href":"https:\/\/wp.unil.ch\/gedunil\/wp-json\/wp\/v2\/pages\/206","targetHints":{"allow":["GET"]}}],"collection":[{"href":"https:\/\/wp.unil.ch\/gedunil\/wp-json\/wp\/v2\/pages"}],"about":[{"href":"https:\/\/wp.unil.ch\/gedunil\/wp-json\/wp\/v2\/types\/page"}],"author":[{"embeddable":true,"href":"https:\/\/wp.unil.ch\/gedunil\/wp-json\/wp\/v2\/users\/1001960"}],"replies":[{"embeddable":true,"href":"https:\/\/wp.unil.ch\/gedunil\/wp-json\/wp\/v2\/comments?post=206"}],"version-history":[{"count":0,"href":"https:\/\/wp.unil.ch\/gedunil\/wp-json\/wp\/v2\/pages\/206\/revisions"}],"up":[{"embeddable":true,"href":"https:\/\/wp.unil.ch\/gedunil\/wp-json\/wp\/v2\/pages\/192"}],"wp:attachment":[{"href":"https:\/\/wp.unil.ch\/gedunil\/wp-json\/wp\/v2\/media?parent=206"}],"curies":[{"name":"wp","href":"https:\/\/api.w.org\/{rel}","templated":true}]}}

Espace de séance

<p>Les espaces de séance sont réservés à la gestion documentaire des séances d’organes institutionnels (Direction, Conseils de facultés, DIDO, etc.).</p>
<p>Des fonctionnalités spécifiques ont été mises en place pour répondre aux besoins des usagers, notamment un <a href="https://wp.unil.ch/gedunil/2020/01/bloc-notes-mode-demploi/"><strong>bloc-note Onenote</strong></a> pouvant être utilisé pour la prise de notes pendant la séance avant mise au propre dans les champs correspondants à chaque point abordé.</p>
<h5>Le tableau de bord</h5>
<p>La page d&rsquo;accueil d&rsquo;un espace de séances est le tableau de bord. Celui-ci permet aux personnes ayant accès à cet espace sans en être gestionnaire de disposer sur la même page de toutes les informations dont elles ont besoin pour suivre la séance.</p>
<p>Sur cette page d&rsquo;accueil, on observe:</p>
<ul>
<li>les menus (1),</li>
<li>les points à l&rsquo;ordre du jour accompagnés de leur description et de la décision ayant été prise (2),</li>
<li>les annexes et annexes confidentielles (3),</li>
<li>et l&rsquo;outil de génération de l&rsquo;OJ et des PVs (4)</li>
</ul>
<figure id="attachment_792" aria-describedby="caption-attachment-792" style="width: 720px" class="wp-caption aligncenter"><img loading="lazy" decoding="async" class="wp-image-792 size-large" src="https://wp.unil.ch/gedunil/files/2019/11/tableaudebord_seances-1024x578.jpg" alt="aperçu du tableau de bord" width="720" height="406" srcset="https://wp.unil.ch/gedunil/files/2019/11/tableaudebord_seances-1024x578.jpg 1024w, https://wp.unil.ch/gedunil/files/2019/11/tableaudebord_seances-300x169.jpg 300w, https://wp.unil.ch/gedunil/files/2019/11/tableaudebord_seances-768x433.jpg 768w, https://wp.unil.ch/gedunil/files/2019/11/tableaudebord_seances.jpg 1920w" sizes="auto, (max-width: 720px) 100vw, 720px" /><figcaption id="caption-attachment-792" class="wp-caption-text">points de repères sur la page d&rsquo;accueil d&rsquo;un espace de séance</figcaption></figure>
<p>&nbsp;</p>
<h5>Les listes</h5>
<p><a href="https://wp.unil.ch/gedunil/2019/08/les-listes/">Les listes</a> spécifiques aux espaces de séance sont la liste des présences et les points à l&rsquo;ordre du jour.</p>
<h6>La liste de présences</h6>
<p>Cette liste permet de lister les personnes présentes et d&rsquo;indiquer leur acronyme. Il est possible d&rsquo;indiquer si la personne était présente, partiellement présente ou excusée et de noter des remarques utiles au déroulement de la séance, notamment si la personne était absente pour la délibération des premiers points par exemple.</p>
<figure id="attachment_416" aria-describedby="caption-attachment-416" style="width: 720px" class="wp-caption aligncenter"><img alt="" loading="lazy" decoding="async" class="wp-image-416 size-large" src="https://wp.unil.ch/gedunil/files/2019/08/presence_seances-1024x401.jpg" alt="" width="720" height="282" srcset="https://wp.unil.ch/gedunil/files/2019/08/presence_seances-1024x401.jpg 1024w, https://wp.unil.ch/gedunil/files/2019/08/presence_seances-300x118.jpg 300w, https://wp.unil.ch/gedunil/files/2019/08/presence_seances-768x301.jpg 768w, https://wp.unil.ch/gedunil/files/2019/08/presence_seances.jpg 1248w" sizes="auto, (max-width: 720px) 100vw, 720px" /><figcaption id="caption-attachment-416" class="wp-caption-text">exemple de liste de présences</figcaption></figure>
<p>Cette liste n&rsquo;est pas liée au LDAP. Il n&rsquo;est pour l&rsquo;instant pas possible de l&rsquo;importer depuis un .csv directement sur GEDUNIL.</p>
<h6>Les points à l&rsquo;ordre du jour</h6>
<p>Cette liste est le contenant principal de la séance. Elle est remplie avant la séance, puis les décisions concernant chaque point sont reportées pendant la séance (ou après). Elle permet d&rsquo;indiquer, pour chaque point:</p>
<ul>
<li style="list-style-type: none">
<ul>
<li>son ordre de passage dans la séance,</li>
<li>son titre</li>
<li>sa description</li>
<li>une catégorisation du point (facultatif)</li>
<li>l&rsquo;argumentaire développé pendant la séance</li>
<li>la décision qui est prise</li>
<li>le statut du point: annulé, ouvert, reporté, validé</li>
<li>s&rsquo;il a des annexes ou des annexes confidentielles</li>
</ul>
</li>
</ul>
<h5>Les doclibs (bibliothèques de documents)</h5>
<p>Les espaces de séances contiennent par défaut trois <a href="https://wp.unil.ch/gedunil/2019/08/doclib/">bibliothèques de document</a> (doclibs). Les droits d&rsquo;accès sont paramétrables pour chaque doclib. Les doclibs suivantes sont à disposition:</p>
<ul>
<li style="list-style-type: none">
<ul>
<li>les annexes</li>
<li>les annexes confidentielles</li>
<li>les ordres du jour et PV (opérationnels et décisionnels) générés automatiquement à partir du modèle<em> (template)</em> fourni par les utilisateurs</li>
</ul>
</li>
</ul>
<figure id="attachment_420" aria-describedby="caption-attachment-420" style="width: 720px" class="wp-caption aligncenter"><img loading="lazy" decoding="async" class="wp-image-420 size-large" src="https://wp.unil.ch/gedunil/files/2019/08/generation_OJ-PV-1024x215.png" alt="génération automatique OJ/PV" width="720" height="151" srcset="https://wp.unil.ch/gedunil/files/2019/08/generation_OJ-PV-1024x215.png 1024w, https://wp.unil.ch/gedunil/files/2019/08/generation_OJ-PV-300x63.png 300w, https://wp.unil.ch/gedunil/files/2019/08/generation_OJ-PV-768x161.png 768w, https://wp.unil.ch/gedunil/files/2019/08/generation_OJ-PV.png 1121w" sizes="auto, (max-width: 720px) 100vw, 720px" /><figcaption id="caption-attachment-420" class="wp-caption-text">génération automatique OJ/PV</figcaption></figure>
<h5>Configurations possibles</h5>
<p>La configuration de base doit être la plus stable possible pour ces documents qui ont une valeur archivistique importante pour l&rsquo;UNIL. Certaines modifications sont cependant possibles et doivent être discutées avec l&rsquo;équipe GEDUNIL au cas par cas :</p>
<ul>
<li style="list-style-type: none">
<ul>
<li>suppression du bloc-notes si l&rsquo;utilisateur n&rsquo;en a pas l&rsquo;utilité</li>
<li>mise à jour du <em>template</em> pour la génération automatique des PV et ordres du jour</li>
</ul>
</li>
</ul>
<h5>Articles de blog relatifs à ces espaces</h5>
<p>Les articles du blog relatifs aux espaces de séances figurent sous <a href="https://wp.unil.ch/gedunil/tag/seance/">le tag « séance »</a>.</p>

<p>Les espaces de séance sont réservés à la gestion documentaire des séances d’organes institutionnels (Direction, Conseils de facultés, DIDO, etc.). Des fonctionnalités spécifiques ont été mises en place pour répondre aux besoins des usagers, notamment un bloc-note Onenote pouvant être</p>
