{"id":204,"date":"2019-07-31T11:00:17","date_gmt":"2019-07-31T09:00:17","guid":{"rendered":"http:\/\/wp.unil.ch\/gedunil\/?page_id=204"},"modified":"2020-01-13T10:15:49","modified_gmt":"2020-01-13T09:15:49","slug":"projet","status":"publish","type":"page","link":"https:\/\/wp.unil.ch\/gedunil\/espaces-gedunil\/projet\/","title":{"rendered":"Espace projet"},"content":{"rendered":"<p>Les espaces projet sont d\u00e9di\u00e9s \u00e0 la gestion documentaire des projets de tout type (recherche, informatique, infrastructure, etc.).<\/p>\n<p>Il est possible d&rsquo;explorer <a href=\"https:\/\/projets.ged.unil.ch\/espaces\/2017\/P1\/SitePages\/Accueil.aspx\">une page de d\u00e9monstration<\/a> de l&rsquo;un de ces espaces.<\/p>\n<h5>Les listes<\/h5>\n<p><a href=\"https:\/\/wp.unil.ch\/gedunil\/2019\/08\/les-listes\/\">Les listes<\/a> sp\u00e9cifiques \u00e0 l&rsquo;espace projet sont:<\/p>\n<h6>L&rsquo;\u00e9quipe projet<\/h6>\n<p>L\u2019\u00e9quipe projet permet d&rsquo;entrer dans une liste les noms, r\u00f4les et coordonn\u00e9es de chaque membre du projet. Ainsi, il est possible d\u2019avoir une vision claire des membres de l\u2019\u00e9quipe et de leurs r\u00f4les.<\/p>\n<h6>Les livrables<\/h6>\n<p>On peut indiquer pour chaque livrable son titre, son \u00e9ch\u00e9ance ainsi que le nom de la personne \u00e0 laquelle la t\u00e2che a \u00e9t\u00e9 affect\u00e9e. Le champ \u00ab Relation \u00bb permet d\u2019indiquer un lien vers une page externe ou vers un document pr\u00e9sent dans l\u2019espace projet (par exemple un lien vers une biblioth\u00e8que de documents).<\/p>\n<h6>Les t\u00e2ches<\/h6>\n<p>Les t\u00e2ches du projet sont \u00e9galement \u00e0 entrer sous forme de liste. Il est possible d\u2019ajouter une t\u00e2che qui doit \u00eatre r\u00e9alis\u00e9e avant la t\u00e2che entr\u00e9e en s\u00e9lectionnant un \u00ab Pr\u00e9d\u00e9cesseur \u00bb dans le formulaire.<\/p>\n<p>En mode tableau (lien \u00ab modifier \u00bb), il est possible<\/p>\n<ul>\n<li>\n<ul>\n<li>d\u2019ajouter la t\u00e2che \u00e0 la chronologie (pour pouvoir visualiser les t\u00e2ches sous forme de frise chronologique)<\/li>\n<li>d\u2019indiquer des sous-t\u00e2ches (s\u00e9lectionner la t\u00e2che &gt; \u2026 &gt; \u00ab cr\u00e9er une t\u00e2che subordonn\u00e9e \u00bb). Cette option est disponible tant que la t\u00e2che n\u2019a pas \u00e9t\u00e9 ajout\u00e9e \u00e0 la chronologie<\/li>\n<\/ul>\n<\/li>\n<\/ul>\n<p>En cliquant sur la frise, le menu \u00ab chronologie \u00bb appara\u00eet. Il est alors possible de mettre en forme la frise (ajout de couleurs par ex).<\/p>\n<figure id=\"attachment_366\" aria-describedby=\"caption-attachment-366\" style=\"width: 1920px\" class=\"wp-caption alignnone\"><img loading=\"lazy\" decoding=\"async\" class=\"wp-image-366 size-full\" src=\"https:\/\/wp.unil.ch\/gedunil\/files\/2019\/08\/friseprojet.jpg\" alt=\"exemple de timeline projet\" width=\"1920\" height=\"551\" srcset=\"https:\/\/wp.unil.ch\/gedunil\/files\/2019\/08\/friseprojet.jpg 1920w, https:\/\/wp.unil.ch\/gedunil\/files\/2019\/08\/friseprojet-300x86.jpg 300w, https:\/\/wp.unil.ch\/gedunil\/files\/2019\/08\/friseprojet-768x220.jpg 768w, https:\/\/wp.unil.ch\/gedunil\/files\/2019\/08\/friseprojet-1024x294.jpg 1024w\" sizes=\"auto, (max-width: 1920px) 100vw, 1920px\" \/><figcaption id=\"caption-attachment-366\" class=\"wp-caption-text\">exemple de timeline projet<\/figcaption><\/figure>\n<h5>Les doclibs (biblioth\u00e8ques de documents)<\/h5>\n<p>Outre ces listes, un espace projet contient par d\u00e9faut deux <a href=\"https:\/\/wp.unil.ch\/gedunil\/2019\/08\/doclib\/\">biblioth\u00e8ques de document<\/a> (doclibs), \u00e0 savoir:<\/p>\n<ul>\n<li style=\"list-style-type: none\">\n<ul>\n<li>les documents administratifs: contenant d\u00e9di\u00e9 \u00e0 g\u00e9rer les documents en lien avec la gestion du travail et de l\u2019\u00e9quipe<\/li>\n<li>les documents de projet : contenant d\u00e9di\u00e9 \u00e0 g\u00e9rer les documents de travail.<\/li>\n<\/ul>\n<\/li>\n<\/ul>\n<p>Les droits d&rsquo;acc\u00e8s sont param\u00e9trables pour chaque doclib.<\/p>\n<h5>Le bloc-notes<\/h5>\n<p>Un bloc-notes OneNote est mis \u00e0 disposition sur chaque espace projet. Vous pouvez <a href=\"https:\/\/wp.unil.ch\/gedunil\/2020\/01\/bloc-notes-mode-demploi\/\">visionner une vid\u00e9o tutoriel pour la fonctionnalit\u00e9 bloc-notes<\/a>.<\/p>\n<h4>Configurations possibles<\/h4>\n<p>La configuration de base peut \u00eatre modifi\u00e9e selon les besoins des utilisateurs. Il est possible de:<\/p>\n<ul>\n<li style=\"list-style-type: none\">\n<ul>\n<li>supprimer des outils dont l&rsquo;\u00e9quipe de projet n&rsquo;a pas l&rsquo;utilit\u00e9<\/li>\n<li>ajouter des doclibs<\/li>\n<li>modifier la gestion des versions<\/li>\n<li>autres: \u00e0 discuter avec l&rsquo;\u00e9quipe GEDUNIL<\/li>\n<\/ul>\n<\/li>\n<\/ul>\n","protected":false},"excerpt":{"rendered":"<p>Les espaces projet sont d\u00e9di\u00e9s \u00e0 la gestion documentaire des projets de tout type (recherche, informatique, infrastructure, etc.). Il est possible d&rsquo;explorer une page de d\u00e9monstration de l&rsquo;un de ces espaces. Les listes Les listes sp\u00e9cifiques \u00e0 l&rsquo;espace projet sont:<\/p>\n","protected":false},"author":1001960,"featured_media":0,"parent":192,"menu_order":0,"comment_status":"closed","ping_status":"closed","template":"","meta":{"_seopress_robots_primary_cat":"","_seopress_titles_title":"","_seopress_titles_desc":"","_seopress_robots_index":"","footnotes":""},"class_list":["post-204","page","type-page","status-publish"],"_links":{"self":[{"href":"https:\/\/wp.unil.ch\/gedunil\/wp-json\/wp\/v2\/pages\/204","targetHints":{"allow":["GET"]}}],"collection":[{"href":"https:\/\/wp.unil.ch\/gedunil\/wp-json\/wp\/v2\/pages"}],"about":[{"href":"https:\/\/wp.unil.ch\/gedunil\/wp-json\/wp\/v2\/types\/page"}],"author":[{"embeddable":true,"href":"https:\/\/wp.unil.ch\/gedunil\/wp-json\/wp\/v2\/users\/1001960"}],"replies":[{"embeddable":true,"href":"https:\/\/wp.unil.ch\/gedunil\/wp-json\/wp\/v2\/comments?post=204"}],"version-history":[{"count":0,"href":"https:\/\/wp.unil.ch\/gedunil\/wp-json\/wp\/v2\/pages\/204\/revisions"}],"up":[{"embeddable":true,"href":"https:\/\/wp.unil.ch\/gedunil\/wp-json\/wp\/v2\/pages\/192"}],"wp:attachment":[{"href":"https:\/\/wp.unil.ch\/gedunil\/wp-json\/wp\/v2\/media?parent=204"}],"curies":[{"name":"wp","href":"https:\/\/api.w.org\/{rel}","templated":true}]}}