{"id":198,"date":"2019-07-31T10:00:31","date_gmt":"2019-07-31T08:00:31","guid":{"rendered":"http:\/\/wp.unil.ch\/gedunil\/?page_id=198"},"modified":"2022-05-04T14:29:11","modified_gmt":"2022-05-04T12:29:11","slug":"unite","status":"publish","type":"page","link":"https:\/\/wp.unil.ch\/gedunil\/espaces-gedunil\/unite\/","title":{"rendered":"Espace d&rsquo;unit\u00e9"},"content":{"rendered":"<p>Ces espaces sont d\u00e9di\u00e9s \u00e0 la gestion documentaire des unit\u00e9s administratives et structurelles de l&rsquo;UNIL (Direction, facult\u00e9s, \u00e9coles, services centraux).<\/p>\n<p>Leur organisation est fig\u00e9e selon le <a class=\"wikilink1\" title=\"gouvernance:plandeclassement\" href=\"https:\/\/www.unil.ch\/uniris\/files\/live\/sites\/uniris\/files\/documents\/unites\/UNIL_POL_RM_Plan_Classement_2016.pdf\">plan de classement administratif de l&rsquo;UNIL<\/a>, permettant une organisation de l&rsquo;information commune aux unit\u00e9s et aux <a class=\"urlextern\" title=\"https:\/\/www.unil.ch\/uniris\/home\/menuinst\/archives-de-lunil.html\" href=\"https:\/\/www.unil.ch\/uniris\/home\/menuinst\/archives-de-lunil.html\" rel=\"nofollow\">Archives<\/a>.<\/p>\n<p>Il est possible d\u2019explorer une <a class=\"urlextern\" title=\"https:\/\/demo.ged.unil.ch\" href=\"https:\/\/demo.ged.unil.ch\/SitePages\/Landing.aspx#\" rel=\"nofollow\">page de d\u00e9monstration<\/a>\u00a0 de l\u2019un de ces espaces.<\/p>\n<h5>Les fonctionnalit\u00e9s de base<\/h5>\n<p>Les fonctionnalit\u00e9s sp\u00e9cifiques \u00e0 l&rsquo;espace d&rsquo;unit\u00e9 sont:<\/p>\n<h6>La bo\u00eete de r\u00e9ception<\/h6>\n<p>Cette bo\u00eete de r\u00e9ception permet d&rsquo;envoyer des scans ou des e-mails directement sur GEDUNIL\u00a0 pour traitement ou pour information \u00e0 toute personne ayant acc\u00e8s \u00e0 cet espace. Les e-mails peuvent ensuite \u00eatre class\u00e9s selon l&rsquo;entr\u00e9e correspondante du plan de classement.<\/p>\n<h6>Le calendrier<\/h6>\n<p>On peut indiquer les \u00e9v\u00e8nements importants pour l&rsquo;\u00e9quipe ou les vacances sur le calendrier GEDUNIL. Celui-ci peut \u00eatre synchronis\u00e9 avec le logiciel de messagerie outlook et son calendrier.<\/p>\n<figure id=\"attachment_431\" aria-describedby=\"caption-attachment-431\" style=\"width: 2554px\" class=\"wp-caption aligncenter\"><img loading=\"lazy\" decoding=\"async\" class=\"wp-image-431 size-full\" src=\"https:\/\/wp.unil.ch\/gedunil\/files\/2019\/08\/entite_calendrier_partageoutlook.png\" alt=\"calendrier d'entit\u00e9 apparaissant sur outlook\" width=\"2554\" height=\"1266\" srcset=\"https:\/\/wp.unil.ch\/gedunil\/files\/2019\/08\/entite_calendrier_partageoutlook.png 2554w, https:\/\/wp.unil.ch\/gedunil\/files\/2019\/08\/entite_calendrier_partageoutlook-300x149.png 300w, https:\/\/wp.unil.ch\/gedunil\/files\/2019\/08\/entite_calendrier_partageoutlook-768x381.png 768w, https:\/\/wp.unil.ch\/gedunil\/files\/2019\/08\/entite_calendrier_partageoutlook-1024x508.png 1024w\" sizes=\"auto, (max-width: 2554px) 100vw, 2554px\" \/><figcaption id=\"caption-attachment-431\" class=\"wp-caption-text\">calendrier d&rsquo;unit\u00e9 apparaissant sur outlook<\/figcaption><\/figure>\n<h6>Les documents utiles<\/h6>\n<p>La fonctionnalit\u00e9 \u00ab\u00a0documents utiles\u00a0\u00bb est un espace de partage hors plan de classement regroupant les documents les plus utilis\u00e9s par l&rsquo;entit\u00e9 (mod\u00e8les, formulaires, liens utiles, etc.).<\/p>\n<figure id=\"attachment_448\" aria-describedby=\"caption-attachment-448\" style=\"width: 720px\" class=\"wp-caption aligncenter\"><img loading=\"lazy\" decoding=\"async\" class=\"wp-image-448 size-large\" src=\"https:\/\/wp.unil.ch\/gedunil\/files\/2019\/08\/docutiles_entite-1024x701.jpg\" alt=\"exemple de &quot;documents utiles&quot;\" width=\"720\" height=\"493\" srcset=\"https:\/\/wp.unil.ch\/gedunil\/files\/2019\/08\/docutiles_entite-1024x701.jpg 1024w, https:\/\/wp.unil.ch\/gedunil\/files\/2019\/08\/docutiles_entite-300x205.jpg 300w, https:\/\/wp.unil.ch\/gedunil\/files\/2019\/08\/docutiles_entite-768x526.jpg 768w, https:\/\/wp.unil.ch\/gedunil\/files\/2019\/08\/docutiles_entite.jpg 1426w\" sizes=\"auto, (max-width: 720px) 100vw, 720px\" \/><figcaption id=\"caption-attachment-448\" class=\"wp-caption-text\">exemple de page \u00ab\u00a0documents utiles\u00a0\u00bb<\/figcaption><\/figure>\n<h5>Les doclibs (biblioth\u00e8ques de documents)<\/h5>\n<p>Un espace unit\u00e9 contient autant de <a href=\"https:\/\/wp.unil.ch\/gedunil\/2019\/08\/doclib\/\">biblioth\u00e8ques de documents<\/a> (doclibs) qu&rsquo;il y a d&rsquo;entr\u00e9es au plan de classement.<\/p>\n<p>Les droits d&rsquo;acc\u00e8s sont discut\u00e9s avec les responsables administratifs de l&rsquo;unit\u00e9 et param\u00e9tr\u00e9s pour chaque doclib au moment de l&rsquo;attribution de cet espace.<\/p>\n<figure id=\"attachment_454\" aria-describedby=\"caption-attachment-454\" style=\"width: 2047px\" class=\"wp-caption aligncenter\"><img loading=\"lazy\" decoding=\"async\" class=\"wp-image-454 size-full\" src=\"https:\/\/wp.unil.ch\/gedunil\/files\/2019\/08\/unite_plandeclassement.png\" alt=\" plan de classement d'un espace unit\u00e9 : chaque entr\u00e9e est cliquable et m\u00e8ne vers une doclib\" width=\"2047\" height=\"710\" srcset=\"https:\/\/wp.unil.ch\/gedunil\/files\/2019\/08\/unite_plandeclassement.png 2047w, https:\/\/wp.unil.ch\/gedunil\/files\/2019\/08\/unite_plandeclassement-300x104.png 300w, https:\/\/wp.unil.ch\/gedunil\/files\/2019\/08\/unite_plandeclassement-768x266.png 768w, https:\/\/wp.unil.ch\/gedunil\/files\/2019\/08\/unite_plandeclassement-1024x355.png 1024w\" sizes=\"auto, (max-width: 2047px) 100vw, 2047px\" \/><figcaption id=\"caption-attachment-454\" class=\"wp-caption-text\"><br \/>plan de classement d&rsquo;un espace unit\u00e9 : chaque entr\u00e9e est cliquable et m\u00e8ne vers une doclib<\/figcaption><\/figure>\n<h5>Les listes<\/h5>\n<p>Aucune <a href=\"https:\/\/wp.unil.ch\/gedunil\/2019\/08\/les-listes\/\">liste<\/a> n&rsquo;est disponible sur la configuration de base de l&rsquo;espace entit\u00e9. N\u00e9anmoins, il est tout \u00e0 fait possible de cr\u00e9er des listes selon les besoins utilisateurs (exemple: liste des collaboratrices et collaborateurs avec date de d\u00e9but \/ date de fin \/ acronyme).<\/p>\n<h4>Configurations possibles<\/h4>\n<p>La configuration de base doit \u00eatre la plus stable possible pour ces documents qui ont une valeur archivistique importante pour l\u2019UNIL. Certaines modifications sont cependant possibles et doivent \u00eatre discut\u00e9es avec l\u2019\u00e9quipe GEDUNIL au cas par cas :<\/p>\n<ul>\n<li style=\"list-style-type: none\">\n<ul>\n<li>supprimer des outils dont l&rsquo;\u00e9quipe n&rsquo;a pas l&rsquo;utilit\u00e9<\/li>\n<li>ajouter des\u00a0 calendriers \/ des bo\u00eetes de r\u00e9ception<\/li>\n<li>autres: \u00e0 discuter avec l&rsquo;\u00e9quipe GEDUNIL<\/li>\n<\/ul>\n<\/li>\n<\/ul>\n","protected":false},"excerpt":{"rendered":"<p>Ces espaces sont d\u00e9di\u00e9s \u00e0 la gestion documentaire des unit\u00e9s administratives et structurelles de l&rsquo;UNIL (Direction, facult\u00e9s, \u00e9coles, services centraux). Leur organisation est fig\u00e9e selon le plan de classement administratif de l&rsquo;UNIL, permettant une organisation de l&rsquo;information commune aux unit\u00e9s<\/p>\n","protected":false},"author":1001960,"featured_media":0,"parent":192,"menu_order":0,"comment_status":"closed","ping_status":"closed","template":"","meta":{"_seopress_robots_primary_cat":"","_seopress_titles_title":"","_seopress_titles_desc":"","_seopress_robots_index":"","footnotes":""},"class_list":["post-198","page","type-page","status-publish"],"_links":{"self":[{"href":"https:\/\/wp.unil.ch\/gedunil\/wp-json\/wp\/v2\/pages\/198","targetHints":{"allow":["GET"]}}],"collection":[{"href":"https:\/\/wp.unil.ch\/gedunil\/wp-json\/wp\/v2\/pages"}],"about":[{"href":"https:\/\/wp.unil.ch\/gedunil\/wp-json\/wp\/v2\/types\/page"}],"author":[{"embeddable":true,"href":"https:\/\/wp.unil.ch\/gedunil\/wp-json\/wp\/v2\/users\/1001960"}],"replies":[{"embeddable":true,"href":"https:\/\/wp.unil.ch\/gedunil\/wp-json\/wp\/v2\/comments?post=198"}],"version-history":[{"count":0,"href":"https:\/\/wp.unil.ch\/gedunil\/wp-json\/wp\/v2\/pages\/198\/revisions"}],"up":[{"embeddable":true,"href":"https:\/\/wp.unil.ch\/gedunil\/wp-json\/wp\/v2\/pages\/192"}],"wp:attachment":[{"href":"https:\/\/wp.unil.ch\/gedunil\/wp-json\/wp\/v2\/media?parent=198"}],"curies":[{"name":"wp","href":"https:\/\/api.w.org\/{rel}","templated":true}]}}

Espace d&rsquo;unité

<p>Ces espaces sont dédiés à la gestion documentaire des unités administratives et structurelles de l&rsquo;UNIL (Direction, facultés, écoles, services centraux).</p>
<p>Leur organisation est figée selon le <a class="wikilink1" title="gouvernance:plandeclassement" href="https://www.unil.ch/uniris/files/live/sites/uniris/files/documents/unites/UNIL_POL_RM_Plan_Classement_2016.pdf">plan de classement administratif de l&rsquo;UNIL</a>, permettant une organisation de l&rsquo;information commune aux unités et aux <a class="urlextern" title="https://www.unil.ch/uniris/home/menuinst/archives-de-lunil.html" href="https://www.unil.ch/uniris/home/menuinst/archives-de-lunil.html" rel="nofollow">Archives</a>.</p>
<p>Il est possible d’explorer une <a class="urlextern" title="https://demo.ged.unil.ch" href="https://demo.ged.unil.ch/SitePages/Landing.aspx#" rel="nofollow">page de démonstration</a>  de l’un de ces espaces.</p>
<h5>Les fonctionnalités de base</h5>
<p>Les fonctionnalités spécifiques à l&rsquo;espace d&rsquo;unité sont:</p>
<h6>La boîte de réception</h6>
<p>Cette boîte de réception permet d&rsquo;envoyer des scans ou des e-mails directement sur GEDUNIL  pour traitement ou pour information à toute personne ayant accès à cet espace. Les e-mails peuvent ensuite être classés selon l&rsquo;entrée correspondante du plan de classement.</p>
<h6>Le calendrier</h6>
<p>On peut indiquer les évènements importants pour l&rsquo;équipe ou les vacances sur le calendrier GEDUNIL. Celui-ci peut être synchronisé avec le logiciel de messagerie outlook et son calendrier.</p>
<figure id="attachment_431" aria-describedby="caption-attachment-431" style="width: 2554px" class="wp-caption aligncenter"><img loading="lazy" decoding="async" class="wp-image-431 size-full" src="https://wp.unil.ch/gedunil/files/2019/08/entite_calendrier_partageoutlook.png" alt="calendrier d'entité apparaissant sur outlook" width="2554" height="1266" srcset="https://wp.unil.ch/gedunil/files/2019/08/entite_calendrier_partageoutlook.png 2554w, https://wp.unil.ch/gedunil/files/2019/08/entite_calendrier_partageoutlook-300x149.png 300w, https://wp.unil.ch/gedunil/files/2019/08/entite_calendrier_partageoutlook-768x381.png 768w, https://wp.unil.ch/gedunil/files/2019/08/entite_calendrier_partageoutlook-1024x508.png 1024w" sizes="auto, (max-width: 2554px) 100vw, 2554px" /><figcaption id="caption-attachment-431" class="wp-caption-text">calendrier d&rsquo;unité apparaissant sur outlook</figcaption></figure>
<h6>Les documents utiles</h6>
<p>La fonctionnalité « documents utiles » est un espace de partage hors plan de classement regroupant les documents les plus utilisés par l&rsquo;entité (modèles, formulaires, liens utiles, etc.).</p>
<figure id="attachment_448" aria-describedby="caption-attachment-448" style="width: 720px" class="wp-caption aligncenter"><img loading="lazy" decoding="async" class="wp-image-448 size-large" src="https://wp.unil.ch/gedunil/files/2019/08/docutiles_entite-1024x701.jpg" alt="exemple de &quot;documents utiles&quot;" width="720" height="493" srcset="https://wp.unil.ch/gedunil/files/2019/08/docutiles_entite-1024x701.jpg 1024w, https://wp.unil.ch/gedunil/files/2019/08/docutiles_entite-300x205.jpg 300w, https://wp.unil.ch/gedunil/files/2019/08/docutiles_entite-768x526.jpg 768w, https://wp.unil.ch/gedunil/files/2019/08/docutiles_entite.jpg 1426w" sizes="auto, (max-width: 720px) 100vw, 720px" /><figcaption id="caption-attachment-448" class="wp-caption-text">exemple de page « documents utiles »</figcaption></figure>
<h5>Les doclibs (bibliothèques de documents)</h5>
<p>Un espace unité contient autant de <a href="https://wp.unil.ch/gedunil/2019/08/doclib/">bibliothèques de documents</a> (doclibs) qu&rsquo;il y a d&rsquo;entrées au plan de classement.</p>
<p>Les droits d&rsquo;accès sont discutés avec les responsables administratifs de l&rsquo;unité et paramétrés pour chaque doclib au moment de l&rsquo;attribution de cet espace.</p>
<figure id="attachment_454" aria-describedby="caption-attachment-454" style="width: 2047px" class="wp-caption aligncenter"><img loading="lazy" decoding="async" class="wp-image-454 size-full" src="https://wp.unil.ch/gedunil/files/2019/08/unite_plandeclassement.png" alt=" plan de classement d'un espace unité : chaque entrée est cliquable et mène vers une doclib" width="2047" height="710" srcset="https://wp.unil.ch/gedunil/files/2019/08/unite_plandeclassement.png 2047w, https://wp.unil.ch/gedunil/files/2019/08/unite_plandeclassement-300x104.png 300w, https://wp.unil.ch/gedunil/files/2019/08/unite_plandeclassement-768x266.png 768w, https://wp.unil.ch/gedunil/files/2019/08/unite_plandeclassement-1024x355.png 1024w" sizes="auto, (max-width: 2047px) 100vw, 2047px" /><figcaption id="caption-attachment-454" class="wp-caption-text"><br />plan de classement d&rsquo;un espace unité : chaque entrée est cliquable et mène vers une doclib</figcaption></figure>
<h5>Les listes</h5>
<p>Aucune <a href="https://wp.unil.ch/gedunil/2019/08/les-listes/">liste</a> n&rsquo;est disponible sur la configuration de base de l&rsquo;espace entité. Néanmoins, il est tout à fait possible de créer des listes selon les besoins utilisateurs (exemple: liste des collaboratrices et collaborateurs avec date de début / date de fin / acronyme).</p>
<h4>Configurations possibles</h4>
<p>La configuration de base doit être la plus stable possible pour ces documents qui ont une valeur archivistique importante pour l’UNIL. Certaines modifications sont cependant possibles et doivent être discutées avec l’équipe GEDUNIL au cas par cas :</p>
<ul>
<li style="list-style-type: none">
<ul>
<li>supprimer des outils dont l&rsquo;équipe n&rsquo;a pas l&rsquo;utilité</li>
<li>ajouter des  calendriers / des boîtes de réception</li>
<li>autres: à discuter avec l&rsquo;équipe GEDUNIL</li>
</ul>
</li>
</ul>

<p>Ces espaces sont dédiés à la gestion documentaire des unités administratives et structurelles de l&rsquo;UNIL (Direction, facultés, écoles, services centraux). Leur organisation est figée selon le plan de classement administratif de l&rsquo;UNIL, permettant une organisation de l&rsquo;information commune aux unités</p>
