{"id":98,"date":"2017-01-19T13:30:51","date_gmt":"2017-01-19T12:30:51","guid":{"rendered":"http:\/\/wp.unil.ch\/flussforelle\/?page_id=98"},"modified":"2017-01-23T10:31:48","modified_gmt":"2017-01-23T09:31:48","slug":"smoltifierung","status":"publish","type":"page","link":"https:\/\/wp.unil.ch\/flussforelle\/projekt\/smoltifierung\/","title":{"rendered":"Smoltifierung"},"content":{"rendered":"<p>Es ist noch nicht gekl\u00e4rt, was genau zu einer Smoltifizierung f\u00fchrt, d.h. was aus einer residenten Bachforelle eine migrierende Fluss- oder Seeforelle macht. In fr\u00fcheren Jahren wurde oft vermutet, dass eine genetische Grundlage dieser verschiedenen Lebensformen besteht, und das heutige Management basiert oft noch auf dieser Annahme. In den letzten Jahren wurde aber immer deutlicher, dass Smoltifizierungraten stark von Umweltfaktoren beeinflusst werden.<\/p>\n<p style=\"text-align: right\"><a href=\"https:\/\/wp.unil.ch\/flussforelle\/projekt\/kontext\/\">N\u00e4chstes Kapitel<\/a><\/p>\n","protected":false},"excerpt":{"rendered":"<p>Es ist noch nicht gekl\u00e4rt, was genau zu einer Smoltifizierung f\u00fchrt, d.h. was aus einer residenten Bachforelle eine migrierende Fluss- oder Seeforelle macht. In fr\u00fcheren Jahren wurde oft vermutet, dass &hellip; <\/p>\n","protected":false},"author":1001465,"featured_media":0,"parent":15,"menu_order":0,"comment_status":"closed","ping_status":"closed","template":"page-templates\/full-width-page.php","meta":{"_seopress_robots_primary_cat":"","_seopress_titles_title":"","_seopress_titles_desc":"","_seopress_robots_index":"","footnotes":""},"class_list":["post-98","page","type-page","status-publish"],"_links":{"self":[{"href":"https:\/\/wp.unil.ch\/flussforelle\/wp-json\/wp\/v2\/pages\/98","targetHints":{"allow":["GET"]}}],"collection":[{"href":"https:\/\/wp.unil.ch\/flussforelle\/wp-json\/wp\/v2\/pages"}],"about":[{"href":"https:\/\/wp.unil.ch\/flussforelle\/wp-json\/wp\/v2\/types\/page"}],"author":[{"embeddable":true,"href":"https:\/\/wp.unil.ch\/flussforelle\/wp-json\/wp\/v2\/users\/1001465"}],"replies":[{"embeddable":true,"href":"https:\/\/wp.unil.ch\/flussforelle\/wp-json\/wp\/v2\/comments?post=98"}],"version-history":[{"count":0,"href":"https:\/\/wp.unil.ch\/flussforelle\/wp-json\/wp\/v2\/pages\/98\/revisions"}],"up":[{"embeddable":true,"href":"https:\/\/wp.unil.ch\/flussforelle\/wp-json\/wp\/v2\/pages\/15"}],"wp:attachment":[{"href":"https:\/\/wp.unil.ch\/flussforelle\/wp-json\/wp\/v2\/media?parent=98"}],"curies":[{"name":"wp","href":"https:\/\/api.w.org\/{rel}","templated":true}]}}