{"id":32,"date":"2017-01-04T11:25:32","date_gmt":"2017-01-04T10:25:32","guid":{"rendered":"http:\/\/wp.unil.ch\/flussforelle\/?page_id=32"},"modified":"2021-03-17T11:12:48","modified_gmt":"2021-03-17T10:12:48","slug":"home","status":"publish","type":"page","link":"https:\/\/wp.unil.ch\/flussforelle\/","title":{"rendered":"Forschungsprojekt \u00ab\u00a0Flussforelle des Aaretals\u00a0\u00bb"},"content":{"rendered":"<p style=\"text-align: left\"><strong>Vielen Dank f\u00fcr Ihr Interesse ! <\/strong><a href=\"https:\/\/www.unil.ch\/dee\/wedekind-group\">Wir<\/a> sind eine Forschungsgruppe der UNIL, die eng mit dem <a href=\"https:\/\/www.vol.be.ch\/vol\/de\/index\/natur\/fischerei.html\">Fischereiinspektorat des Kantons Bern<\/a> zusammenarbeitet. Der Flyer zum Projekt: (<a href=\"https:\/\/wp.unil.ch\/flussforelle\/files\/2017\/01\/Flyer.pdf\">PDF<\/a>).<strong><br \/>\n<\/strong><\/p>\n<p style=\"text-align: left\">Wir haben den Besatz von Bachforellen im Aaretal zwischen Thun und M\u00fchleberg in den Jahren 2015 und 2016 experimentell produziert um sp\u00e4ter Besatztiere anhand genetischer Eigenschaften ihrer Eltern zu identifizieren. Wir haben dann Angler und Anglerinnen dazu aufgerufen, markierte und unmarkierte F\u00e4nge zu dokumentieren und eine Gewebeprobe an das Berner Fischereiinspektorat zu schicken. <strong>Diese Sammelperiode wurde 2020 abgeschlossen.<\/strong> Vielen Dank an alle, die bei diesem Projekt mitgemacht haben!<\/p>\n<p style=\"text-align: left\">Wir benutzen nun molekular-genetische Methoden, um Besatztiere zu identifizieren und damit den Erfolg des Besatzes and den Erfolg einzelner Geschwisterschaften zu dokumentieren.<\/p>\n<p>Wir haben bereits <a href=\"https:\/\/wp.unil.ch\/flussforelle\/erste-resultate\/\">erste Resultate,<\/a> weitere werden folgen &#8211; allerdings bitten wir hier um Geduld. Wir wollen unsere Resultate international und \u00ab\u00a0<em>peer-reviewed<\/em>\u00a0\u00bb publizieren, d.h. unsere Arbeiten werden zuerst international begutachtet, was fast immer zu einer l\u00e4ngeren Diskussion f\u00fchrt. Daf\u00fcr sind dann unsere Schlussfolgerungen \u00ab\u00a0auf Herz und Nieren\u00a0\u00bb gepr\u00fcft.<\/p>\n","protected":false},"excerpt":{"rendered":"<p>Vielen Dank f\u00fcr Ihr Interesse ! Wir sind eine Forschungsgruppe der UNIL, die eng mit dem Fischereiinspektorat des Kantons Bern zusammenarbeitet. Der Flyer zum Projekt: (PDF). Wir haben den Besatz &hellip; <\/p>\n","protected":false},"author":1691,"featured_media":0,"parent":0,"menu_order":0,"comment_status":"closed","ping_status":"closed","template":"","meta":{"_seopress_robots_primary_cat":"","_seopress_titles_title":"","_seopress_titles_desc":"","_seopress_robots_index":"","footnotes":""},"class_list":["post-32","page","type-page","status-publish"],"_links":{"self":[{"href":"https:\/\/wp.unil.ch\/flussforelle\/wp-json\/wp\/v2\/pages\/32","targetHints":{"allow":["GET"]}}],"collection":[{"href":"https:\/\/wp.unil.ch\/flussforelle\/wp-json\/wp\/v2\/pages"}],"about":[{"href":"https:\/\/wp.unil.ch\/flussforelle\/wp-json\/wp\/v2\/types\/page"}],"author":[{"embeddable":true,"href":"https:\/\/wp.unil.ch\/flussforelle\/wp-json\/wp\/v2\/users\/1691"}],"replies":[{"embeddable":true,"href":"https:\/\/wp.unil.ch\/flussforelle\/wp-json\/wp\/v2\/comments?post=32"}],"version-history":[{"count":0,"href":"https:\/\/wp.unil.ch\/flussforelle\/wp-json\/wp\/v2\/pages\/32\/revisions"}],"wp:attachment":[{"href":"https:\/\/wp.unil.ch\/flussforelle\/wp-json\/wp\/v2\/media?parent=32"}],"curies":[{"name":"wp","href":"https:\/\/api.w.org\/{rel}","templated":true}]}}