{"id":983,"date":"2023-03-10T09:15:11","date_gmt":"2023-03-10T08:15:11","guid":{"rendered":"https:\/\/wp.unil.ch\/filmsdepoche\/?page_id=983"},"modified":"2023-10-23T11:18:54","modified_gmt":"2023-10-23T09:18:54","slug":"accueil","status":"publish","type":"page","link":"https:\/\/wp.unil.ch\/filmsdepoche\/accueil\/","title":{"rendered":"\u00c9galit\u00e9, diversit\u00e9 &amp; inclusion\u00a0\u00e0 l\u2019UNIL : Concours du court m\u00e9trage"},"content":{"rendered":"\n<div class=\"wp-block-cover alignfull has-parallax\" style=\"min-height:649px;aspect-ratio:unset;\"><span aria-hidden=\"true\" class=\"wp-block-cover__background has-background-dim-20 has-background-dim\"><\/span><div role=\"img\" class=\"wp-block-cover__image-background wp-image-1027 has-parallax\" style=\"background-position:50% 50%;background-image:url(https:\/\/wp.unil.ch\/filmsdepoche\/files\/2023\/03\/GettyImages-1130714046.jpg)\"><\/div><div class=\"wp-block-cover__inner-container is-layout-flow wp-block-cover-is-layout-flow\"><div class=\"wp-block-image\">\n<figure class=\"aligncenter size-full is-resized\"><a href=\"https:\/\/wp.unil.ch\/filmsdepoche\/files\/2023\/03\/Site_Web_REC.png\"><img alt=\"\" loading=\"lazy\" decoding=\"async\" width=\"217\" height=\"80\" src=\"https:\/\/wp.unil.ch\/filmsdepoche\/files\/2023\/03\/Site_Web_REC.png\" alt=\"\" class=\"wp-image-1119\" style=\"width:92px;height:34px\" \/><\/a><\/figure>\n<\/div>\n\n\n<div class=\"wp-block-group alignwide coins\"><div class=\"wp-block-group__inner-container is-layout-constrained wp-block-group-is-layout-constrained\">\n<h1 class=\"wp-block-heading has-text-align-center interligne1 has-accent-color has-text-color\">Par-del\u00e0 NOS<br>diff\u00e9rences<\/h1>\n\n\n\n<h2 class=\"wp-block-heading has-text-align-center interligne2 has-accent-color has-text-color\">La communaut\u00e9 UNIL<br>c&rsquo;est quoi pour toi ?<br>Filme ce qui nous r\u00e9unit<br>en 60 secondes<\/h2>\n<\/div><\/div>\n\n\n<div class=\"wp-block-image\">\n<figure class=\"aligncenter size-full is-resized\"><a href=\"https:\/\/wp.unil.ch\/filmsdepoche\/files\/2023\/03\/Site_Web_300x120px.png\"><img alt=\"\" loading=\"lazy\" decoding=\"async\" width=\"600\" height=\"240\" src=\"https:\/\/wp.unil.ch\/filmsdepoche\/files\/2023\/03\/Site_Web_300x120px.png\" alt=\"\" class=\"wp-image-1122\" style=\"width:353px;height:141px\" srcset=\"https:\/\/wp.unil.ch\/filmsdepoche\/files\/2023\/03\/Site_Web_300x120px.png 600w, https:\/\/wp.unil.ch\/filmsdepoche\/files\/2023\/03\/Site_Web_300x120px-300x120.png 300w, https:\/\/wp.unil.ch\/filmsdepoche\/files\/2023\/03\/Site_Web_300x120px-540x216.png 540w\" sizes=\"auto, (max-width: 600px) 100vw, 600px\" \/><\/a><\/figure>\n<\/div><\/div><\/div>\n\n\n\n<p class=\"has-large-font-size\">Comme mentionn\u00e9 dans son <a rel=\"noreferrer noopener\" href=\"https:\/\/www.unil2026.ch\/egalite-diversite-et-inclusion\/\" target=\"_blank\">Plan d\u2019intentions<\/a>, la Direction de l\u2019UNIL veut encourager une transformation culturelle visant \u00e0 favoriser la diversit\u00e9, l\u2019inclusion et l\u2019\u00e9galit\u00e9 des chances. Mais que signifient ces trois mots pour vous&nbsp;? Et dans ce contexte, comment percevez-vous la communaut\u00e9 UNIL aujourd\u2019hui&nbsp;?<\/p>\n\n\n\n<p class=\"has-large-font-size\">Du 27 mars au 27 avril, participez au Concours du court m\u00e9trage \u00ab\u00a0Par-del\u00e0 nos diff\u00e9rences. La communaut\u00e9 UNIL c&rsquo;est quoi pour toi ?\u00a0\u00bb<\/p>\n\n\n\n<div class=\"wp-block-columns alignwide is-layout-flex wp-container-core-columns-is-layout-9d6595d7 wp-block-columns-is-layout-flex\">\n<div class=\"wp-block-column is-layout-flow wp-block-column-is-layout-flow\">\n<p>Regardez autour de vous, explorez les recoins de votre imagination, lancez-vous \u00e0 la recherche d\u2019une histoire, d\u2019un t\u00e9moignage,&nbsp;d\u2019une&nbsp;sc\u00e8ne de la vie quotidienne\u2026 Bref, de ce qui illustre le mieux votre vision personnelle de ce qui nous r\u00e9unit, par-del\u00e0 nos diff\u00e9rences.<\/p>\n\n\n\n<p>Ce concours est ouvert \u00e0 toute la communaut\u00e9 UNIL dans son ensemble (\u00e9tudiant\u00b7e\u00b7x\u00b7s, personnel et enseignant\u00b7e\u00b7x\u00b7s). Un jury sp\u00e9cialement form\u00e9 s\u00e9lectionnera trois films gagnants qui seront prim\u00e9s et diffus\u00e9s lors du <a href=\"https:\/\/www.unil.ch\/diesacademicus\">Dies academicus<\/a> de l\u2019UNIL, le 2 juin.<\/p>\n<\/div>\n\n\n\n<div class=\"wp-block-column is-vertically-aligned-center is-layout-flow wp-block-column-is-layout-flow\">\n<div class=\"wp-block-group bordureblanche has-background\" style=\"background-color:#28201a\"><div class=\"wp-block-group__inner-container is-layout-constrained wp-block-group-is-layout-constrained\">\n<h4 class=\"wp-block-heading has-text-align-center\"><a href=\"https:\/\/wp.unil.ch\/filmsdepoche\/fictionnaliser-le-reel-entre-realites-et-representations-des-vecus-minorises\/\" data-type=\"page\" data-id=\"1235\">Fictionnaliser le r\u00e9el<\/a><\/h4>\n\n\n\n<p class=\"has-text-align-center\"><strong>Entre r\u00e9alit\u00e9s et repr\u00e9sentations des v\u00e9cus minoris\u00e9s<\/strong><br><em>Table ronde organis\u00e9e par le Dicast\u00e8re EDI, 30 mars 2023<\/em><\/p>\n<\/div><\/div>\n<\/div>\n<\/div>\n\n\n\n<h3 class=\"wp-block-heading\">Quatre cat\u00e9gories seront r\u00e9compens\u00e9es&nbsp;<\/h3>\n\n\n\n<ul class=\"wp-block-list\">\n<li>Prix du jury<\/li>\n\n\n\n<li>Prix des associations UNIL<\/li>\n\n\n\n<li>Prix sp\u00e9cial \u00c9galit\u00e9, Diversit\u00e9, Inclusion<\/li>\n\n\n\n<li>Prix du public (vote ouvert \u00e0 la communaut\u00e9 UNIL)<\/li>\n<\/ul>\n\n\n\n<h3 class=\"wp-block-heading\">A gagner\u2026<\/h3>\n\n\n\n<p>Le ou les gagnant\u00b7e\u00b7x\u00b7s de chaque cat\u00e9gorie repartiront avec CHF 200.- sur leur Campus Card, un abonnement annuel au th\u00e9\u00e2tre de la Grange et 20 places \u00e0 la cin\u00e9math\u00e8que suisse.<\/p>\n\n\n\n<p>En luttant contre les discriminations et en cultivant le sentiment d\u2019appartenance, l\u2019UNIL veut offrir \u00e0 chaque membre de sa communaut\u00e9 les m\u00eames opportunit\u00e9s de r\u00e9ussir dans ses \u00e9tudes ou dans sa carri\u00e8re, ind\u00e9pendamment des origines sociales ou ethniques, du genre, de l\u2019orientation sexuelle, des croyances religieuses, du handicap, de l\u2019\u00e2ge et des situations de vuln\u00e9rabilit\u00e9.<\/p>\n","protected":false},"excerpt":{"rendered":"<p>Comme mentionn\u00e9 dans son Plan d\u2019intentions, la Direction de l\u2019UNIL veut encourager une transformation culturelle visant \u00e0 favoriser la diversit\u00e9, l\u2019inclusion et l\u2019\u00e9galit\u00e9 des chances. Mais que signifient&hellip;<\/p>\n","protected":false},"author":108,"featured_media":1027,"parent":0,"menu_order":0,"comment_status":"closed","ping_status":"closed","template":"","meta":{"_seopress_robots_primary_cat":"","_seopress_titles_title":"","_seopress_titles_desc":"","_seopress_robots_index":"","footnotes":""},"class_list":["post-983","page","type-page","status-publish","has-post-thumbnail"],"_links":{"self":[{"href":"https:\/\/wp.unil.ch\/filmsdepoche\/wp-json\/wp\/v2\/pages\/983","targetHints":{"allow":["GET"]}}],"collection":[{"href":"https:\/\/wp.unil.ch\/filmsdepoche\/wp-json\/wp\/v2\/pages"}],"about":[{"href":"https:\/\/wp.unil.ch\/filmsdepoche\/wp-json\/wp\/v2\/types\/page"}],"author":[{"embeddable":true,"href":"https:\/\/wp.unil.ch\/filmsdepoche\/wp-json\/wp\/v2\/users\/108"}],"replies":[{"embeddable":true,"href":"https:\/\/wp.unil.ch\/filmsdepoche\/wp-json\/wp\/v2\/comments?post=983"}],"version-history":[{"count":0,"href":"https:\/\/wp.unil.ch\/filmsdepoche\/wp-json\/wp\/v2\/pages\/983\/revisions"}],"wp:featuredmedia":[{"embeddable":true,"href":"https:\/\/wp.unil.ch\/filmsdepoche\/wp-json\/wp\/v2\/media\/1027"}],"wp:attachment":[{"href":"https:\/\/wp.unil.ch\/filmsdepoche\/wp-json\/wp\/v2\/media?parent=983"}],"curies":[{"name":"wp","href":"https:\/\/api.w.org\/{rel}","templated":true}]}}