{"id":1235,"date":"2023-04-04T08:24:19","date_gmt":"2023-04-04T06:24:19","guid":{"rendered":"https:\/\/wp.unil.ch\/filmsdepoche\/?page_id=1235"},"modified":"2023-04-04T17:06:07","modified_gmt":"2023-04-04T15:06:07","slug":"fictionnaliser-le-reel-entre-realites-et-representations-des-vecus-minorises","status":"publish","type":"page","link":"https:\/\/wp.unil.ch\/filmsdepoche\/fictionnaliser-le-reel-entre-realites-et-representations-des-vecus-minorises\/","title":{"rendered":"Fictionnaliser le r\u00e9el. Entre r\u00e9alit\u00e9s et repr\u00e9sentations des v\u00e9cus minoris\u00e9s"},"content":{"rendered":"\n<p class=\"bordure\"><strong>Le Dicast\u00e8re \u00ab \u00c9galit\u00e9, Diversit\u00e9 et Carri\u00e8res \u00bb de l\u2019UNIL et le Bureau de l\u2019\u00e9galit\u00e9 ont organis\u00e9 une table ronde autour de la diversit\u00e9 et de ses repr\u00e9sentations, le 30 mars dernier.<\/strong><\/p>\n\n\n\n<figure class=\"wp-block-embed alignwide is-type-video is-provider-youtube wp-block-embed-youtube wp-embed-aspect-16-9 wp-has-aspect-ratio\"><div class=\"wp-block-embed__wrapper\">\n<iframe loading=\"lazy\" title=\"Fictionnaliser le r\u00e9el. Entre r\u00e9alit\u00e9s et repr\u00e9sentations des v\u00e9cus minoris\u00e9s\" width=\"580\" height=\"326\" src=\"https:\/\/www.youtube.com\/embed\/4POWlmutgm4?feature=oembed\" frameborder=\"0\" allow=\"accelerometer; autoplay; clipboard-write; encrypted-media; gyroscope; picture-in-picture; web-share\" referrerpolicy=\"strict-origin-when-cross-origin\" allowfullscreen><\/iframe>\n<\/div><\/figure>\n\n\n\n<div class=\"wp-block-columns alignwide is-layout-flex wp-container-core-columns-is-layout-9d6595d7 wp-block-columns-is-layout-flex\">\n<div class=\"wp-block-column is-layout-flow wp-block-column-is-layout-flow\">\n<p>Cette table ronde \u00e9tait organis\u00e9e \u00e0 l&rsquo;occasion du lancement du concours de court-m\u00e9trages UNIL. Celui-ci am\u00e8ne notamment \u00e0 r\u00e9fl\u00e9chir au quotidien des personnes issues des groupes minoritaires. Or, on sait qu\u2019il existe toujours un foss\u00e9 entre l\u2019image qu\u2019on se fait des v\u00e9cus minoris\u00e9s et la r\u00e9alit\u00e9 du terrain. Ce constat est valable au cin\u00e9ma comme dans la soci\u00e9t\u00e9, par exemple quand il s\u2019agit de mettre sur pied des politiques de gouvernance pour r\u00e9pondre aux probl\u00e9matiques rencontr\u00e9es par les individus concern\u00e9s. Rien n\u2019est plus d\u00e9licat que de vouloir parler pour l\u2019autre, et les mesures choisies, m\u00eame bienveillantes, peuvent parfois se r\u00e9v\u00e9ler inadapt\u00e9es&#8230;<\/p>\n<\/div>\n\n\n\n<div class=\"wp-block-column is-layout-flow wp-block-column-is-layout-flow\">\n<p>En donnant la parole aux chercheuses et chercheurs de l\u2019UNIL et aux membres des associations, le Dicast\u00e8re EDI souhaite ouvrir le d\u00e9bat et r\u00e9fl\u00e9chir ensemble aux id\u00e9es re\u00e7ues qui ont la vie dure &#8211; et \u00e0 comment les d\u00e9passer pour am\u00e9liorer le quotidien de chacun\u00b7e.<\/p>\n<\/div>\n<\/div>\n\n\n\n<h4 class=\"wp-block-heading\">Participant\u00b7e\u00b7s<\/h4>\n\n\n\n<p>Mod\u00e9ration<\/p>\n\n\n\n<ul class=\"wp-block-list\">\n<li><strong>Vjosa Gervalla<\/strong>, Directrice <a rel=\"noreferrer noopener\" href=\"https:\/\/albinfo.ch\" target=\"_blank\">d&rsquo;albinfo.ch<\/a>, productrice des \u00e9missions&nbsp;<em>Diversit\u00e9<\/em>&nbsp;sur La T\u00e9l\u00e9<\/li>\n<\/ul>\n\n\n\n<p>Avec<\/p>\n\n\n\n<ul class=\"wp-block-list\">\n<li><strong>Mireille Berton<\/strong>, MER, Section d\u2019histoire et esth\u00e9tique du cin\u00e9ma, Lettres, UNIL<\/li>\n\n\n\n<li><strong>S\u00e9bastien Chauvin<\/strong>, professeur associ\u00e9 \u00e0 l\u2019institut des sciences sociales, au Centre en \u00c9tudes Genre et \u00e0 la Plateforme de recherche en \u00c9tudes Genre, SSP, UNIL<\/li>\n\n\n\n<li><strong>Noha El Sadawy<\/strong>, assistante documentaire UNIL, m\u00e9diatrice culturelle en LSF<\/li>\n\n\n\n<li><strong>S\u00e9bastien Kessler<\/strong>, associ\u00e9 ID-GEO \u2013 bureau d\u2019\u00e9tudes en accessibilit\u00e9 universelle<\/li>\n\n\n\n<li><strong>Alias Poma<\/strong>, Association PlanQueer, UNIL-EPFL<\/li>\n\n\n\n<li><strong>Hannah Wonta<\/strong>, secr\u00e9taire g\u00e9n\u00e9rale de la FAE<\/li>\n<\/ul>\n\n\n\n<p>Et<\/p>\n\n\n\n<ul class=\"wp-block-list\">\n<li><strong>Lorette Gervaix et M\u00e9lanie Monnard<\/strong>, interpr\u00e8tes ind\u00e9pendantes en LSF<\/li>\n<\/ul>\n","protected":false},"excerpt":{"rendered":"<p>Le Dicast\u00e8re \u00ab \u00c9galit\u00e9, Diversit\u00e9 et Carri\u00e8res \u00bb de l\u2019UNIL et le Bureau de l\u2019\u00e9galit\u00e9 ont organis\u00e9 une table ronde autour de la diversit\u00e9 et de ses repr\u00e9sentations,&hellip;<\/p>\n","protected":false},"author":108,"featured_media":0,"parent":0,"menu_order":0,"comment_status":"closed","ping_status":"closed","template":"","meta":{"_seopress_robots_primary_cat":"","_seopress_titles_title":"","_seopress_titles_desc":"","_seopress_robots_index":"","footnotes":""},"class_list":["post-1235","page","type-page","status-publish","has-post-thumbnail"],"_links":{"self":[{"href":"https:\/\/wp.unil.ch\/filmsdepoche\/wp-json\/wp\/v2\/pages\/1235","targetHints":{"allow":["GET"]}}],"collection":[{"href":"https:\/\/wp.unil.ch\/filmsdepoche\/wp-json\/wp\/v2\/pages"}],"about":[{"href":"https:\/\/wp.unil.ch\/filmsdepoche\/wp-json\/wp\/v2\/types\/page"}],"author":[{"embeddable":true,"href":"https:\/\/wp.unil.ch\/filmsdepoche\/wp-json\/wp\/v2\/users\/108"}],"replies":[{"embeddable":true,"href":"https:\/\/wp.unil.ch\/filmsdepoche\/wp-json\/wp\/v2\/comments?post=1235"}],"version-history":[{"count":0,"href":"https:\/\/wp.unil.ch\/filmsdepoche\/wp-json\/wp\/v2\/pages\/1235\/revisions"}],"wp:attachment":[{"href":"https:\/\/wp.unil.ch\/filmsdepoche\/wp-json\/wp\/v2\/media?parent=1235"}],"curies":[{"name":"wp","href":"https:\/\/api.w.org\/{rel}","templated":true}]}}