{"id":269,"date":"2021-01-21T00:37:30","date_gmt":"2021-01-20T23:37:30","guid":{"rendered":"https:\/\/wp.unil.ch\/ficellesapprendre\/?page_id=269"},"modified":"2022-09-27T14:23:46","modified_gmt":"2022-09-27T12:23:46","slug":"ficelles-linguistiques","status":"publish","type":"page","link":"https:\/\/wp.unil.ch\/ficellesapprendre\/ficelles-linguistiques\/","title":{"rendered":"Ficelles linguistiques"},"content":{"rendered":"\n<p><em>TELL, c\u2019est quoi&nbsp;?<\/em><\/p>\n\n\n\n<p>TELL, ce sont six tableaux qui permettent de voyager dans la g\u00e9ographie du fran\u00e7ais en suivant les trac\u00e9s de mille milliards de combinaisons.<\/p>\n\n\n\n<p>TELL, ce sont les trois tableaux de la deuxi\u00e8me articulation du langage qui dressent la carte des syst\u00e8mes phonologique et graphique. Ils guident la prononciation du fran\u00e7ais langue \u00e9trang\u00e8re. Ils guident aussi la lecture-\u00e9criture en fran\u00e7ais langue maternelle. Dans les deux cas, TELL aide \u00e0 voir la correspondance entre les sons et les lettres en repeignant les graph\u00e8mes aux couleurs des phon\u00e8mes.<\/p>\n\n\n\n<p>Les phon\u00e8mes sont dispos\u00e9s selon leurs propri\u00e9t\u00e9s physiques&nbsp;: position dans la bouche (le haut du tableau correspond \u00e0 l\u2019avant&nbsp;; le bas \u00e0 l\u2019arri\u00e8re), l\u2019opposition entre consonnes sourdes et sonores (forme du carr\u00e9), l\u2019opposition entre voyelles orales et nasales (forme du rond), etc. Les consonnes sont des carr\u00e9s et les voyelles sont des ronds, la succession des consonnes et des voyelles donne le rythme caract\u00e9ristique de la syllabe la plus fr\u00e9quente en fran\u00e7ais.<\/p>\n\n\n\n<p>TELL, ce sont les trois tableaux de la premi\u00e8re articulation du langage qui dessinent les continents des classes syntaxiques et les mers des rapports syntaxiques. Ensemble, ils offrent un monde \u00e0 d\u00e9couvrir. Celles et ceux qui veulent comprendre la morphologie et la grammaire du fran\u00e7ais ont mille milliards de routes \u00e0 disposition et des symboles comme des constellations \u00e0 relier pour calculer un cap&nbsp;: groupe nominal, groupe verbal, indicateurs de liaison et adverbes.<\/p>\n\n\n\n<p>\u00ab&nbsp;Tracer des chemins&nbsp;\u00bb ou \u00ab&nbsp;explorer des routes&nbsp;\u00bb est une fa\u00e7on de dire&nbsp;\u00ab&nbsp;lire et \u00e9crire en fran\u00e7ais&nbsp;\u00bb. Mille milliards de possibilit\u00e9s qui sont au service de l\u2019expression personnelle en fran\u00e7ais.<\/p>\n\n\n\n<h2 class=\"has-text-align-center wp-block-heading\" id=\"TELL-2e-articulation\">TELL \u2013 Deuxi\u00e8me articulation<\/h2>\n\n\n\n<div class=\"wp-block-columns is-layout-flex wp-container-core-columns-is-layout-9d6595d7 wp-block-columns-is-layout-flex\">\n<div class=\"wp-block-column is-layout-flow wp-block-column-is-layout-flow\" style=\"flex-basis:25%\">\n<h3 class=\"has-text-align-center has-large-font-size wp-block-heading\">Phon\u00e8mes<\/h3>\n\n\n\n<figure class=\"wp-block-image size-full\"><a href=\"https:\/\/wp.unil.ch\/ficellesapprendre\/files\/2022\/09\/2210_011_TELL_Phone\u0300mes_A2_0109221024_1.jpg\"><img alt=\"\" loading=\"lazy\" decoding=\"async\" width=\"723\" height=\"1024\" src=\"https:\/\/wp.unil.ch\/ficellesapprendre\/files\/2022\/09\/2210_011_TELL_Phone\u0300mes_A2_0109221024_1.jpg\" alt=\"\" class=\"wp-image-1310\" srcset=\"https:\/\/wp.unil.ch\/ficellesapprendre\/files\/2022\/09\/2210_011_TELL_Phone\u0300mes_A2_0109221024_1.jpg 723w, https:\/\/wp.unil.ch\/ficellesapprendre\/files\/2022\/09\/2210_011_TELL_Phone\u0300mes_A2_0109221024_1-212x300.jpg 212w\" sizes=\"auto, (max-width: 723px) 100vw, 723px\" \/><\/a><\/figure>\n\n\n\n<div class=\"wp-block-buttons is-horizontal is-content-justification-center is-layout-flex wp-container-core-buttons-is-layout-499968f5 wp-block-buttons-is-layout-flex\">\n<div class=\"wp-block-button acf-mt-0 is-style-fill\"><a class=\"wp-block-button__link no-border-radius\" href=\"https:\/\/wp.unil.ch\/ficellesapprendre\/files\/2022\/09\/2210_011_TELL_Phone\u0300mes_A2_010922.pdf\">T\u00e9l\u00e9charger<\/a><\/div>\n<\/div>\n<\/div>\n\n\n\n<div class=\"wp-block-column is-layout-flow wp-block-column-is-layout-flow\" style=\"flex-basis:50%\">\n<h3 class=\"has-text-align-center has-large-font-size wp-block-heading\">Graph\u00e8mes<\/h3>\n\n\n\n<figure class=\"wp-block-image size-full\"><a href=\"https:\/\/wp.unil.ch\/ficellesapprendre\/files\/2022\/09\/2210_012_TELL_Graphe\u0300mes_A1_0109221024_1.jpg\"><img alt=\"\" loading=\"lazy\" decoding=\"async\" width=\"1024\" height=\"724\" src=\"https:\/\/wp.unil.ch\/ficellesapprendre\/files\/2022\/09\/2210_012_TELL_Graphe\u0300mes_A1_0109221024_1.jpg\" alt=\"\" class=\"wp-image-1309\" srcset=\"https:\/\/wp.unil.ch\/ficellesapprendre\/files\/2022\/09\/2210_012_TELL_Graphe\u0300mes_A1_0109221024_1.jpg 1024w, https:\/\/wp.unil.ch\/ficellesapprendre\/files\/2022\/09\/2210_012_TELL_Graphe\u0300mes_A1_0109221024_1-300x212.jpg 300w, https:\/\/wp.unil.ch\/ficellesapprendre\/files\/2022\/09\/2210_012_TELL_Graphe\u0300mes_A1_0109221024_1-768x543.jpg 768w\" sizes=\"auto, (max-width: 1024px) 100vw, 1024px\" \/><\/a><\/figure>\n\n\n\n<div class=\"wp-block-buttons is-horizontal is-content-justification-center is-layout-flex wp-container-core-buttons-is-layout-499968f5 wp-block-buttons-is-layout-flex\">\n<div class=\"wp-block-button acf-mt-0 is-style-fill\"><a class=\"wp-block-button__link no-border-radius\" href=\"https:\/\/wp.unil.ch\/ficellesapprendre\/files\/2022\/09\/2210_012_TELL_Graphe\u0300mes_A1_010922.pdf\">T\u00e9l\u00e9charger<\/a><\/div>\n<\/div>\n<\/div>\n\n\n\n<div class=\"wp-block-column is-layout-flow wp-block-column-is-layout-flow\" style=\"flex-basis:25%\">\n<h3 class=\"has-text-align-center has-large-font-size wp-block-heading\">Pictos<\/h3>\n\n\n\n<figure class=\"wp-block-image size-full\"><a href=\"https:\/\/wp.unil.ch\/ficellesapprendre\/files\/2022\/09\/2210_013_TELL_Pictos-phonocouleurs_A2_0109221024_1.jpg\"><img alt=\"\" loading=\"lazy\" decoding=\"async\" width=\"723\" height=\"1024\" src=\"https:\/\/wp.unil.ch\/ficellesapprendre\/files\/2022\/09\/2210_013_TELL_Pictos-phonocouleurs_A2_0109221024_1.jpg\" alt=\"\" class=\"wp-image-1308\" srcset=\"https:\/\/wp.unil.ch\/ficellesapprendre\/files\/2022\/09\/2210_013_TELL_Pictos-phonocouleurs_A2_0109221024_1.jpg 723w, https:\/\/wp.unil.ch\/ficellesapprendre\/files\/2022\/09\/2210_013_TELL_Pictos-phonocouleurs_A2_0109221024_1-212x300.jpg 212w\" sizes=\"auto, (max-width: 723px) 100vw, 723px\" \/><\/a><\/figure>\n\n\n\n<div class=\"wp-block-buttons is-horizontal is-content-justification-center is-layout-flex wp-container-core-buttons-is-layout-499968f5 wp-block-buttons-is-layout-flex\">\n<div class=\"wp-block-button acf-mt-0 is-style-fill\"><a class=\"wp-block-button__link no-border-radius\" href=\"https:\/\/wp.unil.ch\/ficellesapprendre\/files\/2022\/09\/2210_013_TELL_Pictos-phonocouleurs_A2_010922.pdf\">T\u00e9l\u00e9charger<\/a><\/div>\n<\/div>\n<\/div>\n<\/div>\n\n\n\n<h2 class=\"has-text-align-center wp-block-heading\" id=\"TELL-1re-articulation\">TELL \u2013 Premi\u00e8re articulation<\/h2>\n\n\n\n<div class=\"wp-block-columns is-layout-flex wp-container-core-columns-is-layout-9d6595d7 wp-block-columns-is-layout-flex\">\n<div class=\"wp-block-column is-layout-flow wp-block-column-is-layout-flow\" style=\"flex-basis:25%\">\n<h3 class=\"has-text-align-center has-large-font-size wp-block-heading\">Groupe nominal<\/h3>\n\n\n\n<figure class=\"wp-block-image size-full acf-ax-max-height\"><a href=\"https:\/\/wp.unil.ch\/ficellesapprendre\/files\/2022\/09\/2210_014_TELL_Groupe_Nominal_A2_0209221024_1.jpg\"><img alt=\"\" loading=\"lazy\" decoding=\"async\" width=\"723\" height=\"1024\" src=\"https:\/\/wp.unil.ch\/ficellesapprendre\/files\/2022\/09\/2210_014_TELL_Groupe_Nominal_A2_0209221024_1.jpg\" alt=\"\" class=\"wp-image-1307\" srcset=\"https:\/\/wp.unil.ch\/ficellesapprendre\/files\/2022\/09\/2210_014_TELL_Groupe_Nominal_A2_0209221024_1.jpg 723w, https:\/\/wp.unil.ch\/ficellesapprendre\/files\/2022\/09\/2210_014_TELL_Groupe_Nominal_A2_0209221024_1-212x300.jpg 212w\" sizes=\"auto, (max-width: 723px) 100vw, 723px\" \/><\/a><\/figure>\n\n\n\n<div class=\"wp-block-buttons is-horizontal is-content-justification-center is-layout-flex wp-container-core-buttons-is-layout-499968f5 wp-block-buttons-is-layout-flex\">\n<div class=\"wp-block-button acf-mt-0 is-style-fill\"><a class=\"wp-block-button__link no-border-radius\" href=\"https:\/\/wp.unil.ch\/ficellesapprendre\/files\/2022\/09\/2210_014_TELL_Groupe_Nominal_A2_020922.pdf\">T\u00e9l\u00e9charger<\/a><\/div>\n<\/div>\n<\/div>\n\n\n\n<div class=\"wp-block-column is-layout-flow wp-block-column-is-layout-flow\" style=\"flex-basis:50%\">\n<h3 class=\"has-text-align-center has-large-font-size wp-block-heading\">Groupe verbal<\/h3>\n\n\n\n<figure class=\"wp-block-image size-full\"><a href=\"https:\/\/wp.unil.ch\/ficellesapprendre\/files\/2022\/09\/2210_015_TELL_Groupe_Verbal_A1_0209221024_1.jpg\"><img alt=\"\" loading=\"lazy\" decoding=\"async\" width=\"1024\" height=\"724\" src=\"https:\/\/wp.unil.ch\/ficellesapprendre\/files\/2022\/09\/2210_015_TELL_Groupe_Verbal_A1_0209221024_1.jpg\" alt=\"\" class=\"wp-image-1304\" srcset=\"https:\/\/wp.unil.ch\/ficellesapprendre\/files\/2022\/09\/2210_015_TELL_Groupe_Verbal_A1_0209221024_1.jpg 1024w, https:\/\/wp.unil.ch\/ficellesapprendre\/files\/2022\/09\/2210_015_TELL_Groupe_Verbal_A1_0209221024_1-300x212.jpg 300w, https:\/\/wp.unil.ch\/ficellesapprendre\/files\/2022\/09\/2210_015_TELL_Groupe_Verbal_A1_0209221024_1-768x543.jpg 768w\" sizes=\"auto, (max-width: 1024px) 100vw, 1024px\" \/><\/a><\/figure>\n\n\n\n<div class=\"wp-block-buttons is-horizontal is-content-justification-center is-layout-flex wp-container-core-buttons-is-layout-499968f5 wp-block-buttons-is-layout-flex\">\n<div class=\"wp-block-button acf-mt-0 is-style-fill\"><a class=\"wp-block-button__link no-border-radius\" href=\"https:\/\/wp.unil.ch\/ficellesapprendre\/files\/2022\/09\/2210_015_TELL_Groupe_Verbal_A1_020922.pdf\">T\u00e9l\u00e9charger<\/a><\/div>\n<\/div>\n<\/div>\n\n\n\n<div class=\"wp-block-column is-layout-flow wp-block-column-is-layout-flow\" style=\"flex-basis:25%\">\n<h3 class=\"has-text-align-center has-large-font-size wp-block-heading\">Liaisons<\/h3>\n\n\n\n<figure class=\"wp-block-image size-full\"><a href=\"https:\/\/wp.unil.ch\/ficellesapprendre\/files\/2022\/09\/2210_016_TELL_Liaisons_Adverbes_A2_0501211024_1.jpg\"><img alt=\"\" loading=\"lazy\" decoding=\"async\" width=\"723\" height=\"1024\" src=\"https:\/\/wp.unil.ch\/ficellesapprendre\/files\/2022\/09\/2210_016_TELL_Liaisons_Adverbes_A2_0501211024_1.jpg\" alt=\"\" class=\"wp-image-1311\" srcset=\"https:\/\/wp.unil.ch\/ficellesapprendre\/files\/2022\/09\/2210_016_TELL_Liaisons_Adverbes_A2_0501211024_1.jpg 723w, https:\/\/wp.unil.ch\/ficellesapprendre\/files\/2022\/09\/2210_016_TELL_Liaisons_Adverbes_A2_0501211024_1-212x300.jpg 212w\" sizes=\"auto, (max-width: 723px) 100vw, 723px\" \/><\/a><\/figure>\n\n\n\n<div class=\"wp-block-buttons is-horizontal is-content-justification-center is-layout-flex wp-container-core-buttons-is-layout-499968f5 wp-block-buttons-is-layout-flex\">\n<div class=\"wp-block-button acf-mt-0 is-style-fill\"><a class=\"wp-block-button__link no-border-radius\" href=\"https:\/\/wp.unil.ch\/ficellesapprendre\/files\/2022\/09\/2210_016_TELL_Liaisons_Adverbes_A2_050121.pdf\">T\u00e9l\u00e9charger<\/a><\/div>\n<\/div>\n<\/div>\n<\/div>\n\n\n\n<p class=\"has-text-align-center\">Des questions&nbsp;? <a href=\"https:\/\/wp.unil.ch\/ficellesapprendre\/foire-aux-questions#ficelles-linguistiques\">Consulter notre FAQ&#8230;<\/a><\/p>\n","protected":false},"excerpt":{"rendered":"<p>TELL, c\u2019est quoi&nbsp;? TELL, ce sont six tableaux qui permettent de voyager dans la g\u00e9ographie du fran\u00e7ais en suivant les trac\u00e9s de mille milliards de combinaisons. TELL, ce sont les trois tableaux de la deuxi\u00e8me articulation du langage qui dressent la carte des syst\u00e8mes phonologique et graphique. Ils guident la prononciation du fran\u00e7ais langue \u00e9trang\u00e8re. [&hellip;]<\/p>\n","protected":false},"author":1002163,"featured_media":0,"parent":0,"menu_order":0,"comment_status":"closed","ping_status":"closed","template":"templates\/template-full-width.php","meta":{"_seopress_robots_primary_cat":"","_seopress_titles_title":"","_seopress_titles_desc":"","_seopress_robots_index":"","footnotes":""},"class_list":["post-269","page","type-page","status-publish"],"_links":{"self":[{"href":"https:\/\/wp.unil.ch\/ficellesapprendre\/wp-json\/wp\/v2\/pages\/269","targetHints":{"allow":["GET"]}}],"collection":[{"href":"https:\/\/wp.unil.ch\/ficellesapprendre\/wp-json\/wp\/v2\/pages"}],"about":[{"href":"https:\/\/wp.unil.ch\/ficellesapprendre\/wp-json\/wp\/v2\/types\/page"}],"author":[{"embeddable":true,"href":"https:\/\/wp.unil.ch\/ficellesapprendre\/wp-json\/wp\/v2\/users\/1002163"}],"replies":[{"embeddable":true,"href":"https:\/\/wp.unil.ch\/ficellesapprendre\/wp-json\/wp\/v2\/comments?post=269"}],"version-history":[{"count":0,"href":"https:\/\/wp.unil.ch\/ficellesapprendre\/wp-json\/wp\/v2\/pages\/269\/revisions"}],"wp:attachment":[{"href":"https:\/\/wp.unil.ch\/ficellesapprendre\/wp-json\/wp\/v2\/media?parent=269"}],"curies":[{"name":"wp","href":"https:\/\/api.w.org\/{rel}","templated":true}]}}