{"id":1058,"date":"2023-10-10T13:20:10","date_gmt":"2023-10-10T11:20:10","guid":{"rendered":"https:\/\/wp.unil.ch\/fgse20ans\/?page_id=1058"},"modified":"2024-06-24T10:05:32","modified_gmt":"2024-06-24T08:05:32","slug":"la-fgse-fete-toujours-ses-20-ans","status":"publish","type":"page","link":"https:\/\/wp.unil.ch\/fgse20ans\/","title":{"rendered":"La FGSE f\u00eate ses 20 ans"},"content":{"rendered":"\n<div class=\"wp-block-cover alignfull\" style=\"min-height:489px;aspect-ratio:unset;\"><span aria-hidden=\"true\" class=\"wp-block-cover__background has-background-dim-0 has-background-dim\"><\/span><img alt=\"\" loading=\"lazy\" decoding=\"async\" width=\"1920\" height=\"1098\" class=\"wp-block-cover__image-background wp-image-1379\" alt=\"\" src=\"https:\/\/wp.unil.ch\/fgse20ans\/files\/2024\/02\/dreamstime_m_141075762.jpg\" style=\"object-position:52% 16%\" data-object-fit=\"cover\" data-object-position=\"52% 16%\" srcset=\"https:\/\/wp.unil.ch\/fgse20ans\/files\/2024\/02\/dreamstime_m_141075762.jpg 1920w, https:\/\/wp.unil.ch\/fgse20ans\/files\/2024\/02\/dreamstime_m_141075762-300x172.jpg 300w, https:\/\/wp.unil.ch\/fgse20ans\/files\/2024\/02\/dreamstime_m_141075762-1024x586.jpg 1024w, https:\/\/wp.unil.ch\/fgse20ans\/files\/2024\/02\/dreamstime_m_141075762-768x439.jpg 768w, https:\/\/wp.unil.ch\/fgse20ans\/files\/2024\/02\/dreamstime_m_141075762-1536x878.jpg 1536w, https:\/\/wp.unil.ch\/fgse20ans\/files\/2024\/02\/dreamstime_m_141075762-540x309.jpg 540w, https:\/\/wp.unil.ch\/fgse20ans\/files\/2024\/02\/dreamstime_m_141075762-1080x618.jpg 1080w\" sizes=\"auto, (max-width: 1920px) 100vw, 1920px\" \/><div class=\"wp-block-cover__inner-container is-layout-constrained wp-block-cover-is-layout-constrained\">\n<div style=\"height:35px\" aria-hidden=\"true\" class=\"wp-block-spacer\"><\/div>\n\n\n\n<h1 class=\"wp-block-heading has-text-align-center has-buttons-text-color has-text-color\" style=\"font-size:55px\">C\u00e9l\u00e9brez 20 ans d&rsquo;excellence avec la FBM et la FGSE<br>Concours d&rsquo;images<\/h1>\n\n\n\n<div class=\"wp-block-group has-buttons-text-color has-text-color has-background has-link-color wp-elements-c37a4b348e94f57582c5a489a7aa606b\" style=\"background-color:#7185a678\"><div class=\"wp-block-group__inner-container is-layout-constrained wp-block-group-is-layout-constrained\">\n<p class=\"has-text-align-center has-larger-font-size\"><strong>D\u00e9couvrez les gagnant\u00b7e\u00b7s<\/strong><\/p>\n\n\n\n<div class=\"wp-block-buttons is-content-justification-center is-layout-flex wp-container-core-buttons-is-layout-16018d1d wp-block-buttons-is-layout-flex\">\n<div class=\"wp-block-button has-custom-width wp-block-button__width-75 has-custom-font-size is-style-outline has-larger-font-size is-style-outline--1\"><a class=\"wp-block-button__link has-buttons-text-color has-text-color has-link-color wp-element-button\" href=\"https:\/\/www.concours20ans.com\/durabilite\" style=\"border-radius:2px\" target=\"_blank\" rel=\"noreferrer noopener\">Cat\u00e9gorie \u00ab\u00a0Durabilit\u00e9\u00a0\u00bb<\/a><\/div>\n\n\n\n<div class=\"wp-block-button has-custom-width wp-block-button__width-75 has-custom-font-size is-style-outline has-larger-font-size is-style-outline--2\"><a class=\"wp-block-button__link has-buttons-text-color has-text-color has-link-color wp-element-button\" href=\"https:\/\/www.concours20ans.com\/ma-faculte\" style=\"border-radius:2px\" target=\"_blank\" rel=\"noreferrer noopener\">Cat\u00e9gorie \u00ab\u00a0Ma facult\u00e9\u00a0\u00bb<\/a><\/div>\n<\/div>\n<\/div><\/div>\n\n\n\n<div style=\"height:34px\" aria-hidden=\"true\" class=\"wp-block-spacer\"><\/div>\n\n\n\n<div class=\"wp-block-columns is-layout-flex wp-container-core-columns-is-layout-9d6595d7 wp-block-columns-is-layout-flex\">\n<div class=\"wp-block-column is-layout-flow wp-block-column-is-layout-flow\" style=\"flex-basis:30%\"><\/div>\n\n\n\n<div class=\"wp-block-column is-layout-flow wp-block-column-is-layout-flow\" style=\"flex-basis:66.66%\">\n<p class=\"has-text-align-right has-buttons-text-color has-text-color has-link-color wp-elements-9a29f2f5d2808024ea768b144e61cb6e\">La FBM et la FGSE ont d\u00e9sign\u00e9 les six laur\u00e9at\u00b7e\u00b7s du concours d\u2019images organis\u00e9 en collaboration avec\u00a0<a href=\"https:\/\/www.figure1a.org\/\" target=\"_blank\" rel=\"noreferrer noopener\">[Figure 1.A.]<\/a>. La remise des prix pour les meilleures \u0153uvres s\u2019est d\u00e9roul\u00e9e lors de la traditionnelle soir\u00e9e d\u2019\u00e9t\u00e9 de la FBM.<\/p>\n<\/div>\n\n\n\n<div class=\"wp-block-column is-layout-flow wp-block-column-is-layout-flow\" style=\"flex-basis:10%\"><\/div>\n<\/div>\n\n\n\n<div style=\"height:35px\" aria-hidden=\"true\" class=\"wp-block-spacer\"><\/div>\n<\/div><\/div>\n\n\n\n<div class=\"wp-block-columns alignwide is-layout-flex wp-container-core-columns-is-layout-9d6595d7 wp-block-columns-is-layout-flex\">\n<div class=\"wp-block-column is-layout-flow wp-block-column-is-layout-flow\">\n<div class=\"wp-block-group bordure-rose\"><div class=\"wp-block-group__inner-container is-layout-constrained wp-block-group-is-layout-constrained\">\n<h3 class=\"wp-block-heading has-text-align-center has-accent-color has-text-color\">Retour sur la f\u00eate en images<\/h3>\n\n\n\n<p class=\"has-text-align-center\">En 2023, la Facult\u00e9 des GSE a f\u00eat\u00e9 ses 20 ans \u00e0 travers des conf\u00e9rences interdisciplinaires, des activit\u00e9s scientifiques in\u00e9dites, un escape game et des jeux interactifs. Retour surs ces \u00e9v\u00e9nements.<\/p>\n\n\n\n<figure class=\"wp-block-gallery has-nested-images columns-6 is-cropped wp-block-gallery-3 is-layout-flex wp-block-gallery-is-layout-flex\">\n<figure class=\"wp-block-image size-large\"><img alt=\"\" loading=\"lazy\" decoding=\"async\" width=\"1024\" height=\"683\" data-id=\"971\" src=\"https:\/\/wp.unil.ch\/fgse20ans\/files\/2023\/06\/jeu-seisme-beat-the-quake8-1024x683.jpg\" alt=\"\" class=\"wp-image-971\" srcset=\"https:\/\/wp.unil.ch\/fgse20ans\/files\/2023\/06\/jeu-seisme-beat-the-quake8-1024x683.jpg 1024w, https:\/\/wp.unil.ch\/fgse20ans\/files\/2023\/06\/jeu-seisme-beat-the-quake8-300x200.jpg 300w, https:\/\/wp.unil.ch\/fgse20ans\/files\/2023\/06\/jeu-seisme-beat-the-quake8-768x512.jpg 768w, https:\/\/wp.unil.ch\/fgse20ans\/files\/2023\/06\/jeu-seisme-beat-the-quake8-540x360.jpg 540w, https:\/\/wp.unil.ch\/fgse20ans\/files\/2023\/06\/jeu-seisme-beat-the-quake8-1080x720.jpg 1080w, https:\/\/wp.unil.ch\/fgse20ans\/files\/2023\/06\/jeu-seisme-beat-the-quake8.jpg 1200w\" sizes=\"auto, (max-width: 1024px) 100vw, 1024px\" \/><\/figure>\n\n\n\n<figure class=\"wp-block-image size-large\"><img alt=\"\" loading=\"lazy\" decoding=\"async\" width=\"1024\" height=\"683\" data-id=\"927\" src=\"https:\/\/wp.unil.ch\/fgse20ans\/files\/2023\/06\/labos-IDYST-et-ISTE3-1024x683.jpg\" alt=\"\" class=\"wp-image-927\" srcset=\"https:\/\/wp.unil.ch\/fgse20ans\/files\/2023\/06\/labos-IDYST-et-ISTE3-1024x683.jpg 1024w, https:\/\/wp.unil.ch\/fgse20ans\/files\/2023\/06\/labos-IDYST-et-ISTE3-300x200.jpg 300w, https:\/\/wp.unil.ch\/fgse20ans\/files\/2023\/06\/labos-IDYST-et-ISTE3-768x512.jpg 768w, https:\/\/wp.unil.ch\/fgse20ans\/files\/2023\/06\/labos-IDYST-et-ISTE3-540x360.jpg 540w, https:\/\/wp.unil.ch\/fgse20ans\/files\/2023\/06\/labos-IDYST-et-ISTE3-1080x720.jpg 1080w, https:\/\/wp.unil.ch\/fgse20ans\/files\/2023\/06\/labos-IDYST-et-ISTE3.jpg 1200w\" sizes=\"auto, (max-width: 1024px) 100vw, 1024px\" \/><\/figure>\n\n\n\n<figure class=\"wp-block-image size-large\"><img alt=\"\" loading=\"lazy\" decoding=\"async\" width=\"1024\" height=\"683\" data-id=\"788\" src=\"https:\/\/wp.unil.ch\/fgse20ans\/files\/2023\/06\/DSCF8124-1024x683.jpg\" alt=\"\" class=\"wp-image-788\" srcset=\"https:\/\/wp.unil.ch\/fgse20ans\/files\/2023\/06\/DSCF8124-1024x683.jpg 1024w, https:\/\/wp.unil.ch\/fgse20ans\/files\/2023\/06\/DSCF8124-300x200.jpg 300w, https:\/\/wp.unil.ch\/fgse20ans\/files\/2023\/06\/DSCF8124-768x512.jpg 768w, https:\/\/wp.unil.ch\/fgse20ans\/files\/2023\/06\/DSCF8124-540x360.jpg 540w, https:\/\/wp.unil.ch\/fgse20ans\/files\/2023\/06\/DSCF8124-1080x720.jpg 1080w, https:\/\/wp.unil.ch\/fgse20ans\/files\/2023\/06\/DSCF8124.jpg 1200w\" sizes=\"auto, (max-width: 1024px) 100vw, 1024px\" \/><\/figure>\n\n\n\n<figure class=\"wp-block-image size-large\"><img alt=\"\" loading=\"lazy\" decoding=\"async\" width=\"1024\" height=\"683\" data-id=\"810\" src=\"https:\/\/wp.unil.ch\/fgse20ans\/files\/2023\/06\/DSCF7953-1024x683.jpg\" alt=\"\" class=\"wp-image-810\" srcset=\"https:\/\/wp.unil.ch\/fgse20ans\/files\/2023\/06\/DSCF7953-1024x683.jpg 1024w, https:\/\/wp.unil.ch\/fgse20ans\/files\/2023\/06\/DSCF7953-300x200.jpg 300w, https:\/\/wp.unil.ch\/fgse20ans\/files\/2023\/06\/DSCF7953-768x512.jpg 768w, https:\/\/wp.unil.ch\/fgse20ans\/files\/2023\/06\/DSCF7953-540x360.jpg 540w, https:\/\/wp.unil.ch\/fgse20ans\/files\/2023\/06\/DSCF7953-1080x720.jpg 1080w, https:\/\/wp.unil.ch\/fgse20ans\/files\/2023\/06\/DSCF7953.jpg 1200w\" sizes=\"auto, (max-width: 1024px) 100vw, 1024px\" \/><\/figure>\n\n\n\n<figure class=\"wp-block-image size-large\"><img alt=\"\" loading=\"lazy\" decoding=\"async\" width=\"1024\" height=\"683\" data-id=\"832\" src=\"https:\/\/wp.unil.ch\/fgse20ans\/files\/2023\/06\/Marie-Elodie-Perga-1024x683.jpg\" alt=\"\" class=\"wp-image-832\" srcset=\"https:\/\/wp.unil.ch\/fgse20ans\/files\/2023\/06\/Marie-Elodie-Perga-1024x683.jpg 1024w, https:\/\/wp.unil.ch\/fgse20ans\/files\/2023\/06\/Marie-Elodie-Perga-300x200.jpg 300w, https:\/\/wp.unil.ch\/fgse20ans\/files\/2023\/06\/Marie-Elodie-Perga-768x512.jpg 768w, https:\/\/wp.unil.ch\/fgse20ans\/files\/2023\/06\/Marie-Elodie-Perga-540x360.jpg 540w, https:\/\/wp.unil.ch\/fgse20ans\/files\/2023\/06\/Marie-Elodie-Perga-1080x720.jpg 1080w, https:\/\/wp.unil.ch\/fgse20ans\/files\/2023\/06\/Marie-Elodie-Perga.jpg 1200w\" sizes=\"auto, (max-width: 1024px) 100vw, 1024px\" \/><\/figure>\n<figcaption class=\"blocks-gallery-caption wp-element-caption\">Retrouvez toutes les galeries<\/figcaption><\/figure>\n\n\n\n<div class=\"wp-block-buttons is-content-justification-center is-layout-flex wp-container-core-buttons-is-layout-16018d1d wp-block-buttons-is-layout-flex\">\n<div class=\"wp-block-button has-custom-font-size alignleft is-style-fill has-large-font-size\"><a class=\"wp-block-button__link has-accent-background-color has-background wp-element-button\" href=\"https:\/\/wp.unil.ch\/fgse20ans\/la-fgse-fete-ses-20-ans-en-images\/\" style=\"border-radius:4px\">En images<\/a><\/div>\n<\/div>\n<\/div><\/div>\n<\/div>\n<\/div>\n\n\n\n<h1 class=\"wp-block-heading has-text-align-center\">ARCHIVES DES \u00c9V\u00c9NEMENTS<\/h1>\n\n\n\n<div class=\"wp-block-columns alignwide is-layout-flex wp-container-core-columns-is-layout-9d6595d7 wp-block-columns-is-layout-flex\">\n<div class=\"wp-block-column has-background is-layout-flow wp-block-column-is-layout-flow\" style=\"background-color:#3d6766\">\n<div class=\"wp-block-group has-background\" style=\"background-color:#3d6766\"><div class=\"wp-block-group__inner-container is-layout-constrained wp-block-group-is-layout-constrained\">\n<h3 class=\"wp-block-heading has-text-align-center has-buttons-text-color has-text-color\">Conf\u00e9rence grand public<\/h3>\n\n\n<div class=\"wp-block-image\">\n<figure class=\"aligncenter size-full\"><img alt=\"\" loading=\"lazy\" decoding=\"async\" width=\"800\" height=\"881\" src=\"https:\/\/wp.unil.ch\/fgse20ans\/files\/2023\/12\/microbialites.jpg\" alt=\"\" class=\"wp-image-1144\" srcset=\"https:\/\/wp.unil.ch\/fgse20ans\/files\/2023\/12\/microbialites.jpg 800w, https:\/\/wp.unil.ch\/fgse20ans\/files\/2023\/12\/microbialites-272x300.jpg 272w, https:\/\/wp.unil.ch\/fgse20ans\/files\/2023\/12\/microbialites-768x846.jpg 768w, https:\/\/wp.unil.ch\/fgse20ans\/files\/2023\/12\/microbialites-540x595.jpg 540w\" sizes=\"auto, (max-width: 800px) 100vw, 800px\" \/><\/figure>\n<\/div>\n\n\n<p class=\"has-text-align-center has-buttons-text-color has-text-color\"> Palais de Rumine &#8211; 6 d\u00e9cembre 2023 \u00e0 18h<\/p>\n\n\n\n<p class=\"has-text-align-center has-large-font-size\"><em><mark style=\"background-color:#f5cb8d;color:#3d6766\" class=\"has-inline-color\">MICROBIALITES, une machine \u00e0 remonter le temps&nbsp;!<\/mark><\/em><\/p>\n\n\n\n<p class=\"has-text-align-center has-buttons-text-color has-text-color has-link-color wp-elements-f8f4a5a07b042b1a9556216274c0f8be\">La conf\u00e9rence sera donn\u00e9e par les Prof. Johanna Marin-Carbonne (Institut des sciences de la Terre, FGSE, UNIL) et Nina Zeyen (D\u00e9partement des sciences de la Terre, UNIGE).<\/p>\n\n\n\n<div class=\"wp-block-buttons is-content-justification-center is-layout-flex wp-container-core-buttons-is-layout-16018d1d wp-block-buttons-is-layout-flex\">\n<div class=\"wp-block-button has-custom-font-size has-large-font-size\"><a class=\"wp-block-button__link has-buttons-text-background-color has-text-color has-background has-link-color wp-element-button\" href=\"https:\/\/agenda.unil.ch\/display\/1701356208857\" style=\"border-radius:4px;color:#3d6766\">Programme<\/a><\/div>\n<\/div>\n<\/div><\/div>\n<\/div>\n\n\n\n<div class=\"wp-block-column has-background is-layout-flow wp-block-column-is-layout-flow\" style=\"background-color:#1c395a\">\n<div class=\"wp-block-group has-buttons-text-color has-text-color has-background\" style=\"background-color:#1c395a\"><div class=\"wp-block-group__inner-container is-layout-constrained wp-block-group-is-layout-constrained\">\n<h3 class=\"wp-block-heading has-text-align-center has-buttons-text-color has-text-color\"><strong>Soir\u00e9e anniversaire pour les 20 ans de la FBM et de la FGSE<\/strong><\/h3>\n\n\n\n<figure class=\"wp-block-image size-full\"><img alt=\"\" loading=\"lazy\" decoding=\"async\" width=\"900\" height=\"900\" src=\"https:\/\/wp.unil.ch\/fgse20ans\/files\/2023\/10\/20ansfbm.jpg\" alt=\"\" class=\"wp-image-1060\" srcset=\"https:\/\/wp.unil.ch\/fgse20ans\/files\/2023\/10\/20ansfbm.jpg 900w, https:\/\/wp.unil.ch\/fgse20ans\/files\/2023\/10\/20ansfbm-300x300.jpg 300w, https:\/\/wp.unil.ch\/fgse20ans\/files\/2023\/10\/20ansfbm-150x150.jpg 150w, https:\/\/wp.unil.ch\/fgse20ans\/files\/2023\/10\/20ansfbm-768x768.jpg 768w, https:\/\/wp.unil.ch\/fgse20ans\/files\/2023\/10\/20ansfbm-540x540.jpg 540w\" sizes=\"auto, (max-width: 900px) 100vw, 900px\" \/><\/figure>\n\n\n\n<p class=\"has-text-align-center\">Palais de Rumine &#8211; 30 novembre 2023 \u00e0 18h<\/p>\n\n\n\n<p class=\"has-text-align-center\">Pour f\u00eater leurs 20 ans d\u2019existence, la Facult\u00e9 de biologie et de m\u00e9decine et la Facult\u00e9 des g\u00e9osciences et de l\u2019environnement organisent un \u00e9v\u00e9nement conjoint, plac\u00e9 sous le signe de la durabilit\u00e9.<\/p>\n\n\n\n<div class=\"wp-block-buttons is-content-justification-center is-layout-flex wp-container-core-buttons-is-layout-16018d1d wp-block-buttons-is-layout-flex\">\n<div class=\"wp-block-button has-custom-font-size alignleft is-style-fill has-large-font-size\"><a class=\"wp-block-button__link has-buttons-text-background-color has-text-color has-background wp-element-button\" href=\"https:\/\/wp.unil.ch\/fgse20ans\/soiree-anniversaire-pour-les-20-ans-de-la-fbm-et-de-la-fgse\/\" style=\"border-radius:4px;color:#1c395a\">Programme<\/a><\/div>\n<\/div>\n<\/div><\/div>\n<\/div>\n<\/div>\n\n\n\n<div class=\"wp-block-columns alignwide is-layout-flex wp-container-core-columns-is-layout-9d6595d7 wp-block-columns-is-layout-flex\">\n<div class=\"wp-block-column has-accent-background-color has-background is-layout-flow wp-block-column-is-layout-flow\">\n<div class=\"wp-block-group has-buttons-text-color has-accent-background-color has-text-color has-background\"><div class=\"wp-block-group__inner-container is-layout-constrained wp-block-group-is-layout-constrained\">\n<h3 class=\"wp-block-heading has-text-align-center has-buttons-text-color has-text-color\">Animations,<br>expo et jeux<\/h3>\n\n\n\n<p class=\"has-text-align-center\"><em>Communaut\u00e9 GSE<\/em><\/p>\n\n\n\n<p class=\"has-text-align-center\">G\u00e9opolis &#8211; du 30 mai au 2 juin 2023<\/p>\n\n\n\n<div class=\"wp-block-buttons is-content-justification-center is-layout-flex wp-container-core-buttons-is-layout-16018d1d wp-block-buttons-is-layout-flex\">\n<div class=\"wp-block-button has-custom-font-size alignleft is-style-fill has-large-font-size\"><a class=\"wp-block-button__link has-accent-color has-buttons-text-background-color has-text-color has-background wp-element-button\" href=\"https:\/\/wp.unil.ch\/fgse20ans\/animations-expos-et-jeux\/\" style=\"border-radius:4px\">Programme<\/a><\/div>\n<\/div>\n<\/div><\/div>\n<\/div>\n\n\n\n<div class=\"wp-block-column has-accent-background-color has-background is-layout-flow wp-block-column-is-layout-flow\">\n<div class=\"wp-block-group has-accent-background-color has-background\"><div class=\"wp-block-group__inner-container is-layout-constrained wp-block-group-is-layout-constrained\">\n<h3 class=\"wp-block-heading has-text-align-center has-buttons-text-color has-text-color\">Conversation avec Felwine Sarr,<br>Docteur honoris causa<\/h3>\n\n\n\n<p class=\"has-text-align-center has-buttons-text-color has-text-color\"><em>Communaut\u00e9 UNIL<\/em><\/p>\n\n\n\n<p class=\"has-text-align-center has-buttons-text-color has-text-color\">IDHEAP &#8211; le 1<sup>er<\/sup> juin 2023<\/p>\n\n\n\n<div class=\"wp-block-buttons is-content-justification-center is-layout-flex wp-container-core-buttons-is-layout-16018d1d wp-block-buttons-is-layout-flex\">\n<div class=\"wp-block-button has-custom-font-size alignleft is-style-fill has-large-font-size\"><a class=\"wp-block-button__link has-accent-color has-buttons-text-background-color has-text-color has-background wp-element-button\" href=\"https:\/\/wp.unil.ch\/fgse20ans\/conversation-avec-felwine-sarr\/\" style=\"border-radius:4px\">Programme<\/a><\/div>\n<\/div>\n<\/div><\/div>\n<\/div>\n<\/div>\n\n\n\n<div class=\"wp-block-columns alignwide is-layout-flex wp-container-core-columns-is-layout-9d6595d7 wp-block-columns-is-layout-flex\">\n<div class=\"wp-block-column has-accent-background-color has-background is-layout-flow wp-block-column-is-layout-flow\">\n<div class=\"wp-block-group has-accent-background-color has-background\"><div class=\"wp-block-group__inner-container is-layout-constrained wp-block-group-is-layout-constrained\">\n<h3 class=\"wp-block-heading has-text-align-center has-buttons-text-color has-text-color\"> Grande F\u00eate et repas des 20 ans<br><\/h3>\n\n\n\n<p class=\"has-text-align-center has-buttons-text-color has-text-color\"><em>Communaut\u00e9 GSE<\/em><\/p>\n\n\n\n<p class=\"has-text-align-center has-buttons-text-color has-text-color\">G\u00e9opolis &#8211; le 2 juin 2023<\/p>\n\n\n\n<div class=\"wp-block-buttons is-content-justification-center is-layout-flex wp-container-core-buttons-is-layout-16018d1d wp-block-buttons-is-layout-flex\">\n<div class=\"wp-block-button has-custom-font-size alignleft is-style-fill has-large-font-size\"><a class=\"wp-block-button__link has-accent-color has-buttons-text-background-color has-text-color has-background wp-element-button\" href=\"https:\/\/wp.unil.ch\/fgse20ans\/grande-fete-des-20-ans\/\" style=\"border-radius:4px\">Programme<\/a><\/div>\n<\/div>\n<\/div><\/div>\n<\/div>\n\n\n\n<div class=\"wp-block-column has-accent-background-color has-background is-layout-flow wp-block-column-is-layout-flow\">\n<div class=\"wp-block-group has-buttons-text-color has-accent-background-color has-text-color has-background\"><div class=\"wp-block-group__inner-container is-layout-constrained wp-block-group-is-layout-constrained\">\n<h3 class=\"wp-block-heading has-text-align-center has-buttons-text-color has-text-color\">Cinq ans du CIRM<\/h3>\n\n\n\n<p class=\"has-text-align-center\"><em>Grand public<\/em><\/p>\n\n\n\n<p class=\"has-text-align-center\">Site de Bramois \u00e0 Sion &#8211; le 3 juin 2023<\/p>\n\n\n\n<div class=\"wp-block-buttons is-content-justification-center is-layout-flex wp-container-core-buttons-is-layout-16018d1d wp-block-buttons-is-layout-flex\">\n<div class=\"wp-block-button has-custom-font-size alignleft is-style-fill has-large-font-size\"><a class=\"wp-block-button__link has-accent-color has-buttons-text-background-color has-text-color has-background wp-element-button\" href=\"https:\/\/wp.unil.ch\/fgse20ans\/5-ans-du-cirm\/\" style=\"border-radius:4px\">Programme<\/a><\/div>\n<\/div>\n<\/div><\/div>\n<\/div>\n<\/div>\n","protected":false},"excerpt":{"rendered":"<p>Retour sur la f\u00eate en images En 2023, la Facult\u00e9 des GSE a f\u00eat\u00e9 ses 20 ans \u00e0 travers des conf\u00e9rences interdisciplinaires, des activit\u00e9s scientifiques in\u00e9dites, un escape&hellip;<\/p>\n","protected":false},"author":108,"featured_media":0,"parent":0,"menu_order":0,"comment_status":"closed","ping_status":"closed","template":"template-full-width.php","meta":{"_seopress_robots_primary_cat":"","_seopress_titles_title":"","_seopress_titles_desc":"","_seopress_robots_index":"","footnotes":""},"class_list":["post-1058","page","type-page","status-publish","has-post-thumbnail"],"_links":{"self":[{"href":"https:\/\/wp.unil.ch\/fgse20ans\/wp-json\/wp\/v2\/pages\/1058","targetHints":{"allow":["GET"]}}],"collection":[{"href":"https:\/\/wp.unil.ch\/fgse20ans\/wp-json\/wp\/v2\/pages"}],"about":[{"href":"https:\/\/wp.unil.ch\/fgse20ans\/wp-json\/wp\/v2\/types\/page"}],"author":[{"embeddable":true,"href":"https:\/\/wp.unil.ch\/fgse20ans\/wp-json\/wp\/v2\/users\/108"}],"replies":[{"embeddable":true,"href":"https:\/\/wp.unil.ch\/fgse20ans\/wp-json\/wp\/v2\/comments?post=1058"}],"version-history":[{"count":4,"href":"https:\/\/wp.unil.ch\/fgse20ans\/wp-json\/wp\/v2\/pages\/1058\/revisions"}],"predecessor-version":[{"id":1413,"href":"https:\/\/wp.unil.ch\/fgse20ans\/wp-json\/wp\/v2\/pages\/1058\/revisions\/1413"}],"wp:attachment":[{"href":"https:\/\/wp.unil.ch\/fgse20ans\/wp-json\/wp\/v2\/media?parent=1058"}],"curies":[{"name":"wp","href":"https:\/\/api.w.org\/{rel}","templated":true}]}}