{"id":141,"date":"2018-05-25T15:32:24","date_gmt":"2018-05-25T13:32:24","guid":{"rendered":"http:\/\/wp.unil.ch\/fava\/?page_id=141"},"modified":"2018-07-19T14:48:56","modified_gmt":"2018-07-19T12:48:56","slug":"cas-danimaux","status":"publish","type":"page","link":"https:\/\/wp.unil.ch\/fava\/expertises\/cas-danimaux\/","title":{"rendered":"Cas d&rsquo;animaux"},"content":{"rendered":"<h5><span style=\"color: #ba2248\">des chiens et des hommes&#8230;<\/span><br \/>\n<span style=\"color: #ba2248\">l\u2019animal le plus fr\u00e9quemment analys\u00e9\u00a0dans\u00a0nos mandats\u00a0:<\/span><\/h5>\n<ul>\n<li>\n<figure id=\"attachment_148\" aria-describedby=\"caption-attachment-148\" style=\"width: 300px\" class=\"wp-caption alignright\"><a href=\"https:\/\/wp.unil.ch\/fava\/files\/2018\/05\/croquis-pr\u00e9l\u00e8vements-manteau.jpg\"><img alt=\"\" loading=\"lazy\" decoding=\"async\" class=\"size-medium wp-image-148\" src=\"https:\/\/wp.unil.ch\/fava\/files\/2018\/05\/croquis-pr\u00e9l\u00e8vements-manteau-300x225.jpg\" alt=\"\" width=\"300\" height=\"225\" srcset=\"https:\/\/wp.unil.ch\/fava\/files\/2018\/05\/croquis-pr\u00e9l\u00e8vements-manteau-300x225.jpg 300w, https:\/\/wp.unil.ch\/fava\/files\/2018\/05\/croquis-pr\u00e9l\u00e8vements-manteau-768x576.jpg 768w, https:\/\/wp.unil.ch\/fava\/files\/2018\/05\/croquis-pr\u00e9l\u00e8vements-manteau-1024x768.jpg 1024w, https:\/\/wp.unil.ch\/fava\/files\/2018\/05\/croquis-pr\u00e9l\u00e8vements-manteau-293x220.jpg 293w, https:\/\/wp.unil.ch\/fava\/files\/2018\/05\/croquis-pr\u00e9l\u00e8vements-manteau.jpg 1600w\" sizes=\"auto, (max-width: 300px) 100vw, 300px\" \/><\/a><figcaption id=\"caption-attachment-148\" class=\"wp-caption-text\">un dessin expliquant quels pr\u00e9l\u00e8vements ont \u00e9t\u00e9 r\u00e9alis\u00e9s sur un manteau<\/figcaption><\/figure>\n<p><span style=\"color: #000000\">Dans un cas d\u2019agression, le laboratoire a pu identifier le chien qui avait attaqu\u00e9 une femme sur la voie publique : pour ce faire, des pr\u00e9l\u00e8vements ont \u00e9t\u00e9 effectu\u00e9s sur le manteau de la victime au niveau des d\u00e9chirures, l\u00e0 o\u00f9 le(s) chien(s) avai(en)t mordu, ainsi que par frottis buccal sur 4 chiens suspect\u00e9s d\u2019\u00eatre impliqu\u00e9s dans cette attaque.<br \/>\nLes analyses effectu\u00e9es \u00e0 partir du manteau ont fourni un profil ADN co\u00efncidant avec celui d&rsquo;un des chiens suspects.<\/span><\/li>\n<\/ul>\n<ul>\n<li><span style=\"color: #000000\">Dans une autre situation, le laboratoire a identifi\u00e9 le cr\u00e2ne d\u2019un chien retrouv\u00e9 en for\u00eat\u00a0: des jouets du pr\u00e9sum\u00e9 chien disparu ont \u00e9t\u00e9 analys\u00e9s pour pouvoir comparer le profil ADN trouv\u00e9 sur ces objets avec celui du cr\u00e2ne.<br \/>\n<\/span><\/li>\n<li><span style=\"color: #000000\">Nous avons pu identifier des chiens dans des situations d\u2019attaques diverses, que ce soit sur des personnes, du b\u00e9tail ou d\u2019autres animaux. Une identification de chien a aussi \u00e9t\u00e9 possible sur un pr\u00e9l\u00e8vement d\u2019urine, ainsi que sur des poils pr\u00e9lev\u00e9s sur la veste d\u2019un suspect de maltraitance animale.<\/span><\/li>\n<\/ul>\n<p><span style=\"color: #000000\">Ainsi, le chien bien malgr\u00e9 lui est un apport d\u2019indices g\u00e9n\u00e9tiques compl\u00e9mentaires int\u00e9ressants par sa pr\u00e9sence fr\u00e9quente dans l\u2019entourage de l\u2019homme.<\/span><\/p>\n<h5><span style=\"color: #ba2248\">des oiseaux\u2026<\/span><\/h5>\n<ul>\n<li><span style=\"color: #000000\">Un a\u00e9roport a mandat\u00e9 notre laboratoire afin d\u2019identifier l\u2019esp\u00e8ce d\u2019oiseau qui avait caus\u00e9 des d\u00e9g\u00e2ts dans le moteur d\u2019un avion, l&rsquo;obligeant \u00e0 un atterrissage forc\u00e9: les pr\u00e9l\u00e8vements de fluides biologiques effectu\u00e9s sur la carlingue ont r\u00e9v\u00e9l\u00e9 la s\u00e9quence ADN d\u2019un rapace, le faucon cr\u00e9cerelle <em>(Falco tinnunculus).<\/em><\/span><br \/>\n<span style=\"color: #000000\"><span style=\"color: #000000\"><em>Les oiseaux peuvent poser de gros probl\u00e8mes au trafic a\u00e9rien\u00a0comme il est expliqu\u00e9 sur ce site australien\u00a0: <a style=\"color: #000000\" href=\"https:\/\/australianmuseum.net.au\/bird-strike\">https:\/\/australianmuseum.net.au\/bird-strike<\/a><\/em><\/span><\/span><\/li>\n<li><span style=\"color: #000000\">Dans une autre affaire concernant des rapaces, nous avons effectu\u00e9 une expertise concernant des faucons gerfaut (<em>F. rusticolus<\/em>) dans le cadre de trafic ill\u00e9gal d\u2019oiseaux: nous avons analys\u00e9 des pr\u00e9l\u00e8vements de plumes de\u00a0<\/span><span style=\"color: #000000\">2 couples de parents pr\u00e9sum\u00e9s et de trois jeunes afin d\u2019\u00e9tablir un lien de parent\u00e9 entre eux. Nos analyses ont montr\u00e9 que les deux couples n\u2019\u00e9taient pas les parents biologiques des trois jeunes, ce qui a renforc\u00e9 une suspicion de trafic ill\u00e9gal.<br \/>\n<\/span><\/li>\n<\/ul>\n<p><span style=\"color: #3366ff\"><strong><span style=\"color: #ba2248\">et plus particuli\u00e8rement des perroquets&#8230;<\/span><br \/>\n<\/strong><\/span><\/p>\n<ul>\n<li>En 2011, le laboratoire a re\u00e7u une s\u00e9rie de pr\u00e9l\u00e8vements exceptionnels dans le cadre d\u2019une affaire de trafic d\u2019oiseaux exotiques:<br \/>\n<a href=\"https:\/\/wp.unil.ch\/fava\/files\/2018\/05\/IMG_6491.jpg\"><img alt=\"\" loading=\"lazy\" decoding=\"async\" class=\"alignright size-medium wp-image-153\" src=\"https:\/\/wp.unil.ch\/fava\/files\/2018\/05\/IMG_6491-300x300.jpg\" alt=\"\" width=\"300\" height=\"300\" srcset=\"https:\/\/wp.unil.ch\/fava\/files\/2018\/05\/IMG_6491-300x300.jpg 300w, https:\/\/wp.unil.ch\/fava\/files\/2018\/05\/IMG_6491-150x150.jpg 150w, https:\/\/wp.unil.ch\/fava\/files\/2018\/05\/IMG_6491-768x768.jpg 768w, https:\/\/wp.unil.ch\/fava\/files\/2018\/05\/IMG_6491-1024x1024.jpg 1024w, https:\/\/wp.unil.ch\/fava\/files\/2018\/05\/IMG_6491-90x90.jpg 90w, https:\/\/wp.unil.ch\/fava\/files\/2018\/05\/IMG_6491-220x220.jpg 220w, https:\/\/wp.unil.ch\/fava\/files\/2018\/05\/IMG_6491.jpg 1200w\" sizes=\"auto, (max-width: 300px) 100vw, 300px\" \/><\/a><br \/>\nune centaine de plumes de perroquet nous a \u00e9t\u00e9 confi\u00e9e provenant d\u2019un \u00e9levage suspect\u00e9 de trafic ill\u00e9gal d\u00e9j\u00e0 de longue date. Les soup\u00e7ons suffisamment \u00e9tay\u00e9s et le prix que peut rapporter la vente illicite de certaines esp\u00e8ces ont motiv\u00e9 l&rsquo;Office f\u00e9d\u00e9ral des affaires v\u00e9t\u00e9rinaires \u00e0 engager une expertise g\u00e9n\u00e9tique. Ces analyses ont r\u00e9v\u00e9l\u00e9 que dans trois situations examin\u00e9es sur six, les oiseaux n\u2019\u00e9taient pas apparent\u00e9s, ce qui a renforc\u00e9 l\u2019hypoth\u00e8se de trafic ill\u00e9gal et permis de condamner le fraudeur.<br \/>\nLe laboratoire a mis au point une s\u00e9rie de marqueurs g\u00e9n\u00e9tiques permettant une expertise lors de braconnage de perroquets.<\/li>\n<\/ul>\n<p>&nbsp;<\/p>\n<p>&nbsp;<\/p>\n<div class=\"mceTemp\">\n<p><a href=\"https:\/\/wp.unil.ch\/fava\/files\/2018\/01\/IMG_6495.jpg\"><img alt=\"\" loading=\"lazy\" decoding=\"async\" class=\"size-medium wp-image-67 alignright\" src=\"https:\/\/wp.unil.ch\/fava\/files\/2018\/01\/IMG_6495-300x300.jpg\" alt=\"\" width=\"300\" height=\"300\" srcset=\"https:\/\/wp.unil.ch\/fava\/files\/2018\/01\/IMG_6495-300x300.jpg 300w, https:\/\/wp.unil.ch\/fava\/files\/2018\/01\/IMG_6495-150x150.jpg 150w, https:\/\/wp.unil.ch\/fava\/files\/2018\/01\/IMG_6495-768x768.jpg 768w, https:\/\/wp.unil.ch\/fava\/files\/2018\/01\/IMG_6495-1024x1024.jpg 1024w, https:\/\/wp.unil.ch\/fava\/files\/2018\/01\/IMG_6495-90x90.jpg 90w, https:\/\/wp.unil.ch\/fava\/files\/2018\/01\/IMG_6495-220x220.jpg 220w, https:\/\/wp.unil.ch\/fava\/files\/2018\/01\/IMG_6495.jpg 1200w\" sizes=\"auto, (max-width: 300px) 100vw, 300px\" \/><\/a><\/p>\n<p>&nbsp;<\/p>\n<\/div>\n<p><em>R\u00e9f.\u00a0: \u00ab\u00a0Polymorphic DNA microsatellite markers for forensic individual identification and parentage analyses of seven threatened species of parrots (family Psittacidae)\u00a0\u00bb C. Jan et L. Fumagalli &#8211; PeerJ \u2013 August 2016.<\/em><\/p>\n<p>&nbsp;<\/p>\n<p><em><span style=\"color: #999999\">pr\u00e9l\u00e8vement d&rsquo;une plume de perroquet dans le cadre d&rsquo;une affaire de trafic d&rsquo;oiseau<\/span><\/em><\/p>\n<h5><\/h5>\n<h5><span style=\"color: #ba2248\">du gibier\u2026<\/span><\/h5>\n<p><a href=\"https:\/\/wp.unil.ch\/fava\/files\/2018\/07\/Sangliers-presse-1.png\"><img alt=\"\" loading=\"lazy\" decoding=\"async\" class=\"alignright size-medium wp-image-257\" src=\"https:\/\/wp.unil.ch\/fava\/files\/2018\/07\/Sangliers-presse-1-300x189.png\" alt=\"\" width=\"300\" height=\"189\" srcset=\"https:\/\/wp.unil.ch\/fava\/files\/2018\/07\/Sangliers-presse-1-300x189.png 300w, https:\/\/wp.unil.ch\/fava\/files\/2018\/07\/Sangliers-presse-1-768x485.png 768w, https:\/\/wp.unil.ch\/fava\/files\/2018\/07\/Sangliers-presse-1-1024x647.png 1024w, https:\/\/wp.unil.ch\/fava\/files\/2018\/07\/Sangliers-presse-1-348x220.png 348w, https:\/\/wp.unil.ch\/fava\/files\/2018\/07\/Sangliers-presse-1.png 1441w\" sizes=\"auto, (max-width: 300px) 100vw, 300px\" \/><\/a>Histoire de sanglier : extrait du \u00ab\u00a024 heures\u00a0\u00bb d\u2019octobre 2015.\u00a0<em>Canton d&rsquo;Argovie\u00a0: la justice argovienne a mis la main sur un conducteur qui a \u00e9cras\u00e9 volontairement une m\u00e8re sanglier et ses trois petits dans un champ \u00e0 B\u00f6ttstein (AG).<br \/>\n<\/em><em>Il s&rsquo;agit d&rsquo;un homme de 55 ans qui a happ\u00e9 mortellement la laie et ses marcassins avec un v\u00e9hicule tout-terrain. Le Minist\u00e8re public argovien a ouvert une enqu\u00eate contre le suspect pour maltraitance d&rsquo;animaux, indique mardi sa porte-parole \u00e0 l&rsquo;ats. Cette derni\u00e8re confirme une information r\u00e9v\u00e9l\u00e9e par le Blick. <\/em><em>L&rsquo;autorit\u00e9 d&rsquo;enqu\u00eate a en outre saisi le v\u00e9hicule du quinquag\u00e9naire. Les faits se sont produits jeudi dernier. Ce jour-l\u00e0, la m\u00e8re sanglier a \u00e9t\u00e9 d\u00e9couverte gri\u00e8vement bless\u00e9e et ses petits morts dans un champ. <\/em><em><em>Le garde-chasse a d\u00fb achever la laie pour la d\u00e9livrer de son agonie. Des traces fra\u00eeches de pneus, d\u00e9couverts sur les lieux, ont dirig\u00e9 les enqu\u00eateurs sur la piste d&rsquo;un acte intentionnel. (ats\/nxp)<\/em><\/em>Le laboratoire a re\u00e7u des pr\u00e9l\u00e8vements de mat\u00e9riel biologique effectu\u00e9s sur la voiture qui \u00a0ont \u00e9t\u00e9 compar\u00e9s aux \u00e9chantillons des animaux tu\u00e9s, et les profils ADN ont r\u00e9v\u00e9l\u00e9 une correspondance, ce qui a permis de renforcer l\u2019accusation envers l\u2019auteur de ce d\u00e9lit.<\/p>\n<p>&nbsp;<\/p>\n<p>&nbsp;<\/p>\n<p>&nbsp;<\/p>\n","protected":false},"excerpt":{"rendered":"<p>des chiens et des hommes&#8230; l\u2019animal le plus fr\u00e9quemment analys\u00e9\u00a0dans\u00a0nos mandats\u00a0: Dans un cas d\u2019agression, le laboratoire a pu identifier le chien qui avait attaqu\u00e9 une femme sur la voie &hellip; <\/p>\n","protected":false},"author":1001708,"featured_media":0,"parent":13,"menu_order":2,"comment_status":"closed","ping_status":"closed","template":"page-templates\/full-width-page.php","meta":{"_seopress_robots_primary_cat":"","_seopress_titles_title":"","_seopress_titles_desc":"","_seopress_robots_index":"","footnotes":""},"class_list":["post-141","page","type-page","status-publish"],"_links":{"self":[{"href":"https:\/\/wp.unil.ch\/fava\/wp-json\/wp\/v2\/pages\/141","targetHints":{"allow":["GET"]}}],"collection":[{"href":"https:\/\/wp.unil.ch\/fava\/wp-json\/wp\/v2\/pages"}],"about":[{"href":"https:\/\/wp.unil.ch\/fava\/wp-json\/wp\/v2\/types\/page"}],"author":[{"embeddable":true,"href":"https:\/\/wp.unil.ch\/fava\/wp-json\/wp\/v2\/users\/1001708"}],"replies":[{"embeddable":true,"href":"https:\/\/wp.unil.ch\/fava\/wp-json\/wp\/v2\/comments?post=141"}],"version-history":[{"count":0,"href":"https:\/\/wp.unil.ch\/fava\/wp-json\/wp\/v2\/pages\/141\/revisions"}],"up":[{"embeddable":true,"href":"https:\/\/wp.unil.ch\/fava\/wp-json\/wp\/v2\/pages\/13"}],"wp:attachment":[{"href":"https:\/\/wp.unil.ch\/fava\/wp-json\/wp\/v2\/media?parent=141"}],"curies":[{"name":"wp","href":"https:\/\/api.w.org\/{rel}","templated":true}]}}

<h5><span style="color: #ba2248">des chiens et des hommes&#8230;</span><br />
<span style="color: #ba2248">l’animal le plus fréquemment analysé dans nos mandats :</span></h5>
<ul>
<li>
<figure id="attachment_148" aria-describedby="caption-attachment-148" style="width: 300px" class="wp-caption alignright"><a href="https://wp.unil.ch/fava/files/2018/05/croquis-prélèvements-manteau.jpg"><img alt="" loading="lazy" decoding="async" class="size-medium wp-image-148" src="https://wp.unil.ch/fava/files/2018/05/croquis-prélèvements-manteau-300x225.jpg" alt="" width="300" height="225" srcset="https://wp.unil.ch/fava/files/2018/05/croquis-prélèvements-manteau-300x225.jpg 300w, https://wp.unil.ch/fava/files/2018/05/croquis-prélèvements-manteau-768x576.jpg 768w, https://wp.unil.ch/fava/files/2018/05/croquis-prélèvements-manteau-1024x768.jpg 1024w, https://wp.unil.ch/fava/files/2018/05/croquis-prélèvements-manteau-293x220.jpg 293w, https://wp.unil.ch/fava/files/2018/05/croquis-prélèvements-manteau.jpg 1600w" sizes="auto, (max-width: 300px) 100vw, 300px" /></a><figcaption id="caption-attachment-148" class="wp-caption-text">un dessin expliquant quels prélèvements ont été réalisés sur un manteau</figcaption></figure>
<p><span style="color: #000000">Dans un cas d’agression, le laboratoire a pu identifier le chien qui avait attaqué une femme sur la voie publique : pour ce faire, des prélèvements ont été effectués sur le manteau de la victime au niveau des déchirures, là où le(s) chien(s) avai(en)t mordu, ainsi que par frottis buccal sur 4 chiens suspectés d’être impliqués dans cette attaque.<br />
Les analyses effectuées à partir du manteau ont fourni un profil ADN coïncidant avec celui d&rsquo;un des chiens suspects.</span></li>
</ul>
<ul>
<li><span style="color: #000000">Dans une autre situation, le laboratoire a identifié le crâne d’un chien retrouvé en forêt : des jouets du présumé chien disparu ont été analysés pour pouvoir comparer le profil ADN trouvé sur ces objets avec celui du crâne.<br />
</span></li>
<li><span style="color: #000000">Nous avons pu identifier des chiens dans des situations d’attaques diverses, que ce soit sur des personnes, du bétail ou d’autres animaux. Une identification de chien a aussi été possible sur un prélèvement d’urine, ainsi que sur des poils prélevés sur la veste d’un suspect de maltraitance animale.</span></li>
</ul>
<p><span style="color: #000000">Ainsi, le chien bien malgré lui est un apport d’indices génétiques complémentaires intéressants par sa présence fréquente dans l’entourage de l’homme.</span></p>
<h5><span style="color: #ba2248">des oiseaux…</span></h5>
<ul>
<li><span style="color: #000000">Un aéroport a mandaté notre laboratoire afin d’identifier l’espèce d’oiseau qui avait causé des dégâts dans le moteur d’un avion, l&rsquo;obligeant à un atterrissage forcé: les prélèvements de fluides biologiques effectués sur la carlingue ont révélé la séquence ADN d’un rapace, le faucon crécerelle <em>(Falco tinnunculus).</em></span><br />
<span style="color: #000000"><span style="color: #000000"><em>Les oiseaux peuvent poser de gros problèmes au trafic aérien comme il est expliqué sur ce site australien : <a style="color: #000000" href="https://australianmuseum.net.au/bird-strike">https://australianmuseum.net.au/bird-strike</a></em></span></span></li>
<li><span style="color: #000000">Dans une autre affaire concernant des rapaces, nous avons effectué une expertise concernant des faucons gerfaut (<em>F. rusticolus</em>) dans le cadre de trafic illégal d’oiseaux: nous avons analysé des prélèvements de plumes de </span><span style="color: #000000">2 couples de parents présumés et de trois jeunes afin d’établir un lien de parenté entre eux. Nos analyses ont montré que les deux couples n’étaient pas les parents biologiques des trois jeunes, ce qui a renforcé une suspicion de trafic illégal.<br />
</span></li>
</ul>
<p><span style="color: #3366ff"><strong><span style="color: #ba2248">et plus particulièrement des perroquets&#8230;</span><br />
</strong></span></p>
<ul>
<li>En 2011, le laboratoire a reçu une série de prélèvements exceptionnels dans le cadre d’une affaire de trafic d’oiseaux exotiques:<br />
<a href="https://wp.unil.ch/fava/files/2018/05/IMG_6491.jpg"><img alt="" loading="lazy" decoding="async" class="alignright size-medium wp-image-153" src="https://wp.unil.ch/fava/files/2018/05/IMG_6491-300x300.jpg" alt="" width="300" height="300" srcset="https://wp.unil.ch/fava/files/2018/05/IMG_6491-300x300.jpg 300w, https://wp.unil.ch/fava/files/2018/05/IMG_6491-150x150.jpg 150w, https://wp.unil.ch/fava/files/2018/05/IMG_6491-768x768.jpg 768w, https://wp.unil.ch/fava/files/2018/05/IMG_6491-1024x1024.jpg 1024w, https://wp.unil.ch/fava/files/2018/05/IMG_6491-90x90.jpg 90w, https://wp.unil.ch/fava/files/2018/05/IMG_6491-220x220.jpg 220w, https://wp.unil.ch/fava/files/2018/05/IMG_6491.jpg 1200w" sizes="auto, (max-width: 300px) 100vw, 300px" /></a><br />
une centaine de plumes de perroquet nous a été confiée provenant d’un élevage suspecté de trafic illégal déjà de longue date. Les soupçons suffisamment étayés et le prix que peut rapporter la vente illicite de certaines espèces ont motivé l&rsquo;Office fédéral des affaires vétérinaires à engager une expertise génétique. Ces analyses ont révélé que dans trois situations examinées sur six, les oiseaux n’étaient pas apparentés, ce qui a renforcé l’hypothèse de trafic illégal et permis de condamner le fraudeur.<br />
Le laboratoire a mis au point une série de marqueurs génétiques permettant une expertise lors de braconnage de perroquets.</li>
</ul>
<p>&nbsp;</p>
<p>&nbsp;</p>
<div class="mceTemp">
<p><a href="https://wp.unil.ch/fava/files/2018/01/IMG_6495.jpg"><img alt="" loading="lazy" decoding="async" class="size-medium wp-image-67 alignright" src="https://wp.unil.ch/fava/files/2018/01/IMG_6495-300x300.jpg" alt="" width="300" height="300" srcset="https://wp.unil.ch/fava/files/2018/01/IMG_6495-300x300.jpg 300w, https://wp.unil.ch/fava/files/2018/01/IMG_6495-150x150.jpg 150w, https://wp.unil.ch/fava/files/2018/01/IMG_6495-768x768.jpg 768w, https://wp.unil.ch/fava/files/2018/01/IMG_6495-1024x1024.jpg 1024w, https://wp.unil.ch/fava/files/2018/01/IMG_6495-90x90.jpg 90w, https://wp.unil.ch/fava/files/2018/01/IMG_6495-220x220.jpg 220w, https://wp.unil.ch/fava/files/2018/01/IMG_6495.jpg 1200w" sizes="auto, (max-width: 300px) 100vw, 300px" /></a></p>
<p>&nbsp;</p>
</div>
<p><em>Réf. : « Polymorphic DNA microsatellite markers for forensic individual identification and parentage analyses of seven threatened species of parrots (family Psittacidae) » C. Jan et L. Fumagalli &#8211; PeerJ – August 2016.</em></p>
<p>&nbsp;</p>
<p><em><span style="color: #999999">prélèvement d&rsquo;une plume de perroquet dans le cadre d&rsquo;une affaire de trafic d&rsquo;oiseau</span></em></p>
<h5></h5>
<h5><span style="color: #ba2248">du gibier…</span></h5>
<p><a href="https://wp.unil.ch/fava/files/2018/07/Sangliers-presse-1.png"><img alt="" loading="lazy" decoding="async" class="alignright size-medium wp-image-257" src="https://wp.unil.ch/fava/files/2018/07/Sangliers-presse-1-300x189.png" alt="" width="300" height="189" srcset="https://wp.unil.ch/fava/files/2018/07/Sangliers-presse-1-300x189.png 300w, https://wp.unil.ch/fava/files/2018/07/Sangliers-presse-1-768x485.png 768w, https://wp.unil.ch/fava/files/2018/07/Sangliers-presse-1-1024x647.png 1024w, https://wp.unil.ch/fava/files/2018/07/Sangliers-presse-1-348x220.png 348w, https://wp.unil.ch/fava/files/2018/07/Sangliers-presse-1.png 1441w" sizes="auto, (max-width: 300px) 100vw, 300px" /></a>Histoire de sanglier : extrait du « 24 heures » d’octobre 2015. <em>Canton d&rsquo;Argovie : la justice argovienne a mis la main sur un conducteur qui a écrasé volontairement une mère sanglier et ses trois petits dans un champ à Böttstein (AG).<br />
</em><em>Il s&rsquo;agit d&rsquo;un homme de 55 ans qui a happé mortellement la laie et ses marcassins avec un véhicule tout-terrain. Le Ministère public argovien a ouvert une enquête contre le suspect pour maltraitance d&rsquo;animaux, indique mardi sa porte-parole à l&rsquo;ats. Cette dernière confirme une information révélée par le Blick. </em><em>L&rsquo;autorité d&rsquo;enquête a en outre saisi le véhicule du quinquagénaire. Les faits se sont produits jeudi dernier. Ce jour-là, la mère sanglier a été découverte grièvement blessée et ses petits morts dans un champ. </em><em><em>Le garde-chasse a dû achever la laie pour la délivrer de son agonie. Des traces fraîches de pneus, découverts sur les lieux, ont dirigé les enquêteurs sur la piste d&rsquo;un acte intentionnel. (ats/nxp)</em></em>Le laboratoire a reçu des prélèvements de matériel biologique effectués sur la voiture qui  ont été comparés aux échantillons des animaux tués, et les profils ADN ont révélé une correspondance, ce qui a permis de renforcer l’accusation envers l’auteur de ce délit.</p>
<p>&nbsp;</p>
<p>&nbsp;</p>
<p>&nbsp;</p>

<p>des chiens et des hommes&#8230; l’animal le plus fréquemment analysé dans nos mandats : Dans un cas d’agression, le laboratoire a pu identifier le chien qui avait attaqué une femme sur la voie &hellip; </p>
