{"id":183,"date":"2025-10-15T10:28:45","date_gmt":"2025-10-15T08:28:45","guid":{"rendered":"https:\/\/wp.unil.ch\/extinctionsalpines\/?page_id=183"},"modified":"2025-11-06T14:11:41","modified_gmt":"2025-11-06T13:11:41","slug":"a-propos","status":"publish","type":"page","link":"https:\/\/wp.unil.ch\/extinctionsalpines\/a-propos\/","title":{"rendered":"A propos"},"content":{"rendered":"\n<p>Le projet de recherche <em>Extinctions. Vivre avec les disparitions d&rsquo;entit\u00e9s autres qu&rsquo;humaines dans les Alpes<\/em>, r\u00e9unit des membres de l&rsquo;Institut de G\u00e9ographie et Durabilit\u00e9 de l&rsquo;Universit\u00e9 de Lausanne pour une dur\u00e9e de 4 ans (janvier 2025-d\u00e9cembre 2028). <\/p>\n\n\n\n<h2 class=\"wp-block-heading has-text-align-left\">Equipe<\/h2>\n\n\n<div class=\"wp-block-image is-style-rounded\">\n<figure class=\"aligncenter size-full is-resized\"><img alt=\"lc r plan de travail 1 1024x1024\" loading=\"lazy\" decoding=\"async\" width=\"1024\" height=\"1024\" src=\"https:\/\/wp.unil.ch\/extinctionsalpines\/files\/2025\/11\/lc_r_plan-de-travail-1-1024x1024-1.png\" alt=\"\" class=\"wp-image-273\" style=\"width:232px;height:auto\" srcset=\"https:\/\/wp.unil.ch\/extinctionsalpines\/files\/2025\/11\/lc_r_plan-de-travail-1-1024x1024-1.png 1024w, https:\/\/wp.unil.ch\/extinctionsalpines\/files\/2025\/11\/lc_r_plan-de-travail-1-1024x1024-1-300x300.png 300w, https:\/\/wp.unil.ch\/extinctionsalpines\/files\/2025\/11\/lc_r_plan-de-travail-1-1024x1024-1-150x150.png 150w, https:\/\/wp.unil.ch\/extinctionsalpines\/files\/2025\/11\/lc_r_plan-de-travail-1-1024x1024-1-768x768.png 768w, https:\/\/wp.unil.ch\/extinctionsalpines\/files\/2025\/11\/lc_r_plan-de-travail-1-1024x1024-1-540x540.png 540w\" sizes=\"auto, (max-width: 1024px) 100vw, 1024px\" \/><\/figure>\n<\/div>\n\n\n<p class=\"has-text-align-center\"><a href=\"https:\/\/applicationspub.unil.ch\/interpub\/noauth\/php\/Un\/UnPers.php?PerNum=1220813\">Laine Chanteloup<\/a>, Professeure assistante, Universit\u00e9 de Lausanne<\/p>\n\n\n<div class=\"wp-block-image is-style-rounded\">\n<figure class=\"aligncenter size-full is-resized\"><img loading=\"lazy\" decoding=\"async\" width=\"851\" height=\"826\" src=\"https:\/\/wp.unil.ch\/extinctionsalpines\/files\/2025\/11\/jean_chamel_cv_pic_small-convertimage.jpg\" alt=\"jean chamel cv pic small convertimage\" class=\"wp-image-276\" style=\"width:212px;height:auto\" srcset=\"https:\/\/wp.unil.ch\/extinctionsalpines\/files\/2025\/11\/jean_chamel_cv_pic_small-convertimage.jpg 851w, https:\/\/wp.unil.ch\/extinctionsalpines\/files\/2025\/11\/jean_chamel_cv_pic_small-convertimage-300x291.jpg 300w, https:\/\/wp.unil.ch\/extinctionsalpines\/files\/2025\/11\/jean_chamel_cv_pic_small-convertimage-768x745.jpg 768w, https:\/\/wp.unil.ch\/extinctionsalpines\/files\/2025\/11\/jean_chamel_cv_pic_small-convertimage-540x524.jpg 540w\" sizes=\"auto, (max-width: 851px) 100vw, 851px\" \/><\/figure>\n<\/div>\n\n\n<p class=\"has-text-align-center\"><a href=\"https:\/\/igd.unil.ch\/jean.chamel\/\">Jean Chamel<\/a>, Charg\u00e9 de recherche, Universit\u00e9 de Lausanne<\/p>\n\n\n<div class=\"wp-block-image is-style-rounded\">\n<figure class=\"aligncenter size-large is-resized\"><img loading=\"lazy\" decoding=\"async\" width=\"973\" height=\"1024\" src=\"https:\/\/wp.unil.ch\/extinctionsalpines\/files\/2025\/11\/img-20250305-wa0007-vertical-973x1024.jpg\" alt=\"img 20250305 wa0007 vertical\" class=\"wp-image-278\" style=\"width:195px;height:auto\" srcset=\"https:\/\/wp.unil.ch\/extinctionsalpines\/files\/2025\/11\/img-20250305-wa0007-vertical-973x1024.jpg 973w, https:\/\/wp.unil.ch\/extinctionsalpines\/files\/2025\/11\/img-20250305-wa0007-vertical-285x300.jpg 285w, https:\/\/wp.unil.ch\/extinctionsalpines\/files\/2025\/11\/img-20250305-wa0007-vertical-768x808.jpg 768w, https:\/\/wp.unil.ch\/extinctionsalpines\/files\/2025\/11\/img-20250305-wa0007-vertical-540x568.jpg 540w, https:\/\/wp.unil.ch\/extinctionsalpines\/files\/2025\/11\/img-20250305-wa0007-vertical.jpg 1013w\" sizes=\"auto, (max-width: 973px) 100vw, 973px\" \/><figcaption class=\"wp-element-caption\">     <\/figcaption><\/figure>\n<\/div>\n\n\n<p class=\"has-text-align-center\"><a href=\"https:\/\/applicationspub.unil.ch\/interpub\/noauth\/php\/Un\/UnPers.php?PerNum=1282578&amp;LanCode=37&amp;menu=coord\">Antoine Souquet<\/a>, Doctorant FNS, Universit\u00e9 de Lausanne<\/p>\n\n\n\n<h2 class=\"wp-block-heading has-text-align-left\">Financements<\/h2>\n\n\n\n<p>Ce projet de recherche est financ\u00e9 par le Fonds National Suisse. <\/p>\n\n\n\n<figure class=\"wp-block-image size-full is-resized\"><img loading=\"lazy\" decoding=\"async\" width=\"574\" height=\"130\" src=\"https:\/\/wp.unil.ch\/extinctionsalpines\/files\/2025\/10\/snf_logo_standard_web_color_pos_f.png\" alt=\"snf logo standard web color pos f\" class=\"wp-image-247\" style=\"width:252px;height:auto\" srcset=\"https:\/\/wp.unil.ch\/extinctionsalpines\/files\/2025\/10\/snf_logo_standard_web_color_pos_f.png 574w, https:\/\/wp.unil.ch\/extinctionsalpines\/files\/2025\/10\/snf_logo_standard_web_color_pos_f-300x68.png 300w, https:\/\/wp.unil.ch\/extinctionsalpines\/files\/2025\/10\/snf_logo_standard_web_color_pos_f-540x122.png 540w\" sizes=\"auto, (max-width: 574px) 100vw, 574px\" \/><\/figure>\n\n\n\n<h2 class=\"wp-block-heading has-text-align-left\">Partenaires<\/h2>\n\n\n\n<p>Ce projet est r\u00e9alis\u00e9 en partenariat avec le <a href=\"https:\/\/www.unil.ch\/cirm\/fr\/home.html\">CIRM &#8211; Centre Interdisciplinaire de Recherche sur la Montagne<\/a>. <\/p>\n\n\n\n<p><\/p>\n\n\n\n<p><\/p>\n","protected":false},"excerpt":{"rendered":"<p>Le projet de recherche Extinctions. Vivre avec les disparitions d&rsquo;entit\u00e9s autres qu&rsquo;humaines dans les Alpes, r\u00e9unit des membres de l&rsquo;Institut de G\u00e9ographie et Durabilit\u00e9 de l&rsquo;Universit\u00e9 de Lausanne&hellip;<\/p>\n","protected":false},"author":1003030,"featured_media":0,"parent":0,"menu_order":0,"comment_status":"closed","ping_status":"closed","template":"","meta":{"_seopress_robots_primary_cat":"","_seopress_titles_title":"","_seopress_titles_desc":"","_seopress_robots_index":"","footnotes":""},"class_list":["post-183","page","type-page","status-publish","has-post-thumbnail"],"_links":{"self":[{"href":"https:\/\/wp.unil.ch\/extinctionsalpines\/wp-json\/wp\/v2\/pages\/183","targetHints":{"allow":["GET"]}}],"collection":[{"href":"https:\/\/wp.unil.ch\/extinctionsalpines\/wp-json\/wp\/v2\/pages"}],"about":[{"href":"https:\/\/wp.unil.ch\/extinctionsalpines\/wp-json\/wp\/v2\/types\/page"}],"author":[{"embeddable":true,"href":"https:\/\/wp.unil.ch\/extinctionsalpines\/wp-json\/wp\/v2\/users\/1003030"}],"replies":[{"embeddable":true,"href":"https:\/\/wp.unil.ch\/extinctionsalpines\/wp-json\/wp\/v2\/comments?post=183"}],"version-history":[{"count":4,"href":"https:\/\/wp.unil.ch\/extinctionsalpines\/wp-json\/wp\/v2\/pages\/183\/revisions"}],"predecessor-version":[{"id":286,"href":"https:\/\/wp.unil.ch\/extinctionsalpines\/wp-json\/wp\/v2\/pages\/183\/revisions\/286"}],"wp:attachment":[{"href":"https:\/\/wp.unil.ch\/extinctionsalpines\/wp-json\/wp\/v2\/media?parent=183"}],"curies":[{"name":"wp","href":"https:\/\/api.w.org\/{rel}","templated":true}]}}

<p>Le projet de recherche <em>Extinctions. Vivre avec les disparitions d&rsquo;entités autres qu&rsquo;humaines dans les Alpes</em>, réunit des membres de l&rsquo;Institut de Géographie et Durabilité de l&rsquo;Université de Lausanne pour une durée de 4 ans (janvier 2025-décembre 2028). </p>



<h2 class="wp-block-heading has-text-align-left">Equipe</h2>


<div class="wp-block-image is-style-rounded">
<figure class="aligncenter size-full is-resized"><img alt="lc r plan de travail 1 1024x1024" loading="lazy" decoding="async" width="1024" height="1024" src="https://wp.unil.ch/extinctionsalpines/files/2025/11/lc_r_plan-de-travail-1-1024x1024-1.png" alt="" class="wp-image-273" style="width:232px;height:auto" srcset="https://wp.unil.ch/extinctionsalpines/files/2025/11/lc_r_plan-de-travail-1-1024x1024-1.png 1024w, https://wp.unil.ch/extinctionsalpines/files/2025/11/lc_r_plan-de-travail-1-1024x1024-1-300x300.png 300w, https://wp.unil.ch/extinctionsalpines/files/2025/11/lc_r_plan-de-travail-1-1024x1024-1-150x150.png 150w, https://wp.unil.ch/extinctionsalpines/files/2025/11/lc_r_plan-de-travail-1-1024x1024-1-768x768.png 768w, https://wp.unil.ch/extinctionsalpines/files/2025/11/lc_r_plan-de-travail-1-1024x1024-1-540x540.png 540w" sizes="auto, (max-width: 1024px) 100vw, 1024px" /></figure>
</div>


<p class="has-text-align-center"><a href="https://applicationspub.unil.ch/interpub/noauth/php/Un/UnPers.php?PerNum=1220813">Laine Chanteloup</a>, Professeure assistante, Université de Lausanne</p>


<div class="wp-block-image is-style-rounded">
<figure class="aligncenter size-full is-resized"><img loading="lazy" decoding="async" width="851" height="826" src="https://wp.unil.ch/extinctionsalpines/files/2025/11/jean_chamel_cv_pic_small-convertimage.jpg" alt="jean chamel cv pic small convertimage" class="wp-image-276" style="width:212px;height:auto" srcset="https://wp.unil.ch/extinctionsalpines/files/2025/11/jean_chamel_cv_pic_small-convertimage.jpg 851w, https://wp.unil.ch/extinctionsalpines/files/2025/11/jean_chamel_cv_pic_small-convertimage-300x291.jpg 300w, https://wp.unil.ch/extinctionsalpines/files/2025/11/jean_chamel_cv_pic_small-convertimage-768x745.jpg 768w, https://wp.unil.ch/extinctionsalpines/files/2025/11/jean_chamel_cv_pic_small-convertimage-540x524.jpg 540w" sizes="auto, (max-width: 851px) 100vw, 851px" /></figure>
</div>


<p class="has-text-align-center"><a href="https://igd.unil.ch/jean.chamel/">Jean Chamel</a>, Chargé de recherche, Université de Lausanne</p>


<div class="wp-block-image is-style-rounded">
<figure class="aligncenter size-large is-resized"><img loading="lazy" decoding="async" width="973" height="1024" src="https://wp.unil.ch/extinctionsalpines/files/2025/11/img-20250305-wa0007-vertical-973x1024.jpg" alt="img 20250305 wa0007 vertical" class="wp-image-278" style="width:195px;height:auto" srcset="https://wp.unil.ch/extinctionsalpines/files/2025/11/img-20250305-wa0007-vertical-973x1024.jpg 973w, https://wp.unil.ch/extinctionsalpines/files/2025/11/img-20250305-wa0007-vertical-285x300.jpg 285w, https://wp.unil.ch/extinctionsalpines/files/2025/11/img-20250305-wa0007-vertical-768x808.jpg 768w, https://wp.unil.ch/extinctionsalpines/files/2025/11/img-20250305-wa0007-vertical-540x568.jpg 540w, https://wp.unil.ch/extinctionsalpines/files/2025/11/img-20250305-wa0007-vertical.jpg 1013w" sizes="auto, (max-width: 973px) 100vw, 973px" /><figcaption class="wp-element-caption">     </figcaption></figure>
</div>


<p class="has-text-align-center"><a href="https://applicationspub.unil.ch/interpub/noauth/php/Un/UnPers.php?PerNum=1282578&amp;LanCode=37&amp;menu=coord">Antoine Souquet</a>, Doctorant FNS, Université de Lausanne</p>



<h2 class="wp-block-heading has-text-align-left">Financements</h2>



<p>Ce projet de recherche est financé par le Fonds National Suisse. </p>



<figure class="wp-block-image size-full is-resized"><img loading="lazy" decoding="async" width="574" height="130" src="https://wp.unil.ch/extinctionsalpines/files/2025/10/snf_logo_standard_web_color_pos_f.png" alt="snf logo standard web color pos f" class="wp-image-247" style="width:252px;height:auto" srcset="https://wp.unil.ch/extinctionsalpines/files/2025/10/snf_logo_standard_web_color_pos_f.png 574w, https://wp.unil.ch/extinctionsalpines/files/2025/10/snf_logo_standard_web_color_pos_f-300x68.png 300w, https://wp.unil.ch/extinctionsalpines/files/2025/10/snf_logo_standard_web_color_pos_f-540x122.png 540w" sizes="auto, (max-width: 574px) 100vw, 574px" /></figure>



<h2 class="wp-block-heading has-text-align-left">Partenaires</h2>



<p>Ce projet est réalisé en partenariat avec le <a href="https://www.unil.ch/cirm/fr/home.html">CIRM &#8211; Centre Interdisciplinaire de Recherche sur la Montagne</a>. </p>



<p></p>



<p></p>

<p>Le projet de recherche Extinctions. Vivre avec les disparitions d&rsquo;entités autres qu&rsquo;humaines dans les Alpes, réunit des membres de l&rsquo;Institut de Géographie et Durabilité de l&rsquo;Université de Lausanne&hellip;</p>
