{"id":68,"date":"2015-08-11T16:12:17","date_gmt":"2015-08-11T14:12:17","guid":{"rendered":"http:\/\/wp.unil.ch\/expophoto-ch\/?page_id=68"},"modified":"2020-06-16T15:07:35","modified_gmt":"2020-06-16T13:07:35","slug":"anne-develey","status":"publish","type":"page","link":"https:\/\/wp.unil.ch\/expophoto-ch\/projets-de-recherche\/anne-develey\/","title":{"rendered":"Exposer l&rsquo;architecture"},"content":{"rendered":"<p>Anne Develey<\/p>\n<h5 style=\"text-align: center\"><strong>L\u2019architecture suisse au-del\u00e0 des fronti\u00e8res\u00a0:<br \/>\n<\/strong><strong>expositions itin\u00e9rantes et photographie (1945-1960)<\/strong><\/h5>\n<p>Les expositions d\u2019architecture moderne se d\u00e9veloppent consid\u00e9rablement de la fin des ann\u00e9es 1920 jusqu\u2019au d\u00e9but des ann\u00e9es 1960. Lorsque l\u2019architecture n\u2019est pas pr\u00e9sent\u00e9e \u00e0 l\u2019\u00e9chelle 1:1, elle requiert un mode de repr\u00e9sentation qui se substitue \u00e0 l\u2019\u00e9difice original. Le dessin, la maquette, le plan et surtout la photographie figurent parmi les moyens employ\u00e9s pour manifester aux visiteurs l\u2019existence de l\u2019objet architectural. Comme l\u2019a relev\u00e9 Beatriz Colomina, c\u2019est l\u2019espace des m\u00e9dias qui produit et fait conna\u00eetre l\u2019architecture moderne. L\u2019exposition est un vecteur de diffusion qui participe \u00e0 cette m\u00e9diatisation. Contrairement aux publications, l\u2019exposition comme espace de diffusion des images d\u2019architecture reste \u00e0 ce jour un objet peu \u00e9tudi\u00e9, et cela malgr\u00e9 l\u2019int\u00e9r\u00eat historiographique croissant pour l\u2019exposition d\u2019architecture et l\u2019exposition de photographie.<\/p>\n<p>Le principe d\u2019exposition d\u2019architecture suisse itin\u00e9rante enti\u00e8rement compos\u00e9e de photographie s\u2019impose au lendemain de la Seconde Guerre mondiale. Ces expositions, ax\u00e9es sur des r\u00e9alisations modernes, traversent les fronti\u00e8res durant de longues p\u00e9riodes pour atteindre un public diss\u00e9min\u00e9. Ce projet interroge l\u2019engouement pour cette pratique telle qu\u2019elle s\u2019est d\u00e9velopp\u00e9e entre 1945 et le d\u00e9but des ann\u00e9es 1960 sur la base d\u2019un corpus de cinq expositions organis\u00e9es par Pro Helvetia, le Werkbund et la F\u00e9d\u00e9ration des architectes suisses.<\/p>\n<p>L\u2019objectif de cette recherche interdisciplinaire consiste \u00e0 d\u00e9terminer comment l\u2019engouement pour l\u2019exposition itin\u00e9rante d\u2019architecture suisse s\u2019est d\u00e9velopp\u00e9 dans les ann\u00e9es d\u2019apr\u00e8s-guerre. Nous chercherons \u00e0 analyser le r\u00f4le jou\u00e9 par un ensemble d\u2019acteurs individuels et institutionnels issus du champ de l\u2019architecture et des milieux politiques, \u00e9conomiques et culturels dans cette diffusion de l\u2019architecture de grande ampleur. Cette th\u00e8se porte une attention particuli\u00e8re aux discours des acteurs impliqu\u00e9s dans l\u2019organisation de ces expositions, ainsi qu\u2019\u00e0 l\u2019analyse des dispositifs sc\u00e9nographiques. Elle s\u2019int\u00e9resse aux formes de l\u2019exposition d\u2019architecture pour examiner l\u2019\u00e9volution des usages de la photographie et l\u2019oscillation de ses fonctions, entre outil de captation de l\u2019architecture et moyen de communication de masse au service de la diffusion des id\u00e9es. Cette recherche envisage aussi l\u2019exposition photographique d\u2019architecture comme l\u2019instrument privil\u00e9gi\u00e9 d\u2019une circulation internationale des id\u00e9es pour les besoins de la diplomatie culturelle dans l\u2019imm\u00e9diat apr\u00e8s-guerre. Elle vise en outre \u00e0 \u00e9tudier l\u2019exposition d\u2019architecture itin\u00e9rante comme un espace favorisant la perm\u00e9abilit\u00e9 des \u00e9changes entre les domaines de l\u2019architecture, de la photographie et du graphisme, ainsi qu\u2019entre leurs acteurs.<\/p>\n<p>Enfin, cette recherche entend contribuer aux \u00e9tudes actuelles men\u00e9es aussi bien sur l\u2019exposition d\u2019architecture que sur l\u2019exposition de photographie par une approche privil\u00e9giant les outils emprunt\u00e9s \u00e0 l\u2019histoire culturelle, en accordant une importance particuli\u00e8re au contexte social, professionnel et institutionnel et aux circuits d\u2019acteurs.<\/p>\n<p>&nbsp;<\/p>\n<figure id=\"attachment_302\" aria-describedby=\"caption-attachment-302\" style=\"width: 4085px\" class=\"wp-caption alignnone\"><a href=\"https:\/\/wp.unil.ch\/expophoto-ch\/files\/2016\/06\/20160322_161926__B\u00e2le_49_Spreng.jpg\"><img loading=\"lazy\" decoding=\"async\" class=\"size-full wp-image-302\" src=\"https:\/\/wp.unil.ch\/expophoto-ch\/files\/2016\/06\/20160322_161926__B\u00e2le_49_Spreng.jpg\" alt=\"Robert Spreng (photographe), Conrad D. Furrer (architecte), Schweizer Architektur, Kunsthalle B\u00e2le, 1949 (in Das Werk, vol 36, n\u00b0 3, 1949, p. 25).\" width=\"4085\" height=\"2980\" srcset=\"https:\/\/wp.unil.ch\/expophoto-ch\/files\/2016\/06\/20160322_161926__B\u00e2le_49_Spreng.jpg 4085w, https:\/\/wp.unil.ch\/expophoto-ch\/files\/2016\/06\/20160322_161926__B\u00e2le_49_Spreng-300x219.jpg 300w, https:\/\/wp.unil.ch\/expophoto-ch\/files\/2016\/06\/20160322_161926__B\u00e2le_49_Spreng-768x560.jpg 768w, https:\/\/wp.unil.ch\/expophoto-ch\/files\/2016\/06\/20160322_161926__B\u00e2le_49_Spreng-1024x747.jpg 1024w\" sizes=\"auto, (max-width: 4085px) 100vw, 4085px\" \/><\/a><figcaption id=\"caption-attachment-302\" class=\"wp-caption-text\">Robert Spreng (photographe), Conrad D. Furrer (architecte), Schweizer Architektur, Kunsthalle B\u00e2le, 1949 (in Das Werk, vol 36, n\u00b0 3, 1949, p. 25).<\/figcaption><\/figure>\n<p>Illustration en haut de page\u00a0: Ernst F. Burckhardt (architecte),\u00a0<em>Deutsche Bauausstellung<\/em>, section suisse, <em>Internationale Ausstellung f\u00fcr St\u00e4dtebau und Wohnungswesen<\/em>, Berlin, 1931 (in <em>Das Werk<\/em>, vol. 18, n\u00b0\u00a06, 1931, p. 191)<\/p>\n<p>&nbsp;<\/p>\n","protected":false},"excerpt":{"rendered":"<p>Anne Develey L\u2019architecture suisse au-del\u00e0 des fronti\u00e8res\u00a0: expositions itin\u00e9rantes et photographie (1945-1960) Les expositions d\u2019architecture moderne se d\u00e9veloppent consid\u00e9rablement de la fin des ann\u00e9es 1920 jusqu\u2019au d\u00e9but des ann\u00e9es 1960. Lorsque l\u2019architecture n\u2019est pas pr\u00e9sent\u00e9e \u00e0 l\u2019\u00e9chelle 1:1, elle requiert un mode de repr\u00e9sentation qui se substitue \u00e0 l\u2019\u00e9difice original. Le dessin, la maquette, le &hellip; <a href=\"https:\/\/wp.unil.ch\/expophoto-ch\/projets-de-recherche\/anne-develey\/\" class=\"more-link\">Continuer la lecture de <span class=\"screen-reader-text\">Exposer l&rsquo;architecture<\/span> <span class=\"meta-nav\">&rarr;<\/span><\/a><\/p>\n","protected":false},"author":1001234,"featured_media":255,"parent":12,"menu_order":3,"comment_status":"closed","ping_status":"closed","template":"","meta":{"_seopress_robots_primary_cat":"","_seopress_titles_title":"","_seopress_titles_desc":"","_seopress_robots_index":"","footnotes":""},"class_list":["post-68","page","type-page","status-publish","has-post-thumbnail"],"_links":{"self":[{"href":"https:\/\/wp.unil.ch\/expophoto-ch\/wp-json\/wp\/v2\/pages\/68","targetHints":{"allow":["GET"]}}],"collection":[{"href":"https:\/\/wp.unil.ch\/expophoto-ch\/wp-json\/wp\/v2\/pages"}],"about":[{"href":"https:\/\/wp.unil.ch\/expophoto-ch\/wp-json\/wp\/v2\/types\/page"}],"author":[{"embeddable":true,"href":"https:\/\/wp.unil.ch\/expophoto-ch\/wp-json\/wp\/v2\/users\/1001234"}],"replies":[{"embeddable":true,"href":"https:\/\/wp.unil.ch\/expophoto-ch\/wp-json\/wp\/v2\/comments?post=68"}],"version-history":[{"count":0,"href":"https:\/\/wp.unil.ch\/expophoto-ch\/wp-json\/wp\/v2\/pages\/68\/revisions"}],"up":[{"embeddable":true,"href":"https:\/\/wp.unil.ch\/expophoto-ch\/wp-json\/wp\/v2\/pages\/12"}],"wp:featuredmedia":[{"embeddable":true,"href":"https:\/\/wp.unil.ch\/expophoto-ch\/wp-json\/wp\/v2\/media\/255"}],"wp:attachment":[{"href":"https:\/\/wp.unil.ch\/expophoto-ch\/wp-json\/wp\/v2\/media?parent=68"}],"curies":[{"name":"wp","href":"https:\/\/api.w.org\/{rel}","templated":true}]}}