{"id":161,"date":"2012-06-04T16:13:27","date_gmt":"2012-06-04T14:13:27","guid":{"rendered":"http:\/\/wp.unil.ch\/europeansourcebook\/?page_id=161"},"modified":"2023-10-26T10:27:53","modified_gmt":"2023-10-26T08:27:53","slug":"group-of-experts","status":"publish","type":"page","link":"https:\/\/wp.unil.ch\/europeansourcebook\/european-sourcebook-members\/group-of-experts\/","title":{"rendered":"Group of experts"},"content":{"rendered":"<h3>Members of the European Sourcebook experts group (2023)<\/h3>\n<div class=\"su-accordion su-u-trim\">\n<div class=\"su-spoiler su-spoiler-style-standard su-spoiler-icon-plus su-spoiler-closed\" data-scroll-offset=\"0\" data-anchor-in-url=\"no\"><div class=\"su-spoiler-title\" tabindex=\"0\" role=\"button\"><span class=\"su-spoiler-icon\"><\/span>AEBI Marcelo<\/div><div class=\"su-spoiler-content su-u-clearfix su-u-trim\">\nUniversit\u00e9 de Lausanne<br \/>\nESC-BCH<br \/>\n1015 Lausanne<br \/>\nSwitzerland<br \/>\n<a href=\"mailto:Marcelo.Aebi@unil.ch\">Marcelo.Aebi@unil.ch<\/a><br \/>\nTel.: + 41 21 692 46 38<br \/>\nTel.: + 41 21 692 46 41<br \/>\n<\/div><\/div>\n<div class=\"su-spoiler su-spoiler-style-standard su-spoiler-icon-plus su-spoiler-closed\" data-scroll-offset=\"0\" data-anchor-in-url=\"no\"><div class=\"su-spoiler-title\" tabindex=\"0\" role=\"button\"><span class=\"su-spoiler-icon\"><\/span>CANEPPELE Stefano<\/div><div class=\"su-spoiler-content su-u-clearfix su-u-trim\">\n<p>Universit\u00e9 de Lausanne<\/p>\n<p>ESC \u2013 BCH<br \/>\n1015 Lausanne<br \/>\nSwitzerland<br \/>\n<a href=\"mailto:stefano.caneppele@unil.ch\">stefano.caneppele@unil.ch<\/a><br \/>\nTel.: + 41 21 692 46 38<br \/>\nFax: + 41 21 692 46 15<br \/>\n<\/div><\/div>\n<div class=\"su-spoiler su-spoiler-style-standard su-spoiler-icon-plus su-spoiler-closed\" data-scroll-offset=\"0\" data-anchor-in-url=\"no\"><div class=\"su-spoiler-title\" tabindex=\"0\" role=\"button\"><span class=\"su-spoiler-icon\"><\/span>HACIN Rok<\/div><div class=\"su-spoiler-content su-u-clearfix su-u-trim\">\n<p class=\"xmsonormal\">Univerza v Mariboru | University of Maribor<\/p>\n<p class=\"xmsonormal\"><b>Fakulteta za varnostne vede <\/b><\/p>\n<p class=\"xmsonormal\"><b>Faculty of Criminal Justice and Security<\/b><br \/>\nKotnikova ulica 8, 1000 Ljubljana, Slovenija<\/p>\n<p class=\"xmsonormal\">T: <a href=\"tel:+38613008333\">+386 1 3008 333<\/a><\/p>\n<p class=\"xmsonormal\">E: <a title=\"mailto:rok.hacin@um.si\" href=\"mailto:rok.hacin@um.si\" target=\"_blank\" rel=\"noopener\"><span class=\"outlook-search-highlight\" data-markjs=\"true\">rok<\/span>.<span class=\"outlook-search-highlight\" data-markjs=\"true\">hacin<\/span>@um.si<\/a><\/p>\n<\/div><\/div>\n<div class=\"su-spoiler su-spoiler-style-standard su-spoiler-icon-plus su-spoiler-closed\" data-scroll-offset=\"0\" data-anchor-in-url=\"no\"><div class=\"su-spoiler-title\" tabindex=\"0\" role=\"button\"><span class=\"su-spoiler-icon\"><\/span>HARRENDORF Stefan<\/div><div class=\"su-spoiler-content su-u-clearfix su-u-trim\">\n<p>University of Greifswald<br \/>\n<a href=\"mailto:stefan.harrendorf@uni-greifswald.de&#091;\/su_spoiler\">stefan.harrendorf@uni-greifswald.de<\/a><\/p>\n<p>Ernst-Lohmeyer-Platz 1, 17487 Greifswald, Germany<\/p>\n<p>Telephone <a href=\"tel:+4938344202138\">+49(0)3834\/420-2138<\/a>.<\/p>\n<\/div><\/div>\n<div class=\"su-spoiler su-spoiler-style-standard su-spoiler-icon-plus su-spoiler-closed\" data-scroll-offset=\"0\" data-anchor-in-url=\"no\"><div class=\"su-spoiler-title\" tabindex=\"0\" role=\"button\"><span class=\"su-spoiler-icon\"><\/span>HASHIMOTO Yuji<\/div><div class=\"su-spoiler-content su-u-clearfix su-u-trim\">\nUniversity of Lausanne<br \/>\nESC \u2013 BCH<br \/>\n1015 Lausanne<br \/>\nSwitzerland<br \/>\n<a href=\"mailto:yuji.hashimoto@unil.ch\">yuji.hashimoto@unil.ch<\/a><br \/>\n<\/div><\/div>\n<div class=\"su-spoiler su-spoiler-style-standard su-spoiler-icon-plus su-spoiler-closed\" data-scroll-offset=\"0\" data-anchor-in-url=\"no\"><div class=\"su-spoiler-title\" tabindex=\"0\" role=\"button\"><span class=\"su-spoiler-icon\"><\/span>JEHLE J\u00f6rg-Martin<\/div><div class=\"su-spoiler-content su-u-clearfix su-u-trim\">\nInstitut f\u00fcr Kriminalwissenschaften<br \/>\nGeorg-August-Universit\u00e4t<br \/>\nPlatz der G\u00f6ttinger Sieben 6<br \/>\n37073 G\u00f6ttingen<br \/>\nGermany<\/p>\n<p>jjehle@gwdg.de<\/p>\n<p>Tel: + 49 551 39 48 66<br \/>\nFax: + 49 551 39 92 41<br \/>\n<\/div><\/div>\n<div class=\"su-spoiler su-spoiler-style-standard su-spoiler-icon-plus su-spoiler-closed\" data-scroll-offset=\"0\" data-anchor-in-url=\"no\"><div class=\"su-spoiler-title\" tabindex=\"0\" role=\"button\"><span class=\"su-spoiler-icon\"><\/span>KENSEY Annie<\/div><div class=\"su-spoiler-content su-u-clearfix su-u-trim\">\n<\/div><\/div>\n<div class=\"su-spoiler su-spoiler-style-standard su-spoiler-icon-plus su-spoiler-closed\" data-scroll-offset=\"0\" data-anchor-in-url=\"no\"><div class=\"su-spoiler-title\" tabindex=\"0\" role=\"button\"><span class=\"su-spoiler-icon\"><\/span>MOLNAR Lorena<\/div><div class=\"su-spoiler-content su-u-clearfix su-u-trim\">\nUniversity of Lausanne<br \/>\nESC \u2013 BCH<br \/>\n1015 Lausanne<br \/>\nSwitzerland<br \/>\n<a href=\"mailto:claudia.campistol@unil.ch\">lorena.molnar@unil.ch<\/a><br \/>\nTel.: + 41 21 692 46 44<br \/>\n<\/div><\/div>\n<div class=\"su-spoiler su-spoiler-style-standard su-spoiler-icon-plus su-spoiler-closed\" data-scroll-offset=\"0\" data-anchor-in-url=\"no\"><div class=\"su-spoiler-title\" tabindex=\"0\" role=\"button\"><span class=\"su-spoiler-icon\"><\/span>RANNVEIG \u00de\u00f3risd\u00f3ttir<\/div><div class=\"su-spoiler-content su-u-clearfix su-u-trim\">\n<a href=\"rannveig@logreglan.is\">rannveig@logreglan.is<\/a><\/div><\/div>\n<div class=\"su-spoiler su-spoiler-style-standard su-spoiler-icon-plus su-spoiler-closed\" data-scroll-offset=\"0\" data-anchor-in-url=\"no\"><div class=\"su-spoiler-title\" tabindex=\"0\" role=\"button\"><span class=\"su-spoiler-icon\"><\/span>KHAN Tara Sif<\/div><div class=\"su-spoiler-content su-u-clearfix su-u-trim\">\n<a href=\"mailto:tara@lrh.is\">tara@lrh.is<\/a><\/div><\/div>\n<div class=\"su-spoiler su-spoiler-style-standard su-spoiler-icon-plus su-spoiler-closed\" data-scroll-offset=\"0\" data-anchor-in-url=\"no\"><div class=\"su-spoiler-title\" tabindex=\"0\" role=\"button\"><span class=\"su-spoiler-icon\"><\/span>SMIT Paul<\/div><div class=\"su-spoiler-content su-u-clearfix su-u-trim\">\nprsmit@pipe.nl<br \/>\nTel: + 31 70 370 61 63<br \/>\nFax: + 31 70 370 45 07<br \/>\n<\/div><\/div>\n<\/div>\n<h3>Members of the European Sourcebook experts group (2019)<\/h3>\n<div class=\"su-accordion su-u-trim\">\n<div class=\"su-spoiler su-spoiler-style-standard su-spoiler-icon-plus su-spoiler-closed\" data-scroll-offset=\"0\" data-anchor-in-url=\"no\"><div class=\"su-spoiler-title\" tabindex=\"0\" role=\"button\"><span class=\"su-spoiler-icon\"><\/span>AEBI Marcelo<\/div><div class=\"su-spoiler-content su-u-clearfix su-u-trim\">\nUniversit\u00e9 de Lausanne<br \/>\nInstitut de criminologie et de droit p\u00e9nal<br \/>\nESC-BCH<br \/>\n1015 Lausanne<br \/>\nSwitzerland<br \/>\n<a href=\"mailto:Marcelo.Aebi@unil.ch\">Marcelo.Aebi@unil.ch<\/a><br \/>\nTel.: + 41 21 692 46 38<br \/>\nTel.: + 41 21 692 46 41<br \/>\nFax: + 41 21 692 46 45<br \/>\n<\/div><\/div>\n<div class=\"su-spoiler su-spoiler-style-standard su-spoiler-icon-plus su-spoiler-closed\" data-scroll-offset=\"0\" data-anchor-in-url=\"no\"><div class=\"su-spoiler-title\" tabindex=\"0\" role=\"button\"><span class=\"su-spoiler-icon\"><\/span>BEZIC Reana<\/div><div class=\"su-spoiler-content su-u-clearfix su-u-trim\">\n<a href=\"mailto:r.bezic@balkan-criminology.eu&#091;\/su_spoiler\">r.bezic@balkan-criminology.eu[\/su_spoiler<\/a>]\n<div class=\"su-spoiler su-spoiler-style-standard su-spoiler-icon-plus su-spoiler-closed\" data-scroll-offset=\"0\" data-anchor-in-url=\"no\"><div class=\"su-spoiler-title\" tabindex=\"0\" role=\"button\"><span class=\"su-spoiler-icon\"><\/span>CANEPPELE Stefano<\/div><div class=\"su-spoiler-content su-u-clearfix su-u-trim\"><\/div><\/div>\nSchool of Criminal Justice<br \/>\nESC \u2013 BCH<br \/>\n1015 Lausanne<br \/>\nSwitzerland<br \/>\n<a href=\"mailto:stefano.caneppele@unil.ch\">stefano.caneppele@unil.ch<\/a><br \/>\nTel.: + 41 21 692 46 38<br \/>\nFax: + 41 21 692 46 15<br \/>\n<\/div><\/div>\n<div class=\"su-spoiler su-spoiler-style-standard su-spoiler-icon-plus su-spoiler-closed\" data-scroll-offset=\"0\" data-anchor-in-url=\"no\"><div class=\"su-spoiler-title\" tabindex=\"0\" role=\"button\"><span class=\"su-spoiler-icon\"><\/span>GETOS KALAC Anna-Maria<\/div><div class=\"su-spoiler-content su-u-clearfix su-u-trim\">\nFaculty of Law. University of Zagreb<br \/>\nZagreb<br \/>\nCroatia<br \/>\n<a href=\"mailto:anna-maria.getos@pravo.hr\">anna-maria.getos@pravo.hr<\/a><br \/>\nTel.: +385(0)1 64 49 472 or 470<br \/>\nFax: +385(0)1 64 49 473<br \/>\nMob:\u00a0+385 (0)91 1659 365<br \/>\n<\/div><\/div>\n<div class=\"su-spoiler su-spoiler-style-standard su-spoiler-icon-plus su-spoiler-closed\" data-scroll-offset=\"0\" data-anchor-in-url=\"no\"><div class=\"su-spoiler-title\" tabindex=\"0\" role=\"button\"><span class=\"su-spoiler-icon\"><\/span>HARRENDORF Stefan<\/div><div class=\"su-spoiler-content su-u-clearfix su-u-trim\">\n<a href=\"mailto:stefan.harrendorf@uni-greifswald.de&#091;\/su_spoiler\">stefan.harrendorf@uni-greifswald.de<\/a><\/div><\/div>\n<div class=\"su-spoiler su-spoiler-style-standard su-spoiler-icon-plus su-spoiler-closed\" data-scroll-offset=\"0\" data-anchor-in-url=\"no\"><div class=\"su-spoiler-title\" tabindex=\"0\" role=\"button\"><span class=\"su-spoiler-icon\"><\/span>HASHIMOTO Yuji<\/div><div class=\"su-spoiler-content su-u-clearfix su-u-trim\">\nUniversity of Lausanne<br \/>\nSchool of Criminal Justice<br \/>\nESC \u2013 BCH<br \/>\n1015 Lausanne<br \/>\nSwitzerland<br \/>\n<a href=\"mailto:yuji.hashimoto@unil.ch\">yuji.hashimoto@unil.ch<\/a><br \/>\nTel.: + 41 21 692 46 44<br \/>\nFax: + 41 21 692 46 15<br \/>\n<\/div><\/div>\n<div class=\"su-spoiler su-spoiler-style-standard su-spoiler-icon-plus su-spoiler-closed\" data-scroll-offset=\"0\" data-anchor-in-url=\"no\"><div class=\"su-spoiler-title\" tabindex=\"0\" role=\"button\"><span class=\"su-spoiler-icon\"><\/span>JEHLE J\u00f6rg-Martin<\/div><div class=\"su-spoiler-content su-u-clearfix su-u-trim\">\nInstitut f\u00fcr Kriminalwissenschaften<br \/>\nGeorg-August-Universit\u00e4t<br \/>\nPlatz der G\u00f6ttinger Sieben 6<br \/>\n37073 G\u00f6ttingen<br \/>\nGermany<br \/>\n<a href=\"mailto:abtkrim@uni-goettingen.de\">abtkrim@uni-goettingen.de<\/a><br \/>\nTel: + 49 551 39 48 66<br \/>\nFax: + 49 551 39 92 41<br \/>\n<\/div><\/div>\n<div class=\"su-spoiler su-spoiler-style-standard su-spoiler-icon-plus su-spoiler-closed\" data-scroll-offset=\"0\" data-anchor-in-url=\"no\"><div class=\"su-spoiler-title\" tabindex=\"0\" role=\"button\"><span class=\"su-spoiler-icon\"><\/span>JOKINEN Anniina <\/div><div class=\"su-spoiler-content su-u-clearfix su-u-trim\">\nHEUNI &#8211; European Institute for Crime Prevention and Control<br \/>\nFinland<br \/>\n<a href=\"mailto:anniina.jokinen@om.fi\">anniina.jokinen@om.fi<\/a><\/div><\/div>\n<div class=\"su-spoiler su-spoiler-style-standard su-spoiler-icon-plus su-spoiler-closed\" data-scroll-offset=\"0\" data-anchor-in-url=\"no\"><div class=\"su-spoiler-title\" tabindex=\"0\" role=\"button\"><span class=\"su-spoiler-icon\"><\/span>KENSEY Annie<\/div><div class=\"su-spoiler-content su-u-clearfix su-u-trim\">\nCESDIP<br \/>\n43 Boulevard Vauban<br \/>\n78280 Guyancourt<br \/>\nFrance<br \/>\n<a href=\"mailto:Annie.Kensey@justice.gouv.fr\">Annie.Kensey@justice.gouv.fr<\/a><br \/>\nTel.: + 33 1 34 52 17 00<br \/>\nFax: + 33 1 34 52 17 17<br \/>\n<\/div><\/div>\n<div class=\"su-spoiler su-spoiler-style-standard su-spoiler-icon-plus su-spoiler-closed\" data-scroll-offset=\"0\" data-anchor-in-url=\"no\"><div class=\"su-spoiler-title\" tabindex=\"0\" role=\"button\"><span class=\"su-spoiler-icon\"><\/span>LEWIS Chris<\/div><div class=\"su-spoiler-content su-u-clearfix su-u-trim\">\n25 Packsaddle Way<br \/>\nFrome, Somerset BA112SU<br \/>\n<a href=\"mailto:cglewis42@gmail.com\">cglewis42@gmail.com<\/a><br \/>\n<a href=\"mailto:chris.lewis@port.ac.uk\">chris.lewis@port.ac.uk<\/a><br \/>\nTel.: + 44 1373 303233<br \/>\nMobile: + 44 75 32476338<br \/>\n<\/div><\/div>\n<div class=\"su-spoiler su-spoiler-style-standard su-spoiler-icon-plus su-spoiler-closed\" data-scroll-offset=\"0\" data-anchor-in-url=\"no\"><div class=\"su-spoiler-title\" tabindex=\"0\" role=\"button\"><span class=\"su-spoiler-icon\"><\/span>MOLNAR Lorena<\/div><div class=\"su-spoiler-content su-u-clearfix su-u-trim\">\nUniversity of Lausanne<br \/>\nSchool of Criminal Justice<br \/>\nESC \u2013 BCH<br \/>\n1015 Lausanne<br \/>\nSwitzerland<br \/>\n<a href=\"mailto:claudia.campistol@unil.ch\">lorena.molnar@unil.ch<\/a><br \/>\nTel.: + 41 21 692 46 44<br \/>\nFax: + 41 21 692 46 15<br \/>\n<\/div><\/div>\n<div class=\"su-spoiler su-spoiler-style-standard su-spoiler-icon-plus su-spoiler-closed\" data-scroll-offset=\"0\" data-anchor-in-url=\"no\"><div class=\"su-spoiler-title\" tabindex=\"0\" role=\"button\"><span class=\"su-spoiler-icon\"><\/span>PIQUET Nolwenn<\/div><div class=\"su-spoiler-content su-u-clearfix su-u-trim\">\n<a href=\"mailto:nolwenn.piquet@justice.gouv.fr\">nolwenn.piquet@justice.gouv.fr<\/a><\/div><\/div>\n<div class=\"su-spoiler su-spoiler-style-standard su-spoiler-icon-plus su-spoiler-closed\" data-scroll-offset=\"0\" data-anchor-in-url=\"no\"><div class=\"su-spoiler-title\" tabindex=\"0\" role=\"button\"><span class=\"su-spoiler-icon\"><\/span>RANNVEIG \u00de\u00f3risd\u00f3ttir<\/div><div class=\"su-spoiler-content su-u-clearfix su-u-trim\">\n<a href=\"mailto:rannveig@lrh.is\">rannveig@lrh.is<\/a><\/div><\/div>\n<div class=\"su-spoiler su-spoiler-style-standard su-spoiler-icon-plus su-spoiler-closed\" data-scroll-offset=\"0\" data-anchor-in-url=\"no\"><div class=\"su-spoiler-title\" tabindex=\"0\" role=\"button\"><span class=\"su-spoiler-icon\"><\/span>KHAN Tara Sif<\/div><div class=\"su-spoiler-content su-u-clearfix su-u-trim\">\n<a href=\"mailto:tara@lrh.is\">tara@lrh.is<\/a><\/div><\/div>\n<div class=\"su-spoiler su-spoiler-style-standard su-spoiler-icon-plus su-spoiler-closed\" data-scroll-offset=\"0\" data-anchor-in-url=\"no\"><div class=\"su-spoiler-title\" tabindex=\"0\" role=\"button\"><span class=\"su-spoiler-icon\"><\/span>SMIT Paul<\/div><div class=\"su-spoiler-content su-u-clearfix su-u-trim\">\nMinistry of Justice<br \/>\nWODC<br \/>\nP.O. Box 2031<br \/>\n2500 EH The Hague<br \/>\nNetherlands<br \/>\n<a href=\"mailto:p.r.smit@minjus.nl\">p.r.smit@minjus.nl<\/a><br \/>\nTel: + 31 70 370 61 63<br \/>\nFax: + 31 70 370 45 07<br \/>\n<\/div><\/div>\n<\/div>\n<hr \/>\n<h3><strong>Members of the European Sourcebook experts group (2018)<\/strong><\/h3>\n<div class=\"su-accordion su-u-trim\">\n<div class=\"su-spoiler su-spoiler-style-standard su-spoiler-icon-plus su-spoiler-closed\" data-scroll-offset=\"0\" data-anchor-in-url=\"no\"><div class=\"su-spoiler-title\" tabindex=\"0\" role=\"button\"><span class=\"su-spoiler-icon\"><\/span>AEBI Marcelo<\/div><div class=\"su-spoiler-content su-u-clearfix su-u-trim\">\nUniversit\u00e9 de Lausanne<br \/>\nInstitut de criminologie et de droit p\u00e9nal<br \/>\nESC-BCH<br \/>\n1015 Lausanne<br \/>\nSwitzerland<br \/>\nMarcelo.Aebi@unil.ch<br \/>\nTel.: + 41 21 692 46 38<br \/>\nTel.: + 41 21 692 46 41<br \/>\nFax: + 41 21 692 46 45<br \/>\n<\/div><\/div>\n<div class=\"su-spoiler su-spoiler-style-standard su-spoiler-icon-plus su-spoiler-closed\" data-scroll-offset=\"0\" data-anchor-in-url=\"no\"><div class=\"su-spoiler-title\" tabindex=\"0\" role=\"button\"><span class=\"su-spoiler-icon\"><\/span>CAMPISTOL Claudia<\/div><div class=\"su-spoiler-content su-u-clearfix su-u-trim\">\nUniversity of Lausanne<br \/>\nSchool of Criminal Justice<br \/>\nESC \u2013 BCH<br \/>\n1015 Lausanne<br \/>\nSwitzerland<br \/>\nclaudia.campistol@unil.ch<br \/>\nTel.: + 41 21 692 46 38<br \/>\nFax: + 41 21 692 46 15<br \/>\n<\/div><\/div>\n<div class=\"su-spoiler su-spoiler-style-standard su-spoiler-icon-plus su-spoiler-closed\" data-scroll-offset=\"0\" data-anchor-in-url=\"no\"><div class=\"su-spoiler-title\" tabindex=\"0\" role=\"button\"><span class=\"su-spoiler-icon\"><\/span>CANEPPELE Stefano<\/div><div class=\"su-spoiler-content su-u-clearfix su-u-trim\">\nSchool of Criminal Justice<br \/>\nESC \u2013 BCH<br \/>\n1015 Lausanne<br \/>\nSwitzerland<br \/>\nstefano.caneppele@unil.ch<br \/>\nTel.: + 41 21 692 46 38<br \/>\nFax: + 41 21 692 46 15<br \/>\n<\/div><\/div>\n<div class=\"su-spoiler su-spoiler-style-standard su-spoiler-icon-plus su-spoiler-closed\" data-scroll-offset=\"0\" data-anchor-in-url=\"no\"><div class=\"su-spoiler-title\" tabindex=\"0\" role=\"button\"><span class=\"su-spoiler-icon\"><\/span>GETOS KALAC Anna-Maria<\/div><div class=\"su-spoiler-content su-u-clearfix su-u-trim\">\nFaculty of Law. University of Zagreb<br \/>\nZagreb<br \/>\nCroatia<br \/>\nanna-maria.getos@pravo.hr<br \/>\nTel.: +385(0)1 64 49 472 or 470<br \/>\nFax: +385(0)1 64 49 473<br \/>\nMob:\u00a0+385 (0)91 1659 365<br \/>\n<\/div><\/div>\n<div class=\"su-spoiler su-spoiler-style-standard su-spoiler-icon-plus su-spoiler-closed\" data-scroll-offset=\"0\" data-anchor-in-url=\"no\"><div class=\"su-spoiler-title\" tabindex=\"0\" role=\"button\"><span class=\"su-spoiler-icon\"><\/span>GRUSZCZYNSKA Beata<\/div><div class=\"su-spoiler-content su-u-clearfix su-u-trim\">\nUniversity of Warsaw, Chair of Criminology and Criminal Policy and Institute of Justice.<br \/>\nUl. Krakowskie Przedmiescie 25<br \/>\nPL-00-071 Warsaw<br \/>\nPoland<br \/>\nb.gruszczynska@uw.edu.pl<br \/>\nTel: + 48 22 826 03 63<br \/>\nFax: + 48 22 826 24 01<br \/>\n<\/div><\/div>\n<div class=\"su-spoiler su-spoiler-style-standard su-spoiler-icon-plus su-spoiler-closed\" data-scroll-offset=\"0\" data-anchor-in-url=\"no\"><div class=\"su-spoiler-title\" tabindex=\"0\" role=\"button\"><span class=\"su-spoiler-icon\"><\/span>HARRENDORF Stefan<\/div><div class=\"su-spoiler-content su-u-clearfix su-u-trim\">\nstefan.harrendorf@uni-greifswald.de<\/div><\/div>\n<div class=\"su-spoiler su-spoiler-style-standard su-spoiler-icon-plus su-spoiler-closed\" data-scroll-offset=\"0\" data-anchor-in-url=\"no\"><div class=\"su-spoiler-title\" tabindex=\"0\" role=\"button\"><span class=\"su-spoiler-icon\"><\/span>JEHLE J\u00f6rg-Martin<\/div><div class=\"su-spoiler-content su-u-clearfix su-u-trim\">\nInstitut f\u00fcr Kriminalwissenschaften<br \/>\nGeorg-August-Universit\u00e4t<br \/>\nPlatz der G\u00f6ttinger Sieben 6<br \/>\n37073 G\u00f6ttingen<br \/>\nGermany<br \/>\nabtkrim@uni-goettingen.de<br \/>\nTel: + 49 551 39 48 66<br \/>\nFax: + 49 551 39 92 41<br \/>\n<\/div><\/div>\n<div class=\"su-spoiler su-spoiler-style-standard su-spoiler-icon-plus su-spoiler-closed\" data-scroll-offset=\"0\" data-anchor-in-url=\"no\"><div class=\"su-spoiler-title\" tabindex=\"0\" role=\"button\"><span class=\"su-spoiler-icon\"><\/span>JOKINEN Anniina <\/div><div class=\"su-spoiler-content su-u-clearfix su-u-trim\">\nHEUNI &#8211; European Institute for Crime Prevention and Control<br \/>\nFinland<br \/>\nanniina.jokinen@om.fi<\/div><\/div>\n<div class=\"su-spoiler su-spoiler-style-standard su-spoiler-icon-plus su-spoiler-closed\" data-scroll-offset=\"0\" data-anchor-in-url=\"no\"><div class=\"su-spoiler-title\" tabindex=\"0\" role=\"button\"><span class=\"su-spoiler-icon\"><\/span>KENSEY Annie<\/div><div class=\"su-spoiler-content su-u-clearfix su-u-trim\">\nCESDIP<br \/>\n43 Boulevard Vauban<br \/>\n78280 Guyancourt<br \/>\nFrance<br \/>\nAnnie.Kensey@justice.gouv.fr<br \/>\nTel.: + 33 1 34 52 17 00<br \/>\nFax: + 33 1 34 52 17 17<br \/>\n<\/div><\/div>\n<div class=\"su-spoiler su-spoiler-style-standard su-spoiler-icon-plus su-spoiler-closed\" data-scroll-offset=\"0\" data-anchor-in-url=\"no\"><div class=\"su-spoiler-title\" tabindex=\"0\" role=\"button\"><span class=\"su-spoiler-icon\"><\/span>LEWIS Chris<\/div><div class=\"su-spoiler-content su-u-clearfix su-u-trim\">\n25 Packsaddle Way<br \/>\nFrome, Somerset BA112SU<br \/>\ncglewis42@gmail.com<br \/>\nchris.lewis@port.ac.uk<br \/>\nTel.: + 44 1373 303233<br \/>\nMobile: + 44 75 32476338<br \/>\n<\/div><\/div>\n<div class=\"su-spoiler su-spoiler-style-standard su-spoiler-icon-plus su-spoiler-closed\" data-scroll-offset=\"0\" data-anchor-in-url=\"no\"><div class=\"su-spoiler-title\" tabindex=\"0\" role=\"button\"><span class=\"su-spoiler-icon\"><\/span>PALMOWSKI Nina<\/div><div class=\"su-spoiler-content su-u-clearfix su-u-trim\">\nInstitut f\u00fcr Kriminalwissenschaften<br \/>\nGeorg-August-Universit\u00e4t<br \/>\nPlatz der G\u00f6ttinger Sieben 6<br \/>\n37073 G\u00f6ttingen<br \/>\nGermany<br \/>\n<\/div><\/div>\n<div class=\"su-spoiler su-spoiler-style-standard su-spoiler-icon-plus su-spoiler-closed\" data-scroll-offset=\"0\" data-anchor-in-url=\"no\"><div class=\"su-spoiler-title\" tabindex=\"0\" role=\"button\"><span class=\"su-spoiler-icon\"><\/span>SMIT Paul<\/div><div class=\"su-spoiler-content su-u-clearfix su-u-trim\">\nMinistry of Justice<br \/>\nWODC<br \/>\nP.O. Box 2031<br \/>\n2500 EH The Hague<br \/>\nNetherlands<br \/>\np.r.smit@minjus.nl<br \/>\nTel: + 31 70 370 61 63<br \/>\nFax: + 31 70 370 45 07<br \/>\n<\/div><\/div>\n<\/div>\n","protected":false},"excerpt":{"rendered":"<p>Members of the European Sourcebook experts group (2023) Members of the European Sourcebook experts group (2019) Members of the European Sourcebook experts group (2018)<\/p>\n","protected":false},"author":922,"featured_media":0,"parent":39,"menu_order":0,"comment_status":"closed","ping_status":"closed","template":"","meta":{"_seopress_robots_primary_cat":"","_seopress_titles_title":"","_seopress_titles_desc":"","_seopress_robots_index":"","footnotes":""},"class_list":["post-161","page","type-page","status-publish"],"_links":{"self":[{"href":"https:\/\/wp.unil.ch\/europeansourcebook\/wp-json\/wp\/v2\/pages\/161","targetHints":{"allow":["GET"]}}],"collection":[{"href":"https:\/\/wp.unil.ch\/europeansourcebook\/wp-json\/wp\/v2\/pages"}],"about":[{"href":"https:\/\/wp.unil.ch\/europeansourcebook\/wp-json\/wp\/v2\/types\/page"}],"author":[{"embeddable":true,"href":"https:\/\/wp.unil.ch\/europeansourcebook\/wp-json\/wp\/v2\/users\/922"}],"replies":[{"embeddable":true,"href":"https:\/\/wp.unil.ch\/europeansourcebook\/wp-json\/wp\/v2\/comments?post=161"}],"version-history":[{"count":1,"href":"https:\/\/wp.unil.ch\/europeansourcebook\/wp-json\/wp\/v2\/pages\/161\/revisions"}],"predecessor-version":[{"id":1996,"href":"https:\/\/wp.unil.ch\/europeansourcebook\/wp-json\/wp\/v2\/pages\/161\/revisions\/1996"}],"up":[{"embeddable":true,"href":"https:\/\/wp.unil.ch\/europeansourcebook\/wp-json\/wp\/v2\/pages\/39"}],"wp:attachment":[{"href":"https:\/\/wp.unil.ch\/europeansourcebook\/wp-json\/wp\/v2\/media?parent=161"}],"curies":[{"name":"wp","href":"https:\/\/api.w.org\/{rel}","templated":true}]}}