{"id":295,"date":"2022-01-12T11:12:13","date_gmt":"2022-01-12T10:12:13","guid":{"rendered":"https:\/\/wp.unil.ch\/etude-switch\/?page_id=295"},"modified":"2024-01-31T11:16:25","modified_gmt":"2024-01-31T10:16:25","slug":"presentation-2","status":"publish","type":"page","link":"https:\/\/wp.unil.ch\/etude-switch\/","title":{"rendered":"Pr\u00e9sentation"},"content":{"rendered":"\n<p><\/p>\n\n\n\n<h2 class=\"wp-block-heading has-text-color\" id=\"l-etude\" style=\"color:#126392\">L&#8217;\u00e9tude<\/h2>\n\n\n\n<p>SwiTCH est une \u00e9tude <strong>observationnelle <\/strong>qui cherche \u00e0 mieux comprendre le <strong>v\u00e9cu des familles<\/strong> suite \u00e0 la naissance d\u2019un enfant. Nous savons qu\u2019un certain nombre de familles vivent l\u2019accouchement comme une exp\u00e9rience difficile et notre but est d\u2019estimer leur proportion et les \u00e9ventuelles cons\u00e9quences.<\/p>\n\n\n\n<p class=\"has-black-color has-text-color\">L&#8217;\u00e9tude est men\u00e9e au sein de la Facult\u00e9 de Biologie et de M\u00e9decine de l\u2019Universit\u00e9 de Lausanne et du CHUV et s\u2019inscrit dans le cadre d\u2019un projet international de grande ampleur (une trentaine de pays issus de chaque continent): l\u2019<em>International Survey of Childbirth Trauma<\/em>&nbsp;ou&nbsp;<a rel=\"noreferrer noopener\" href=\"https:\/\/blogs.city.ac.uk\/intersect\/\" target=\"_blank\">INTERSECT<\/a>.<\/p>\n\n\n\n<div style=\"height:100px\" aria-hidden=\"true\" class=\"wp-block-spacer\"><\/div>\n\n\n\n<h2 class=\"wp-block-heading is-style-default has-text-color\" id=\"methodologie\" style=\"color:#126392\">M\u00e9thodologie<\/h2>\n\n\n\n<p class=\"has-black-color has-text-color\">L\u2019\u00e9tude est ce que l\u2019on appelle une&nbsp;<em><strong>\u00e9tude de&nbsp;<\/strong><\/em><strong><em>cohorte longitudinale<\/em><\/strong>.<\/p>\n\n\n\n<p class=\"has-black-color has-text-color\">Elle est dite&nbsp;<strong><em>observationnelle<\/em>&nbsp;<\/strong>car elle consiste <strong>uniquement <\/strong>\u00e0 mesurer le nombre de personnes dans la population rencontrant des difficult\u00e9s li\u00e9es \u00e0 la grossesse et l\u2019accouchement, et \u00e0 mettre ces difficult\u00e9s en lien avec d\u2019autres facteurs connus.<\/p>\n\n\n\n<p class=\"has-black-color has-text-color\">Elle est&nbsp;<strong><em>longitudinale<\/em>&nbsp;<\/strong>car elle s\u2019int\u00e9resse \u00e0 l<strong>\u2019\u00e9volution dans le temps<\/strong> des personnes faisant l\u2019exp\u00e9rience d\u2019un accouchement difficile, c\u2019est pourquoi un suivi \u00e0 diff\u00e9rents moments-cl\u00e9s est n\u00e9cessaire.<\/p>\n\n\n\n<p class=\"has-black-color has-text-color\">L\u2019\u00e9tude sert \u00e0 \u00e9valuer l\u2019<strong>\u00e9tat de sant\u00e9 et les besoins de la population g\u00e9n\u00e9rale <\/strong>dans un certain temps, afin d\u2019am\u00e9liorer la qualit\u00e9 des soins. Ce type d\u2019\u00e9tude ne comprend donc pas d\u2019intervention m\u00e9dicale particuli\u00e8re ou de prise d\u2019un m\u00e9dicament.<\/p>\n\n\n\n<div style=\"height:100px\" aria-hidden=\"true\" class=\"wp-block-spacer\"><\/div>\n\n\n\n<h2 class=\"wp-block-heading has-text-color\" id=\"deroulement\" style=\"color:#126392\"><strong>D\u00e9roulement<\/strong><\/h2>\n\n\n\n<p class=\"has-black-color has-text-color\">L&#8217;\u00e9tude ne demande aucun d\u00e9placement, les participants seront amen\u00e9s \u00e0 remplir des <strong>questionnaires en ligne<\/strong>, \u00e0 diff\u00e9rents moments de l&#8217;\u00e9tude.<\/p>\n\n\n\n<p class=\"has-black-color has-text-color\">Les questionnaires seront uniquement en <strong>fran\u00e7ais<\/strong>.<\/p>\n\n\n\n<figure class=\"wp-block-gallery has-nested-images columns-default is-cropped wp-block-gallery-1 is-layout-flex wp-block-gallery-is-layout-flex\">\n<figure class=\"wp-block-image size-large is-style-default\"><img alt=\"\" loading=\"lazy\" decoding=\"async\" width=\"1024\" height=\"576\" data-id=\"433\" src=\"https:\/\/wp.unil.ch\/etude-switch\/files\/2022\/02\/Deroulement-1024x576.png\" alt=\"\" class=\"wp-image-433\" srcset=\"https:\/\/wp.unil.ch\/etude-switch\/files\/2022\/02\/Deroulement-1024x576.png 1024w, https:\/\/wp.unil.ch\/etude-switch\/files\/2022\/02\/Deroulement-300x169.png 300w, https:\/\/wp.unil.ch\/etude-switch\/files\/2022\/02\/Deroulement-768x432.png 768w, https:\/\/wp.unil.ch\/etude-switch\/files\/2022\/02\/Deroulement-1536x864.png 1536w, https:\/\/wp.unil.ch\/etude-switch\/files\/2022\/02\/Deroulement.png 1920w\" sizes=\"auto, (max-width: 1024px) 100vw, 1024px\" \/><\/figure>\n<\/figure>\n\n\n\n<div style=\"height:100px\" aria-hidden=\"true\" class=\"wp-block-spacer\"><\/div>\n\n\n\n<h2 class=\"wp-block-heading has-text-color\" id=\"participants\" style=\"color:#126392\">Participants<\/h2>\n\n\n\n<p class=\"has-black-color has-text-color\">Afin de d\u00e9velopper cette \u00e9tude, nous avons besoin d&#8217;un <strong>large panel<\/strong> de participants, id\u00e9alement repr\u00e9sentatif de la population g\u00e9n\u00e9rale (dans ce cas-ci les cantons romands \u00e0 l&#8217;exception du Jura).<\/p>\n\n\n\n<ul class=\"has-black-color has-text-color wp-block-list\">\n<li>L&#8217;\u00e9tude s&#8217;adresse \u00e0 <strong>toutes les personnes enceintes<\/strong> \u00e2g\u00e9es de plus de 16 ans au moment de la participation et <strong>leurs partenaires<\/strong>.<\/li>\n<\/ul>\n\n\n\n<ul class=\"has-black-color has-text-color wp-block-list\">\n<li>Si votre enfant est d\u00e9j\u00e0 n\u00e9, vous pouvez int\u00e9grer l&#8217;\u00e9tude depuis la deuxi\u00e8me \u00e9tape. En revanche nous ne pouvons pas accepter les participants dont la naissance de leur enfant remonte \u00e0 plus de 12 semaines.<\/li>\n<\/ul>\n\n\n\n<ul class=\"has-black-color has-text-color wp-block-list\">\n<li>La participation est propos\u00e9e aux couples de futurs parents, sans discrimination de genres et d\u2019orientations sexuelles.<\/li>\n<\/ul>\n\n\n\n<ul class=\"wp-block-list\">\n<li>La participation est \u00e9galement possible pour les personnes enceintes sans \u00eatre en couple.<\/li>\n<\/ul>\n\n\n\n<figure class=\"wp-block-image size-large is-resized\"><img alt=\"\" loading=\"lazy\" decoding=\"async\" width=\"1024\" height=\"613\" src=\"https:\/\/wp.unil.ch\/etude-switch\/files\/2023\/03\/Suisse-1024x613.jpg\" alt=\"\" class=\"wp-image-686\" style=\"width:480px;height:287px\" srcset=\"https:\/\/wp.unil.ch\/etude-switch\/files\/2023\/03\/Suisse-1024x613.jpg 1024w, https:\/\/wp.unil.ch\/etude-switch\/files\/2023\/03\/Suisse-300x180.jpg 300w, https:\/\/wp.unil.ch\/etude-switch\/files\/2023\/03\/Suisse-768x460.jpg 768w, https:\/\/wp.unil.ch\/etude-switch\/files\/2023\/03\/Suisse.jpg 1255w\" sizes=\"auto, (max-width: 1024px) 100vw, 1024px\" \/><\/figure>\n\n\n\n<div class=\"wp-block-buttons is-content-justification-center is-layout-flex wp-container-core-buttons-is-layout-16018d1d wp-block-buttons-is-layout-flex\">\n<div class=\"wp-block-button is-style-fill\"><a class=\"wp-block-button__link has-white-color has-text-color has-background wp-element-button\" href=\"https:\/\/wp.unil.ch\/etude-switch\/participer-a-letude\/\" style=\"background-color:#126392\" target=\"_blank\" rel=\"noreferrer noopener\">Participez !<\/a><\/div>\n<\/div>\n\n\n\n<div style=\"height:100px\" aria-hidden=\"true\" class=\"wp-block-spacer\"><\/div>\n\n\n\n<h2 class=\"wp-block-heading has-text-color\" id=\"actualites\" style=\"color:#126392\">Actualit\u00e9s <\/h2>\n\n\n\n<figure class=\"wp-block-image size-full is-resized\"><img alt=\"\" loading=\"lazy\" decoding=\"async\" width=\"986\" height=\"555\" src=\"https:\/\/wp.unil.ch\/etude-switch\/files\/2024\/01\/Letude-SwiTCH-compte-actuellement-2.png\" alt=\"\" class=\"wp-image-912\" style=\"width:564px;height:auto\" srcset=\"https:\/\/wp.unil.ch\/etude-switch\/files\/2024\/01\/Letude-SwiTCH-compte-actuellement-2.png 986w, https:\/\/wp.unil.ch\/etude-switch\/files\/2024\/01\/Letude-SwiTCH-compte-actuellement-2-300x169.png 300w, https:\/\/wp.unil.ch\/etude-switch\/files\/2024\/01\/Letude-SwiTCH-compte-actuellement-2-768x432.png 768w\" sizes=\"auto, (max-width: 986px) 100vw, 986px\" \/><\/figure>\n\n\n\n<figure class=\"wp-block-image size-large is-resized\"><img alt=\"\" loading=\"lazy\" decoding=\"async\" width=\"810\" height=\"1024\" src=\"https:\/\/wp.unil.ch\/etude-switch\/files\/2023\/05\/Etre-pere-une-place-a-reinventer-4-810x1024.jpg\" alt=\"\" class=\"wp-image-860\" style=\"aspect-ratio:0.7916063675832128;width:555px;height:auto\" srcset=\"https:\/\/wp.unil.ch\/etude-switch\/files\/2023\/05\/Etre-pere-une-place-a-reinventer-4-810x1024.jpg 810w, https:\/\/wp.unil.ch\/etude-switch\/files\/2023\/05\/Etre-pere-une-place-a-reinventer-4-237x300.jpg 237w, https:\/\/wp.unil.ch\/etude-switch\/files\/2023\/05\/Etre-pere-une-place-a-reinventer-4-768x971.jpg 768w, https:\/\/wp.unil.ch\/etude-switch\/files\/2023\/05\/Etre-pere-une-place-a-reinventer-4.jpg 949w\" sizes=\"auto, (max-width: 810px) 100vw, 810px\" \/><\/figure>\n\n\n\n<figure class=\"wp-block-image size-full is-resized\"><a href=\"https:\/\/www.femina.ch\/forme\/sante\/maternite-vers-une-prise-en-charge-toujours-plus-douce\"><img alt=\"\" loading=\"lazy\" decoding=\"async\" width=\"790\" height=\"564\" src=\"https:\/\/wp.unil.ch\/etude-switch\/files\/2023\/04\/Maternite-vers-une-prise-en-charge-toujours-plus-douce-Femina-1-3.jpg\" alt=\"\" class=\"wp-image-802\" style=\"aspect-ratio:1.4025641025641025;width:552px;height:auto\" srcset=\"https:\/\/wp.unil.ch\/etude-switch\/files\/2023\/04\/Maternite-vers-une-prise-en-charge-toujours-plus-douce-Femina-1-3.jpg 790w, https:\/\/wp.unil.ch\/etude-switch\/files\/2023\/04\/Maternite-vers-une-prise-en-charge-toujours-plus-douce-Femina-1-3-300x214.jpg 300w, https:\/\/wp.unil.ch\/etude-switch\/files\/2023\/04\/Maternite-vers-une-prise-en-charge-toujours-plus-douce-Femina-1-3-768x548.jpg 768w\" sizes=\"auto, (max-width: 790px) 100vw, 790px\" \/><\/a><\/figure>\n\n\n\n<figure class=\"wp-block-embed aligncenter is-type-rich is-provider-twitter wp-block-embed-twitter\"><div class=\"wp-block-embed__wrapper\">\n<blockquote class=\"twitter-tweet\" data-width=\"550\" data-dnt=\"true\"><p lang=\"fr\" dir=\"ltr\">&quot;Une femme sur trois vit son accouchement comme \u00e9tant traumatique.&quot; <a href=\"https:\/\/twitter.com\/DrAntjeHorsch?ref_src=twsrc%5Etfw\">@DrAntjeHorsch<\/a> parle de l&#39;importance de briser les tabous autour de la <a href=\"https:\/\/twitter.com\/hashtag\/sant%C3%A9mentale?src=hash&amp;ref_src=twsrc%5Etfw\">#sant\u00e9mentale<\/a> parentale et explique les progr\u00e8s de la recherche sur le sujet. <a href=\"https:\/\/twitter.com\/CHUVLausanne?ref_src=twsrc%5Etfw\">@CHUVLausanne<\/a> <a href=\"https:\/\/twitter.com\/FBM_UNIL?ref_src=twsrc%5Etfw\">@FBM_UNIL<\/a> <a href=\"https:\/\/t.co\/5tv4u3a2mG\">https:\/\/t.co\/5tv4u3a2mG<\/a><\/p>&mdash; IUFRS (INACTIVE) (@iufrs) <a href=\"https:\/\/twitter.com\/iufrs\/status\/1590749878946516992?ref_src=twsrc%5Etfw\">November 10, 2022<\/a><\/blockquote><script async src=\"https:\/\/platform.twitter.com\/widgets.js\" charset=\"utf-8\"><\/script>\n<\/div><\/figure>\n","protected":false},"excerpt":{"rendered":"<p>L&#8217;\u00e9tude SwiTCH est une \u00e9tude observationnelle qui cherche \u00e0 mieux comprendre le v\u00e9cu des familles suite \u00e0 la naissance d\u2019un enfant. Nous savons qu\u2019un certain nombre de familles vivent l\u2019accouchement &hellip; <\/p>\n","protected":false},"author":1002312,"featured_media":0,"parent":0,"menu_order":0,"comment_status":"closed","ping_status":"closed","template":"template-builder.php","meta":{"_seopress_robots_primary_cat":"","_seopress_titles_title":"","_seopress_titles_desc":"","_seopress_robots_index":"","footnotes":""},"class_list":["post-295","page","type-page","status-publish"],"_links":{"self":[{"href":"https:\/\/wp.unil.ch\/etude-switch\/wp-json\/wp\/v2\/pages\/295","targetHints":{"allow":["GET"]}}],"collection":[{"href":"https:\/\/wp.unil.ch\/etude-switch\/wp-json\/wp\/v2\/pages"}],"about":[{"href":"https:\/\/wp.unil.ch\/etude-switch\/wp-json\/wp\/v2\/types\/page"}],"author":[{"embeddable":true,"href":"https:\/\/wp.unil.ch\/etude-switch\/wp-json\/wp\/v2\/users\/1002312"}],"replies":[{"embeddable":true,"href":"https:\/\/wp.unil.ch\/etude-switch\/wp-json\/wp\/v2\/comments?post=295"}],"version-history":[{"count":4,"href":"https:\/\/wp.unil.ch\/etude-switch\/wp-json\/wp\/v2\/pages\/295\/revisions"}],"predecessor-version":[{"id":913,"href":"https:\/\/wp.unil.ch\/etude-switch\/wp-json\/wp\/v2\/pages\/295\/revisions\/913"}],"wp:attachment":[{"href":"https:\/\/wp.unil.ch\/etude-switch\/wp-json\/wp\/v2\/media?parent=295"}],"curies":[{"name":"wp","href":"https:\/\/api.w.org\/{rel}","templated":true}]}}