{"id":167,"date":"2021-10-08T21:32:01","date_gmt":"2021-10-08T19:32:01","guid":{"rendered":"https:\/\/wp.unil.ch\/etude-switch\/?page_id=167"},"modified":"2024-02-20T11:48:10","modified_gmt":"2024-02-20T10:48:10","slug":"equipe","status":"publish","type":"page","link":"https:\/\/wp.unil.ch\/etude-switch\/equipe\/","title":{"rendered":"\u00c9quipe"},"content":{"rendered":"\n<p><\/p>\n\n\n\n<h2 class=\"wp-block-heading is-style-hitmag-widget-title has-text-color has-medium-font-size\" style=\"color:#126392\"><strong>Responsables du projet<\/strong><\/h2>\n\n\n\n<p class=\"has-text-color\" style=\"color:#126392;font-size:18px\"><strong><a rel=\"noreferrer noopener\" href=\"https:\/\/applicationspub.unil.ch\/interpub\/noauth\/php\/Un\/UnPers.php?PerNum=1128789&amp;LanCode=37\" target=\"_blank\"><em>Antje Horsch<\/em><\/a><\/strong><\/p>\n\n\n\n<p class=\"has-text-align-left\">Antje Horsch est professeure associ\u00e9e&nbsp;\u00e0 l\u2019Institut universitaire de formation et de recherche en soins (IUFRS) \u00e0 la facult\u00e9 de biologie et de m\u00e9decine \u00e0 l\u2019Universit\u00e9 de Lausanne. Elle est aussi affili\u00e9e au D\u00e9partement Femme-M\u00e8re-Enfant (DFME) du Centre Hospitalier Universitaire Vaudois (CHUV) en tant que collaboratrice scientifique.<\/p>\n\n\n\n<p>Psychologue clinicienne de formation, Antje Horsch a r\u00e9alis\u00e9 son doctorat \u00e0 l\u2019Universit\u00e9 d\u2019Oxford (Royaume-Uni) en 2004. Ses exp\u00e9riences en tant que psychoth\u00e9rapeute d\u2019enfants et d\u2019adultes lui ont servi \u00e9galement \u00e0 inspirer et motiver ses axes de recherche. A Oxford, elle dirigeait des \u00e9tudes identifiant les facteurs de risque psychologiques li\u00e9s au d\u00e9veloppement des probl\u00e8mes de sant\u00e9 mentale chez des parents suite aux \u00e9v\u00e8nements stressants ou traumatiques en lien avec leur enfant, la grossesse ou l\u2019accouchement. <\/p>\n\n\n\n<p>Au c\u0153ur du Service de n\u00e9onatologie, elle y a d\u00e9velopp\u00e9 le Lausanne Perinatal Research Group avec un focus sur l\u2019impact du stress et du traumatisme sur la sant\u00e9 mentale des parents et de leurs enfants durant la p\u00e9riode p\u00e9rinatale.<\/p>\n\n\n\n<p><\/p>\n\n\n\n<p class=\"has-text-color\" style=\"color:#126392;font-size:18px\"><strong><em>Valentin Offredi<\/em><\/strong><\/p>\n\n\n\n<p>Valentin Offredi travaille comme psychologue psychoth\u00e9rapeute au sein du Service Universitaire de Psychiatrie de l\u2019Enfant et de l\u2019Adolescent (SUPEA) du CHUV \u00e0 la consultation de Nyon. Form\u00e9 en th\u00e9rapie syst\u00e9mique, il d\u00e9veloppe un int\u00e9r\u00eat particulier dans l\u2019accompagnement des familles durant la phase de transition \u00e0 la parentalit\u00e9. En parall\u00e8le de son activit\u00e9 clinique, il collabore avec l\u2019\u00e9quipe de recherche de la professeure Antje Horsch dans le cadre de l\u2019\u00e9tude SwiTCH.<\/p>\n\n\n\n<p><\/p>\n\n\n\n<p><\/p>\n\n\n\n<hr class=\"wp-block-separator has-css-opacity\" \/>\n\n\n\n<h2 class=\"wp-block-heading is-style-hitmag-widget-title has-text-color has-medium-font-size\" style=\"color:#126292\"><strong>Membres de l&#8217;\u00e9quipe<\/strong><\/h2>\n\n\n\n<p class=\"has-text-color\" style=\"color:#126392;font-size:18px\"><em><strong>Valentine Rattaz <\/strong><\/em><\/p>\n\n\n\n<p style=\"font-size:16px\">Valentine Rattaz est chercheuse postdoctorante dans l&#8217;\u00e9quipe de la professeure Antje Horsch. Apr\u00e8s un doctorat \u00e0 l&#8217;Universit\u00e9 de Gen\u00e8ve sur la th\u00e9matique des relations familiales et du d\u00e9veloppement de la r\u00e9gulation \u00e9motionnelle de l&#8217;enfant, elle a rejoint le Lausanne Perinatal Research Group en 2023.<\/p>\n\n\n\n<p><\/p>\n\n\n\n<p class=\"has-text-color\" style=\"color:#126392;font-size:18px\"><strong><em>Anna Centamori<\/em><\/strong><\/p>\n\n\n\n<p class=\"has-text-align-left\" style=\"font-size:16px\">Dans le cadre d&#8217;un Master en Psychologie clinique \u00e0 l&#8217;Universit\u00e9 de Lausanne, Anna Centamori a rejoint le Lausanne Perinatal Research Group en f\u00e9vrier 2024. Son travail se concentre sur le recrutement et le suivi des participant.e.s du projet SwiTCH men\u00e9 par par la Prof. Antje Horsch. <\/p>\n\n\n\n<p><\/p>\n\n\n\n<p class=\"has-text-color\" style=\"color:#126392;font-size:18px\"><strong><em>Mathusanaa<\/em><\/strong> <strong><em>Mahendrathas<\/em><\/strong><\/p>\n\n\n\n<p>Apr\u00e8s un master en orientation Psychologie de la Sant\u00e9 \u00e0 l\u2019Universit\u00e9 de Lausanne, Mathusanaa Mahendrathas a rejoint le Perinatal Research Group de l\u2019IUFRS en septembre 2023 en tant que psychologue assistante. Elle collabore au recrutement et aux suivis des participant.e.s de deux \u00e9tudes relatives \u00e0 la p\u00e9rinatalit\u00e9, intitul\u00e9es SwiTCH et ASTRAL, men\u00e9es sous la direction de la Professeure Antje Horsch.<\/p>\n\n\n\n<p><\/p>\n\n\n\n<p><\/p>\n\n\n\n<h2 class=\"wp-block-heading is-style-hitmag-widget-title has-text-color has-medium-font-size\" style=\"color:#126292\"><strong>Alumni<\/strong><\/h2>\n\n\n\n<p>Nous remercions ces personnes pour leur contribution au projet SwiTCH. <\/p>\n\n\n\n<p class=\"has-text-color\" style=\"color:#126392;font-size:18px\"><strong><em>Marc Dupuis<\/em><\/strong><\/p>\n\n\n\n<p>2021-2022<\/p>\n\n\n\n<p class=\"has-text-color\" style=\"color:#126392;font-size:18px\"><em><strong>Marianne Gabastou<\/strong><\/em><\/p>\n\n\n\n<p>2022-2023<\/p>\n\n\n\n<p class=\"has-text-color\" style=\"color:#126392;font-size:18px\"><strong><em>Giuseppina Tenore<\/em><\/strong><\/p>\n\n\n\n<p>2021-2022<\/p>\n\n\n\n<p class=\"has-text-color\" style=\"color:#126392;font-size:18px\"><strong><em>H\u00e9l\u00e8ne Chanvrier<\/em><\/strong><\/p>\n\n\n\n<p>2021-2022<\/p>\n\n\n\n<p class=\"has-text-color\" style=\"color:#126392;font-size:18px\"><strong><em>M\u00e9lanie Vanetti<\/em><\/strong> <\/p>\n\n\n\n<p>2021-2022<\/p>\n\n\n\n<p class=\"has-text-color\" style=\"color:#126392;font-size:18px\"><strong><em>Sabrina Villa<\/em><\/strong><\/p>\n\n\n\n<p>2023<\/p>\n\n\n\n<p class=\"has-text-color\" style=\"color:#126392;font-size:18px\"><strong><em>D\u00e9sir\u00e9e Fontana<\/em><\/strong><\/p>\n\n\n\n<p>2023<\/p>\n","protected":false},"excerpt":{"rendered":"<p>Responsables du projet Antje Horsch Antje Horsch est professeure associ\u00e9e&nbsp;\u00e0 l\u2019Institut universitaire de formation et de recherche en soins (IUFRS) \u00e0 la facult\u00e9 de biologie et de m\u00e9decine \u00e0 l\u2019Universit\u00e9 &hellip; <\/p>\n","protected":false},"author":1002310,"featured_media":0,"parent":0,"menu_order":0,"comment_status":"closed","ping_status":"closed","template":"template-builder.php","meta":{"_seopress_robots_primary_cat":"","_seopress_titles_title":"","_seopress_titles_desc":"","_seopress_robots_index":"","footnotes":""},"class_list":["post-167","page","type-page","status-publish"],"_links":{"self":[{"href":"https:\/\/wp.unil.ch\/etude-switch\/wp-json\/wp\/v2\/pages\/167","targetHints":{"allow":["GET"]}}],"collection":[{"href":"https:\/\/wp.unil.ch\/etude-switch\/wp-json\/wp\/v2\/pages"}],"about":[{"href":"https:\/\/wp.unil.ch\/etude-switch\/wp-json\/wp\/v2\/types\/page"}],"author":[{"embeddable":true,"href":"https:\/\/wp.unil.ch\/etude-switch\/wp-json\/wp\/v2\/users\/1002310"}],"replies":[{"embeddable":true,"href":"https:\/\/wp.unil.ch\/etude-switch\/wp-json\/wp\/v2\/comments?post=167"}],"version-history":[{"count":4,"href":"https:\/\/wp.unil.ch\/etude-switch\/wp-json\/wp\/v2\/pages\/167\/revisions"}],"predecessor-version":[{"id":919,"href":"https:\/\/wp.unil.ch\/etude-switch\/wp-json\/wp\/v2\/pages\/167\/revisions\/919"}],"wp:attachment":[{"href":"https:\/\/wp.unil.ch\/etude-switch\/wp-json\/wp\/v2\/media?parent=167"}],"curies":[{"name":"wp","href":"https:\/\/api.w.org\/{rel}","templated":true}]}}