{"id":6747,"date":"2022-08-26T08:33:38","date_gmt":"2022-08-26T06:33:38","guid":{"rendered":"https:\/\/wp.unil.ch\/esspace\/?page_id=6747"},"modified":"2026-02-05T19:33:38","modified_gmt":"2026-02-05T18:33:38","slug":"documentation","status":"publish","type":"page","link":"https:\/\/wp.unil.ch\/esspace\/documentation\/","title":{"rendered":"Documentation"},"content":{"rendered":"\n<h2 class=\"wp-block-heading\">Candidat.es boursier.\u00e8res: <strong>Proc\u00e9dures pour l&rsquo;obtention des lettres de soutien institutionnel<\/strong><\/h2>\n\n\n\n<h5 class=\"wp-block-heading has-text-align-left\">Les candidat.e.s pour les instruments de carri\u00e8re FNS, Horizon Europe Pilier I (ERC, MSCA) peuvent n\u00e9cessiter une lettre de soutien institutionnel de la part de l&rsquo;institution h\u00f4te. Au sein de la Facult\u00e9 des SSP, l&rsquo;obtention de ce soutien fait l&rsquo;objet d&rsquo;une proc\u00e9dure interne (<a href=\"https:\/\/www.unil.ch\/files\/live\/sites\/ssp\/files\/ssp\/faculte\/reglements\/procedures\/Proc_SSP_FNS_SoutienInstit.pdf\">Proc\u00e9dure SSP<\/a>). Selon les instruments, les candidat.e.s doivent d\u00e9poser leurs demandes de candidature jusqu&rsquo;\u00e0 <strong><em>10 semaines<\/em> <\/strong>avant le d\u00e9lai du bailleur de fond. Ci-dessous les calendriers de proc\u00e9dure par instrument.<\/h5>\n\n\n\n<figure class=\"wp-block-table\"><table class=\"has-fixed-layout\"><tbody><tr><td><strong>Instrument de financement <\/strong><\/td><td><strong>Ouverture du prochain appel <\/strong><\/td><td><strong>D\u00e9lai bailleur de fond<\/strong><\/td><td><strong>Calendrier interne SSP<\/strong> <strong>2026<\/strong><\/td><\/tr><tr><td>ERC Starting Grants<\/td><td>juillet 2026<\/td><td>octobre 2026<\/td><td>Le calendrier 2026 \u00e0 venir d\u00e8s l&rsquo;ouverture de l&rsquo;appel<\/td><\/tr><tr><td>ERC Consolidator Grants<\/td><td>septembre 2026<\/td><td>janvier 2027<\/td><td>Le calendrier 2027 \u00e0 venir d\u00e8s l&rsquo;ouverture de l&rsquo;appel<\/td><\/tr><tr><td>ERC Advanced Grants <\/td><td>28.05.2026<\/td><td>27.08.2026<\/td><td>Le calendrier 2026 \u00e0 venir d\u00e8s l&rsquo;ouverture de l&rsquo;appel<\/td><\/tr><tr><td>ERC Synergy Grants <\/td><td>juillet .2026<\/td><td>novembre 2026<\/td><td>Le calendrier 2026 \u00e0 venir d\u00e8s l&rsquo;ouverture de l&rsquo;appel<\/td><\/tr><tr><td>FNS Ambizione <\/td><td>aout 2026<\/td><td>novembre 2026<\/td><td>Le calendrier 2026 \u00e0 venir d\u00e8s l&rsquo;ouverture de l&rsquo;appel<\/td><\/tr><tr><td>FNS Starting Grants <\/td><td>01.02.2026<\/td><td>05.05.2026<\/td><td><a href=\"https:\/\/wp.unil.ch\/esspace\/files\/2026\/02\/2026_fns_stg_proceduresoutien-1.pdf\">ICI<\/a><\/td><\/tr><tr><td>MSCA Postdoctoral Fellowship<\/td><td>mai 2026<\/td><td>septembre 2026<\/td><td>Aucune lettre de soutien n\u2019est requise. Toutefois, pour assurer le suivi et la qualit\u00e9 des candidatures en SSP, il est demand\u00e9 aux directions d\u2019institut de fournir un argumentaire sur les raisons du soutien (retour de courriel ou lettre) \u00e0 transmettre au Dicast\u00e8re Recherche SSP.<\/td><\/tr><\/tbody><\/table><\/figure>\n\n\n\n<h2 class=\"wp-block-heading\">Bases de donn\u00e9es pour la recherche de fonds<\/h2>\n\n\n\n<ul class=\"wp-block-list\">\n<li><a href=\"https:\/\/www.fundraiso.ch\/fr\/\">Fundraiso.ch<\/a>: Fondations suisses<\/li>\n\n\n\n<li><a href=\"https:\/\/research.swiss\/\">research.swiss: <\/a>Lanc\u00e9e par le Secr\u00e9tariat d&rsquo;\u00c9tat \u00e0 la formation, \u00e0 la recherche et \u00e0 l&rsquo;innovation (SERI) en collaboration avec Swissnex, research.swiss est une plateforme centralis\u00e9e pr\u00e9sentant les opportunit\u00e9s de coop\u00e9ration scientifique et technologique entre la Suisse et le reste du monde. <\/li>\n\n\n\n<li><strong><a href=\"https:\/\/https:\/\/opportunity.myresearchconnect.com\/\">ResearchConnect<\/a> <\/strong>: fournit des informations actualis\u00e9es sur les opportunit\u00e9s internationales de financement de la recherche: projets collaboratifs, bourses, prix, mobilit\u00e9 interne et externe, \u00e9quipement, etc. L\u2019Universit\u00e9 de Lausanne offre l&rsquo;acc\u00e8s aux chercheur\u00b7e\u00b7s de l\u2019UNIL, du CHUV, d&rsquo;Unisant\u00e9 et des h\u00f4pitaux associ\u00e9s.<\/li>\n\n\n\n<li><a href=\"https:\/\/fundit.fr\/fr\">Fund It:<\/a> Appels \u00e0 projets en sciences humaines et sociales en France et \u00e0 l&rsquo;international <\/li>\n\n\n\n<li><a href=\"https:\/\/promotionsante.ch\/sites\/default\/files\/2024-10\/Brochure_PSCH2024-09_Aides-financi%C3%A8res-d%C3%A9veloppement-projets.pdf\">Promotion Sant\u00e9 Suisse<\/a>: Aides financi\u00e8res pour le d\u00e9veloppement de projets de promotion de la sant\u00e9 et de pr\u00e9vention en Suisse (v. 2024)<\/li>\n<\/ul>\n\n\n\n<h2 class=\"wp-block-heading\">Guides divers<\/h2>\n\n\n\n<ul class=\"wp-block-list\">\n<li><a href=\"https:\/\/wp.unil.ch\/esspace\/files\/2025\/10\/fns_instruments_carriere_2025.pdf\">Fiche explicative des instruments de carri\u00e8re du FNS <\/a>(v 2025)<\/li>\n\n\n\n<li><a href=\"https:\/\/wp.unil.ch\/esspace\/files\/2022\/07\/Guide-nouveau-CV_FNS.docx\">Guide du nouveau CV pour les requ\u00eates FNS<\/a><\/li>\n\n\n\n<li><a href=\"https:\/\/forscenter.ch\/wp-content\/uploads\/2022\/02\/diazstam_fg07_dmp_v1.1_final_2022.pdf\">Guide DMP: <em>How to draft a DMP from the perspective of the social sciences, using the SNSF template <\/em>(FORS, 2022) <\/a><\/li>\n<\/ul>\n\n\n\n<h2 class=\"wp-block-heading\">Formations<\/h2>\n\n\n\n<figure class=\"wp-block-image size-large is-resized is-style-default\"><a href=\"https:\/\/wp.unil.ch\/esspace\/files\/2025\/11\/capture-decran-2025-11-14-a-09.05.59.png\"><img loading=\"lazy\" decoding=\"async\" width=\"1024\" height=\"276\" src=\"https:\/\/wp.unil.ch\/esspace\/files\/2025\/11\/capture-decran-2025-11-14-a-09.05.59-1024x276.png\" alt=\"capture d\u2019e\u0301cran 2025 11 14 a\u0300 09.05.59\" class=\"wp-image-10209\" style=\"width:735px\" srcset=\"https:\/\/wp.unil.ch\/esspace\/files\/2025\/11\/capture-decran-2025-11-14-a-09.05.59-1024x276.png 1024w, https:\/\/wp.unil.ch\/esspace\/files\/2025\/11\/capture-decran-2025-11-14-a-09.05.59-300x81.png 300w, https:\/\/wp.unil.ch\/esspace\/files\/2025\/11\/capture-decran-2025-11-14-a-09.05.59-768x207.png 768w, https:\/\/wp.unil.ch\/esspace\/files\/2025\/11\/capture-decran-2025-11-14-a-09.05.59-1536x414.png 1536w, https:\/\/wp.unil.ch\/esspace\/files\/2025\/11\/capture-decran-2025-11-14-a-09.05.59-1320x356.png 1320w, https:\/\/wp.unil.ch\/esspace\/files\/2025\/11\/capture-decran-2025-11-14-a-09.05.59.png 1766w\" sizes=\"auto, (max-width: 1024px) 100vw, 1024px\" \/><\/a><\/figure>\n\n\n\n<p><strong>La Facult\u00e9 des SSP organise au semestre de printemps 2025 un cycle d\u2019ateliers intitul\u00e9 \u00ab Gestion des donn\u00e9es de recherche : comprendre les enjeux et adopter les bonnes pratiques \u00bb. Ce cycle d\u2019ateliers vise \u00e0 informer et sensibiliser les chercheuse\u00b7eurs aux bonnes pratiques en mati\u00e8re de gestion des donn\u00e9es de recherche, tout en leur fournissant des outils concrets pour les mettre en \u0153uvre.<\/strong> Pour plus d&rsquo;informations, suivez <a href=\"https:\/\/www.unil.ch\/news\/fr\/1759395842084\">ce lien.<\/a><\/p>\n\n\n\n<ul class=\"wp-block-list\">\n<li><a href=\"https:\/\/unils-my.sharepoint.com\/:b:\/g\/personal\/margarita_ghoorbin_unil_ch\/IQAhcIt3rXEDQYgqNoAxCebJAfAeojMBhnEXiF-9q_jFts8?e=LuvXiC&amp;isSPOFile=1&amp;xsdata=MDV8MDJ8fDQ5NzhhZGM5MWFkYzRkZTMxNTUzMDhkZTFiYWZlNTY5fDI1OTMzY2Q1ZmE0MjQyOTA5ZWRkODRjNTgzMWJjZGQ4fDB8MHw2Mzg5Nzg2Mzk0MTUyODUwNzV8VW5rbm93bnxWR1ZoYlhOVFpXTjFjbWwwZVZObGNuWnBZMlY4ZXlKRFFTSTZJbFJsWVcxelgwRlVVRk5sY25acFkyVmZVMUJQVEU5R0lpd2lWaUk2SWpBdU1DNHdNREF3SWl3aVVDSTZJbGRwYmpNeUlpd2lRVTRpT2lKUGRHaGxjaUlzSWxkVUlqb3hNWDA9fDF8TDJOb1lYUnpMekU1T2pJM016ZzJORE5qWTJJME1EUm1NMk00T0dOa1pEUXlZVGs0TVRNMU9UYzBRSFJvY21WaFpDNTJNaTl0WlhOellXZGxjeTh4TnpZeU1qWTNNVFF3TlRjenw1NmRjNDAyMjk4OGY0NWM0OGExZDA4ZGUxYmFmZTU2OHw2MTljNWM5MWQxOGM0OGM3OTJhYzdiYmMzODliMjliMw%3D%3D&amp;sdata=a0dZVlo5dFZOVTZEYXhJS09wa2xTc01sWUUyOVorak90YThJNkUzSE51VT0%3D&amp;ovuser=25933cd5-fa42-4290-9edd-84c5831bcdd8%2CEllina.Mourtazina%40unil.ch\" target=\"_blank\" rel=\"noreferrer noopener\">Atelier 23.10.25 Pablo Diaz G\u00e9rer des donn\u00e9es personnelles sensibles dans la recherche &#8211; consid\u00e9rations \u00e9thiques, juridiques et pratiques.pdf<\/a><\/li>\n\n\n\n<li>&nbsp;<a href=\"https:\/\/unils-my.sharepoint.com\/:b:\/g\/personal\/margarita_ghoorbin_unil_ch\/IQCA7gFaoA1dTaMYhv5OkzCxAZ9AMqO4h_LEgnJ1nlfYubc?e=vnQzXr&amp;xsdata=MDV8MDJ8fGIzZWM5MGY3NTM3ODQ4NjIyYjZhMDhkZTIxMmY0YjFmfDI1OTMzY2Q1ZmE0MjQyOTA5ZWRkODRjNTgzMWJjZGQ4fDB8MHw2Mzg5ODQ2ODQxNDA3MTAwMjV8VW5rbm93bnxWR1ZoYlhOVFpXTjFjbWwwZVZObGNuWnBZMlY4ZXlKRFFTSTZJbFJsWVcxelgwRlVVRk5sY25acFkyVmZVMUJQVEU5R0lpd2lWaUk2SWpBdU1DNHdNREF3SWl3aVVDSTZJbGRwYmpNeUlpd2lRVTRpT2lKUGRHaGxjaUlzSWxkVUlqb3hNWDA9fDF8TDJOb1lYUnpMekU1T2pJM016ZzJORE5qWTJJME1EUm1NMk00T0dOa1pEUXlZVGs0TVRNMU9UYzBRSFJvY21WaFpDNTJNaTl0WlhOellXZGxjeTh4TnpZeU9EY3hOakV5T1RVenw5ZmRmZWM0OWNlYWM0YWZkYmU4NTA4ZGUyMTJmNGIxZXwzNzAwZGEwN2Q0NWQ0MzYxODM4ZDFmZTgxNzJjNGRhZA%3D%3D&amp;sdata=SmE2bjZYWXNiT0xGcEdTR2hhSUxrcFFvdE5wVkpWR3ErdHltR012TXhGUT0%3D&amp;ovuser=25933cd5-fa42-4290-9edd-84c5831bcdd8%2CEllina.Mourtazina%40unil.ch\" target=\"_blank\" rel=\"noreferrer noopener\">Atelier 06.11.25 Anouk Santos Donn\u00e9es de recherche &#8211; droit d&rsquo;auteur et licences.pdf<\/a><\/li>\n\n\n\n<li><a href=\"https:\/\/unils-my.sharepoint.com\/:b:\/g\/personal\/margarita_ghoorbin_unil_ch\/IQA7BKJpw_uZSafTCom22Es-ARuC29Gb29Axeryk4e0zyv0?e=kKIleN&amp;xsdata=MDV8MDJ8fDMzZTc3OWE3ZGU2NjRiYmFmYjQ5MDhkZTI4NDkzNDQwfDI1OTMzY2Q1ZmE0MjQyOTA5ZWRkODRjNTgzMWJjZGQ4fDB8MHw2Mzg5OTI0OTIwMDc1ODk2OTZ8VW5rbm93bnxWR1ZoYlhOVFpXTjFjbWwwZVZObGNuWnBZMlY4ZXlKRFFTSTZJbFJsWVcxelgwRlVVRk5sY25acFkyVmZVMUJQVEU5R0lpd2lWaUk2SWpBdU1DNHdNREF3SWl3aVVDSTZJbGRwYmpNeUlpd2lRVTRpT2lKUGRHaGxjaUlzSWxkVUlqb3hNWDA9fDF8TDJOb1lYUnpMekU1T2pJM016ZzJORE5qWTJJME1EUm1NMk00T0dOa1pEUXlZVGs0TVRNMU9UYzBRSFJvY21WaFpDNTJNaTl0WlhOellXZGxjeTh4TnpZek5qVXlNemt5TURZd3xmNWY4ZTkxZTAxYzE0MDU3NzczNzA4ZGUyODQ5MzQ0MHwzYmYxZWM4MDVkNDY0Nzc0OWEyODA5YmYzZTI5YWJiZA%3D%3D&amp;sdata=aWMwWUlKWW5Ud1dMWVNKWm1oaTlFTnVhcDVpSUxPMVJGU0IvVzJXTnRNVT0%3D&amp;ovuser=25933cd5-fa42-4290-9edd-84c5831bcdd8%2CEllina.Mourtazina%40unil.ch\" target=\"_blank\" rel=\"noreferrer noopener\">Atelier 06.11.25 Simon Jossen Recherche et propri\u00e9t\u00e9 intellectuelle.pdf<\/a><\/li>\n\n\n\n<li><a href=\"https:\/\/unils-my.sharepoint.com\/:b:\/g\/personal\/margarita_ghoorbin_unil_ch\/IQDuIuSUj09FSKVLAglY6J_OAYBlRzMSEBavmM8k-WgkVyE?e=CKU99j&amp;xsdata=MDV8MDJ8fDg2OWRlMWRkZGQ3MTRmNTQ0Nzg5MDhkZTIyZDExYTIzfDI1OTMzY2Q1ZmE0MjQyOTA5ZWRkODRjNTgzMWJjZGQ4fDB8MHw2Mzg5ODY0Nzg2MTUyMTgwNTd8VW5rbm93bnxWR1ZoYlhOVFpXTjFjbWwwZVZObGNuWnBZMlY4ZXlKRFFTSTZJbFJsWVcxelgwRlVVRk5sY25acFkyVmZVMUJQVEU5R0lpd2lWaUk2SWpBdU1DNHdNREF3SWl3aVVDSTZJbGRwYmpNeUlpd2lRVTRpT2lKUGRHaGxjaUlzSWxkVUlqb3hNWDA9fDF8TDJOb1lYUnpMekU1T2pJM016ZzJORE5qWTJJME1EUm1NMk00T0dOa1pEUXlZVGs0TVRNMU9UYzBRSFJvY21WaFpDNTJNaTl0WlhOellXZGxjeTh4TnpZek1EVXhNRFl3TmpnMXw5ZDFmNDUyOGVjODY0ZDc4NDc4OTA4ZGUyMmQxMWEyM3wzMTQyN2JmMzNlYTU0ZjdlYTA0MjMzNWM0NjI0OTM0NQ%3D%3D&amp;sdata=dzk1UWtnbGlEcGJ6dVdaTGlzQWN6MkFSby9PVCtLUy8yNDk4R2tvaE9pVT0%3D&amp;ovuser=25933cd5-fa42-4290-9edd-84c5831bcdd8%2CEllina.Mourtazina%40unil.ch\" target=\"_blank\" rel=\"noreferrer noopener\">Atelier 13.11.25 Glen Lomax et Hugo Hueber Outils et infrastructures de recherche pour la protection des donn\u00e9es.pdf<\/a><\/li>\n\n\n\n<li><a href=\"https:\/\/unils-my.sharepoint.com\/:b:\/g\/personal\/margarita_ghoorbin_unil_ch\/IQB8OX2TcVGGSpGZ_Z37UoHhAadVuy_FDDwudS_v54cSa_A?e=tUEscm&amp;xsdata=MDV8MDJ8fDJiMDk3ODRiY2QzMTRiYTcwNTBjMDhkZTMxOGUwNTg2fDI1OTMzY2Q1ZmE0MjQyOTA5ZWRkODRjNTgzMWJjZGQ4fDB8MHw2MzkwMDI2ODMxODA5NzUzNzJ8VW5rbm93bnxWR1ZoYlhOVFpXTjFjbWwwZVZObGNuWnBZMlY4ZXlKRFFTSTZJbFJsWVcxelgwRlVVRk5sY25acFkyVmZVMUJQVEU5R0lpd2lWaUk2SWpBdU1DNHdNREF3SWl3aVVDSTZJbGRwYmpNeUlpd2lRVTRpT2lKUGRHaGxjaUlzSWxkVUlqb3hNWDA9fDF8TDJOb1lYUnpMekU1T2pJM016ZzJORE5qWTJJME1EUm1NMk00T0dOa1pEUXlZVGs0TVRNMU9UYzBRSFJvY21WaFpDNTJNaTl0WlhOellXZGxjeTh4TnpZME5qY3hOVEUzTURRMHwyOWQ3OGRhMGJmOTg0MWU5MDUwYzA4ZGUzMThlMDU4Nnw1NDAxY2JiN2Y4NmM0ZTcyYTk2YTcxYTUxZTUxM2EzZg%3D%3D&amp;sdata=ZTVtTkw5eHlXZnBrdG5UR1hwSHBPZHZCdlcrckgwS3dkdVNYdDhNazVMYz0%3D&amp;ovuser=25933cd5-fa42-4290-9edd-84c5831bcdd8%2CEllina.Mourtazina%40unil.ch\" target=\"_blank\" rel=\"noreferrer noopener\">Atelier 20.11.25 Florian Jaton IA et recherche sur l&rsquo;\u00eatre humain.pdf<\/a><\/li>\n\n\n\n<li><a href=\"https:\/\/unils-my.sharepoint.com\/:b:\/g\/personal\/margarita_ghoorbin_unil_ch\/IQBQxTM0nhAiSZsmJ6guHUB7ARwBN4r8MyDuBppL9P-iXMk?e=UNHjsa&amp;isSPOFile=1&amp;xsdata=MDV8MDJ8fDg4NGVjMjQ0YzljZDQyNzNjMDI5MDhkZTM2ZmFhMDNlfDI1OTMzY2Q1ZmE0MjQyOTA5ZWRkODRjNTgzMWJjZGQ4fDB8MHw2MzkwMDg2NDcxOTEzODMzMDF8VW5rbm93bnxWR1ZoYlhOVFpXTjFjbWwwZVZObGNuWnBZMlY4ZXlKRFFTSTZJbFJsWVcxelgwRlVVRk5sY25acFkyVmZVMUJQVEU5R0lpd2lWaUk2SWpBdU1DNHdNREF3SWl3aVVDSTZJbGRwYmpNeUlpd2lRVTRpT2lKUGRHaGxjaUlzSWxkVUlqb3hNWDA9fDF8TDJOb1lYUnpMekU1T2pJM016ZzJORE5qWTJJME1EUm1NMk00T0dOa1pEUXlZVGs0TVRNMU9UYzBRSFJvY21WaFpDNTJNaTl0WlhOellXZGxjeTh4TnpZMU1qWTNPVEUyTlRRenw2ZmE3YTA2YjgyZmI0YjAwYTU2MDA4ZGUzNmZhYTAzZHwxNjM3MDUzYWU1MGM0M2I0ODllM2Q5NzgxZGJiNDhmMQ%3D%3D&amp;sdata=RlhSQi95d1RtaDFCMlVBR01SUmhZdXI2NllXZngrdER3U0VVRWVwTnRXcz0%3D&amp;ovuser=25933cd5-fa42-4290-9edd-84c5831bcdd8%2CEllina.Mourtazina%40unil.ch\" target=\"_blank\" rel=\"noreferrer noopener\">Atelier 13.11.25 Carine Allaz Cybers\u00e9curit\u00e9, risques et bonnes pratiques pour prot\u00e9ger les donn\u00e9es de recherche.pdf<\/a><\/li>\n<\/ul>\n\n\n\n<figure class=\"wp-block-image size-full is-resized\"><a href=\"https:\/\/wp.unil.ch\/esspace\/files\/2025\/11\/capture-decran-2025-11-06-a-13.27.10.png\"><img loading=\"lazy\" decoding=\"async\" width=\"618\" height=\"86\" src=\"https:\/\/wp.unil.ch\/esspace\/files\/2025\/11\/capture-decran-2025-11-06-a-13.27.10.png\" alt=\"capture d\u2019e\u0301cran 2025 11 06 a\u0300 13.27.10\" class=\"wp-image-10179\" style=\"width:735px;height:auto\" srcset=\"https:\/\/wp.unil.ch\/esspace\/files\/2025\/11\/capture-decran-2025-11-06-a-13.27.10.png 618w, https:\/\/wp.unil.ch\/esspace\/files\/2025\/11\/capture-decran-2025-11-06-a-13.27.10-300x42.png 300w\" sizes=\"auto, (max-width: 618px) 100vw, 618px\" \/><\/a><\/figure>\n\n\n\n<ul class=\"wp-block-list\">\n<li><a href=\"https:\/\/unils-my.sharepoint.com\/:p:\/g\/personal\/ellina_mourtazina_unil_ch\/IQDt8rUkJ9QQS4IW1tDGioi5AVFK3elex4A6cNVS81G-kzY?e=kllgod\">Atelier 05.06.2025: <em>SNSF&nbsp;Postdoc.Mobility&nbsp;\u2013 Pourquoi, quand et comment postuler<\/em>?<\/a> &#8211; <strong>Organis\u00e9 conjointement par la FGSE et SSP<\/strong><\/li>\n\n\n\n<li><a href=\"https:\/\/wp.unil.ch\/esspace\/files\/2025\/11\/event_postdoc.mobility_nov25.pdf\">Session d&rsquo;information 17.11.2025: Postdoc.Mobility Call Feb2026<\/a> &#8211; <strong>Organis\u00e9 par le FNS<\/strong><\/li>\n<\/ul>\n\n\n\n<figure class=\"wp-block-image size-full is-resized\"><a href=\"https:\/\/wp.unil.ch\/esspace\/files\/2025\/11\/capture-decran-2025-11-06-a-13.27.39.png\"><img loading=\"lazy\" decoding=\"async\" width=\"618\" height=\"86\" src=\"https:\/\/wp.unil.ch\/esspace\/files\/2025\/11\/capture-decran-2025-11-06-a-13.27.39.png\" alt=\"capture d\u2019e\u0301cran 2025 11 06 a\u0300 13.27.39\" class=\"wp-image-10180\" style=\"width:735px;height:auto\" srcset=\"https:\/\/wp.unil.ch\/esspace\/files\/2025\/11\/capture-decran-2025-11-06-a-13.27.39.png 618w, https:\/\/wp.unil.ch\/esspace\/files\/2025\/11\/capture-decran-2025-11-06-a-13.27.39-300x42.png 300w\" sizes=\"auto, (max-width: 618px) 100vw, 618px\" \/><\/a><\/figure>\n\n\n\n<ul class=\"wp-block-list\">\n<li><a href=\"https:\/\/unils-my.sharepoint.com\/:p:\/g\/personal\/ellina_mourtazina_unil_ch\/IQBLAdXvm1V3RpZ6Wh_H716AAaiushYjw6NQbPvkEBUBJnc\">Atelier 11.09.2025: Ambizione &#8211; Preparing your application <\/a>&#8211; <strong>Organis\u00e9 conjointement par la FGSE et SSP<\/strong><\/li>\n<\/ul>\n\n\n\n<p><\/p>\n","protected":false},"excerpt":{"rendered":"<p>Candidat.es boursier.\u00e8res: Proc\u00e9dures pour l&rsquo;obtention des lettres de soutien institutionnel Les candidat.e.s pour les instruments de carri\u00e8re FNS, Horizon Europe Pilier I (ERC, MSCA) peuvent n\u00e9cessiter une lettre de soutien &hellip; <\/p>\n","protected":false},"author":163,"featured_media":0,"parent":0,"menu_order":0,"comment_status":"closed","ping_status":"closed","template":"","meta":{"_seopress_robots_primary_cat":"","_seopress_titles_title":"","_seopress_titles_desc":"","_seopress_robots_index":"","_uag_custom_page_level_css":"","_EventAllDay":false,"_EventTimezone":"","_EventStartDate":"","_EventEndDate":"","_EventStartDateUTC":"","_EventEndDateUTC":"","_EventShowMap":false,"_EventShowMapLink":false,"_EventURL":"","_EventCost":"","_EventCostDescription":"","_EventCurrencySymbol":"","_EventCurrencyCode":"","_EventCurrencyPosition":"","_EventDateTimeSeparator":"","_EventTimeRangeSeparator":"","_EventOrganizerID":[],"_EventVenueID":[],"_OrganizerEmail":"","_OrganizerPhone":"","_OrganizerWebsite":"","_VenueAddress":"","_VenueCity":"","_VenueCountry":"","_VenueProvince":"","_VenueState":"","_VenueZip":"","_VenuePhone":"","_VenueURL":"","_VenueStateProvince":"","_VenueLat":"","_VenueLng":"","_VenueShowMap":false,"_VenueShowMapLink":false,"footnotes":""},"class_list":["post-6747","page","type-page","status-publish"],"uagb_featured_image_src":{"full":false,"thumbnail":false,"medium":false,"medium_large":false,"large":false,"1536x1536":false,"2048x2048":false,"hitmag-landscape":false,"hitmag-featured":false,"hitmag-grid":false,"hitmag-list":false,"hitmag-thumbnail":false,"gform-image-choice-sm":false,"gform-image-choice-md":false,"gform-image-choice-lg":false,"mailpoet_newsletter_max":false},"uagb_author_info":{"display_name":"sschlat1","author_link":"https:\/\/wp.unil.ch\/esspace\/author\/sschlat1\/"},"uagb_comment_info":0,"uagb_excerpt":"Candidat.es boursier.\u00e8res: Proc\u00e9dures pour l&rsquo;obtention des lettres de soutien institutionnel Les candidat.e.s pour les instruments de carri\u00e8re FNS, Horizon Europe Pilier I (ERC, MSCA) peuvent n\u00e9cessiter une lettre de soutien &hellip;","_links":{"self":[{"href":"https:\/\/wp.unil.ch\/esspace\/wp-json\/wp\/v2\/pages\/6747","targetHints":{"allow":["GET"]}}],"collection":[{"href":"https:\/\/wp.unil.ch\/esspace\/wp-json\/wp\/v2\/pages"}],"about":[{"href":"https:\/\/wp.unil.ch\/esspace\/wp-json\/wp\/v2\/types\/page"}],"author":[{"embeddable":true,"href":"https:\/\/wp.unil.ch\/esspace\/wp-json\/wp\/v2\/users\/163"}],"replies":[{"embeddable":true,"href":"https:\/\/wp.unil.ch\/esspace\/wp-json\/wp\/v2\/comments?post=6747"}],"version-history":[{"count":5,"href":"https:\/\/wp.unil.ch\/esspace\/wp-json\/wp\/v2\/pages\/6747\/revisions"}],"predecessor-version":[{"id":10574,"href":"https:\/\/wp.unil.ch\/esspace\/wp-json\/wp\/v2\/pages\/6747\/revisions\/10574"}],"wp:attachment":[{"href":"https:\/\/wp.unil.ch\/esspace\/wp-json\/wp\/v2\/media?parent=6747"}],"curies":[{"name":"wp","href":"https:\/\/api.w.org\/{rel}","templated":true}]}}