{"id":304,"date":"2020-02-10T19:52:34","date_gmt":"2020-02-10T18:52:34","guid":{"rendered":"http:\/\/wp.unil.ch\/emst\/?page_id=304"},"modified":"2020-02-10T19:58:17","modified_gmt":"2020-02-10T18:58:17","slug":"doctoral-workshop-big-data-and-bad-data-2-3-september-2016","status":"publish","type":"page","link":"https:\/\/wp.unil.ch\/emst\/doctoral-workshop-big-data-and-bad-data-2-3-september-2016\/","title":{"rendered":"Doctoral workshop: Big data and bad data (2-3 September 2016)"},"content":{"rendered":"\n<p>Organisers:&nbsp;<a rel=\"noreferrer noopener\" href=\"https:\/\/applicationspub.unil.ch\/interpub\/noauth\/php\/Un\/UnPers.php?PerNum=1164234&amp;LanCode=37\" target=\"_blank\">Tino Oudesluijs (Lausanne)<\/a>,&nbsp;<a href=\"https:\/\/www.uu.nl\/medewerkers\/MSGordon\/0\" target=\"_blank\" rel=\"noreferrer noopener\" aria-label=\"Moragh Gordon (Utre (opens in a new tab)\">Moragh Gordon (Utre<\/a><a rel=\"noreferrer noopener\" href=\"https:\/\/www.uu.nl\/medewerkers\/MSGordon\/0\" target=\"_blank\">cht)<\/a>,&nbsp;<a rel=\"noreferrer noopener\" href=\"https:\/\/anitaauer.emergingstandards.eu\/\" target=\"_blank\">Anita <\/a><a href=\"https:\/\/anita-auer.com\" target=\"_blank\" rel=\"noreferrer noopener\" aria-label=\"Auer (opens in a new tab)\">Auer<\/a><a rel=\"noreferrer noopener\" href=\"https:\/\/anitaauer.emergingstandards.eu\/\" target=\"_blank\"> (Lausanne)<\/a><\/p>\n\n\n\n<p>The workshop will focus on the empirical basis of linguistic research, particularly on quantitative and qualitative research methods based on empirical data, including the challenges, advantages, shortcomings, complementary value, etc. of a variety of methods for the (theoretical) interpretation of the data. Selected questions that will be addressed during this workshop are as follows:<\/p>\n\n\n\n<p>1. How have recent developments in digital humanities (e.g. large scale digitization of hitherto unknown manuscript material (diachronic) or social media data (synchronic)) affected the way in which we approach data from a linguistic perspective? More specifically, do these developments introduce bad data challenges and\/or resolve existing bad data problems?<\/p>\n\n\n\n<p>2. How and in what way could the \u2018Big Data\u2019 approach have an effect on our interpretations of language variation and change, and also the role of language standards?<\/p>\n\n\n\n<p>3. What impact will the latter approach have on existing theoretical frameworks? For instance, will it lead to revisions of frameworks such as the social network theory and community of practice, which are used to interpret historical and contemporary data?<\/p>\n\n\n\n<p>This workshop is primarily aimed at postgraduate students working in the field of language variation and change (past and present) of any language, but it may be of interest to doctoral students in other fields of linguistics as well.<\/p>\n\n\n\n<p>The plenary speakers are&nbsp;<a href=\"https:\/\/www.shef.ac.uk\/english\/people\/sfizmaurice\" target=\"_blank\" rel=\"noreferrer noopener\">Prof. Susan Fitzmaurice<\/a>&nbsp;(University of Sheffield),&nbsp;<a href=\"https:\/\/www.lili.uni-osnabrueck.de\/institut_fuer_anglistikamerikanistik\/lehre\/lehrende\/mitarbeiterdetails.html?no_cache=1&amp;module=TemplatePersondetails&amp;target=17991&amp;source=16847&amp;config_id=7e4670f587b4e7eaa857b3120ea5c979&amp;range_id=7c7518ecc17d20a38f8cc5f999720dd5&amp;username=abergs&amp;group_id=c7f4142829f69ab93d8ab8774806d6a9\" target=\"_blank\" rel=\"noreferrer noopener\">Prof. Alexander Bergs<\/a>&nbsp;(University of Osnabr\u00fcck) and&nbsp;<a href=\"https:\/\/www.es.uzh.ch\/en\/aboutus\/team\/dschreier.html\" target=\"_blank\" rel=\"noreferrer noopener\">Prof. Daniel Schreier<\/a>&nbsp;(University of Z\u00fcrich).<\/p>\n\n\n\n<p><strong><a href=\"https:\/\/www.emergingstandards.eu\/wp-content\/uploads\/2013\/05\/Big-Data-Bad-Data-workshop-preliminary-schedule1.pdf\">WORKSHOP PROGRAMME<\/a><\/strong><\/p>\n\n\n\n<p>The workshop will be held in room 414 (top floor) in&nbsp;the Amphimax building at the University of Lausanne (Switzerland).<\/p>\n\n\n\n<p><strong>Registration and submission of abstracts is possible until 15 June 2016!<\/strong><\/p>\n\n\n\n<p>You can register via CUSO (a Swiss doctoral programme in English language and literature) at&nbsp;<a href=\"https:\/\/web.archive.org\/web\/20161109041204\/https:\/\/english.cuso.ch\/index.php?id=897&amp;no_cache=1&amp;tx_displaycontroller%5bshowUid%5d=2834\">https:\/\/english.cuso.ch\/index.php?id=897&amp;no_cache=1&amp;tx_displaycontroller[showUid]=2834<\/a>&nbsp;(you do not need to be a member of CUSO to register here), or you can send an e-mail to&nbsp;<a href=\"mailto:tino.oudesluijs@unil.ch\">tino.oudesluijs@unil.ch<\/a><\/p>\n\n\n\n<p>Postgraduate students are invited to give a 20-minute talk on an aspect of their research, which can range from a fully-fledged paper to a work-in-progress.<\/p>\n\n\n\n<p><strong>Practical matters<\/strong><\/p>\n\n\n\n<p><strong>How to get to Lausanne<\/strong><\/p>\n\n\n\n<p>Lausanne can easily be reached by car (<a href=\"https:\/\/www.viamichelin.com\/\" target=\"_blank\" rel=\"noreferrer noopener\">www.viamichelin.com<\/a>), by rail (<a href=\"https:\/\/www.sbb.ch\/\" target=\"_blank\" rel=\"noreferrer noopener\">www.sbb.ch<\/a>) and by plane (<a href=\"https:\/\/www.gva.ch\/en\/desktopdefault.aspx\" target=\"_blank\" rel=\"noreferrer noopener\">Geneva airport<\/a>&nbsp;is closest).<\/p>\n\n\n\n<p>The best way to travel from Geneva Airport to Lausanne is by&nbsp;<a href=\"https:\/\/www.sbb.ch\/\" target=\"_blank\" rel=\"noreferrer noopener\">train<\/a>. Tickets can be purchased from the ticket office or vending machines at Geneva station. There is a direct train from Geneva airport to Lausanne Gare, which runs c. 4 times an hour. The train journey lasts about 60 minutes and costs around CHF 27.- (one-way journey, second class).<\/p>\n\n\n\n<div class=\"wp-block-image\"><figure class=\"aligncenter\"><a href=\"https:\/\/web.archive.org\/web\/20161109041204\/https:\/\/www.emergingstandards.eu\/wp-content\/uploads\/2013\/05\/suisse.jpg\"><img decoding=\"async\" src=\"https:\/\/web.archive.org\/web\/20161109041204im_\/https:\/\/www.emergingstandards.eu\/wp-content\/uploads\/2013\/05\/suisse.jpg\" alt=\"suisse\" class=\"wp-image-566\" \/><\/a><\/figure><\/div>\n\n\n\n<p><strong>How to get around Lausanne<\/strong><\/p>\n\n\n\n<p>Both buses and metro lines operate within the city of Lausanne. To use them, you will need to purchase a ticket at a vending machine. If you are staying at a hotel, you will receive a free&nbsp;<a href=\"https:\/\/www.lausanne-tourisme.ch\/en\/infos\/transport\/lausanne-transport-card.html\" target=\"_blank\" rel=\"noreferrer noopener\">Lausanne transport card<\/a>&nbsp;that allows for free travel in the city of Lausanne (zones 11, 12, 15, 16, 18, 19 \u2013 2nd class).<\/p>\n\n\n\n<p><strong>Hotel Accommodation<\/strong><\/p>\n\n\n\n<p>You can find the best deals via online booking sites like&nbsp;<a href=\"https:\/\/www.booking.com\/\" target=\"_blank\" rel=\"noreferrer noopener\">booking.com<\/a>,&nbsp;<a href=\"https:\/\/www.ebookers.com\/\" target=\"_blank\" rel=\"noreferrer noopener\">ebookers.com<\/a>&nbsp;and&nbsp;<a href=\"https:\/\/www.hotels.com\/\" target=\"_blank\" rel=\"noreferrer noopener\">hotels.com<\/a>. Moreover, we can recommend the following hotels: Lausanne Guesthouse (YTA), H\u00f4tel du March\u00e9 (*), H\u00f4tel Ibis (**), H\u00f4tel Regina (***), H\u00f4tel Aulac (***), H\u00f4tel City (***), H\u00f4tel Bellerive (***), and H\u00f4tel Alpha-Palmiers (****).<\/p>\n","protected":false},"excerpt":{"rendered":"<p>Organisers:&nbsp;Tino Oudesluijs (Lausanne),&nbsp;Moragh Gordon (Utrecht),&nbsp;Anita Auer (Lausanne) The workshop will focus on the empirical basis of linguistic research, particularly on quantitative and qualitative research methods based on empirical data, including &hellip; <\/p>\n","protected":false},"author":1001230,"featured_media":0,"parent":0,"menu_order":0,"comment_status":"closed","ping_status":"closed","template":"","meta":{"_seopress_robots_primary_cat":"","_seopress_titles_title":"","_seopress_titles_desc":"","_seopress_robots_index":"","footnotes":""},"class_list":["post-304","page","type-page","status-publish"],"_links":{"self":[{"href":"https:\/\/wp.unil.ch\/emst\/wp-json\/wp\/v2\/pages\/304","targetHints":{"allow":["GET"]}}],"collection":[{"href":"https:\/\/wp.unil.ch\/emst\/wp-json\/wp\/v2\/pages"}],"about":[{"href":"https:\/\/wp.unil.ch\/emst\/wp-json\/wp\/v2\/types\/page"}],"author":[{"embeddable":true,"href":"https:\/\/wp.unil.ch\/emst\/wp-json\/wp\/v2\/users\/1001230"}],"replies":[{"embeddable":true,"href":"https:\/\/wp.unil.ch\/emst\/wp-json\/wp\/v2\/comments?post=304"}],"version-history":[{"count":0,"href":"https:\/\/wp.unil.ch\/emst\/wp-json\/wp\/v2\/pages\/304\/revisions"}],"wp:attachment":[{"href":"https:\/\/wp.unil.ch\/emst\/wp-json\/wp\/v2\/media?parent=304"}],"curies":[{"name":"wp","href":"https:\/\/api.w.org\/{rel}","templated":true}]}}