{"id":5744,"date":"2026-05-05T12:04:09","date_gmt":"2026-05-05T10:04:09","guid":{"rendered":"https:\/\/wp.unil.ch\/egodocuments\/?page_id=5744"},"modified":"2026-05-05T12:16:09","modified_gmt":"2026-05-05T10:16:09","slug":"journee-detude","status":"publish","type":"page","link":"https:\/\/wp.unil.ch\/egodocuments\/journee-detude\/","title":{"rendered":"Journ\u00e9e d&rsquo;\u00e9tude Egodocuments.ch 2026"},"content":{"rendered":"\n<h4 class=\"wp-block-heading has-text-align-left has-text-color has-link-color wp-elements-daa32d8dcd5865a59c192a0863801390\" style=\"color:#b01818\"><strong>Ecrits personnels &amp; histoire du patrimoine b\u00e2ti (17e-18e s.)<\/strong><\/h4>\n\n\n\n<p>Qu\u2019il s\u2019agisse de constructions, r\u00e9parations, am\u00e9nagements int\u00e9rieurs ou ext\u00e9rieurs, ou encore utilisations des lieux, dans le cadre de ch\u00e2teaux, r\u00e9sidences de campagnes, maisons bourgeoises ou plus modestes, cette journ\u00e9e d\u2019\u00e9tude\u00a0croisant histoire et histoire de l&rsquo;art\u00a0privil\u00e9giera le rep\u00e9rage de sources peu connues,\u00a0\u00a0les pistes d\u2019interpr\u00e9tation qu\u2019elles offrent et les enjeux m\u00e9thodologiques qu\u2019elles soul\u00e8vent, sous une forme d\u2019atelier\u00a0en lien avec la plateforme\u00a0<em>Egodocuments.ch<\/em>,\u00a0alternant \u00a0pr\u00e9sentations et discussions entre chercheurs et chercheuses.<\/p>\n\n\n\n<figure class=\"wp-block-image size-large\"><a href=\"https:\/\/wp.unil.ch\/egodocuments\/files\/2026\/05\/capture-decran-2026-05-05-a-12.03.04.png\"><img alt=\"\" loading=\"lazy\" decoding=\"async\" width=\"722\" height=\"1024\" src=\"https:\/\/wp.unil.ch\/egodocuments\/files\/2026\/05\/capture-decran-2026-05-05-a-12.03.04-722x1024.png\" alt=\"\" class=\"wp-image-5745\" srcset=\"https:\/\/wp.unil.ch\/egodocuments\/files\/2026\/05\/capture-decran-2026-05-05-a-12.03.04-722x1024.png 722w, https:\/\/wp.unil.ch\/egodocuments\/files\/2026\/05\/capture-decran-2026-05-05-a-12.03.04-212x300.png 212w, https:\/\/wp.unil.ch\/egodocuments\/files\/2026\/05\/capture-decran-2026-05-05-a-12.03.04-768x1089.png 768w, https:\/\/wp.unil.ch\/egodocuments\/files\/2026\/05\/capture-decran-2026-05-05-a-12.03.04-1083x1536.png 1083w, https:\/\/wp.unil.ch\/egodocuments\/files\/2026\/05\/capture-decran-2026-05-05-a-12.03.04.png 1222w\" sizes=\"auto, (max-width: 722px) 100vw, 722px\" \/><\/a><\/figure>\n\n\n\n<figure class=\"wp-block-gallery has-nested-images columns-default is-cropped wp-block-gallery-1 is-layout-flex wp-block-gallery-is-layout-flex\"><\/figure>\n","protected":false},"excerpt":{"rendered":"<p>Ecrits personnels &amp; histoire du patrimoine b\u00e2ti (17e-18e s.) Qu\u2019il s\u2019agisse de constructions, r\u00e9parations, am\u00e9nagements int\u00e9rieurs ou ext\u00e9rieurs, ou encore utilisations des lieux, dans le cadre de ch\u00e2teaux, r\u00e9sidences de &hellip; <\/p>\n","protected":false},"author":1511,"featured_media":0,"parent":0,"menu_order":0,"comment_status":"closed","ping_status":"closed","template":"","meta":{"_seopress_robots_primary_cat":"","_seopress_titles_title":"","_seopress_titles_desc":"","_seopress_robots_index":"","_seopress_analysis_target_kw":"","footnotes":""},"class_list":["post-5744","page","type-page","status-publish"],"_links":{"self":[{"href":"https:\/\/wp.unil.ch\/egodocuments\/wp-json\/wp\/v2\/pages\/5744","targetHints":{"allow":["GET"]}}],"collection":[{"href":"https:\/\/wp.unil.ch\/egodocuments\/wp-json\/wp\/v2\/pages"}],"about":[{"href":"https:\/\/wp.unil.ch\/egodocuments\/wp-json\/wp\/v2\/types\/page"}],"author":[{"embeddable":true,"href":"https:\/\/wp.unil.ch\/egodocuments\/wp-json\/wp\/v2\/users\/1511"}],"replies":[{"embeddable":true,"href":"https:\/\/wp.unil.ch\/egodocuments\/wp-json\/wp\/v2\/comments?post=5744"}],"version-history":[{"count":5,"href":"https:\/\/wp.unil.ch\/egodocuments\/wp-json\/wp\/v2\/pages\/5744\/revisions"}],"predecessor-version":[{"id":5759,"href":"https:\/\/wp.unil.ch\/egodocuments\/wp-json\/wp\/v2\/pages\/5744\/revisions\/5759"}],"wp:attachment":[{"href":"https:\/\/wp.unil.ch\/egodocuments\/wp-json\/wp\/v2\/media?parent=5744"}],"curies":[{"name":"wp","href":"https:\/\/api.w.org\/{rel}","templated":true}]}}