{"id":1401,"date":"2016-06-07T10:45:48","date_gmt":"2016-06-07T08:45:48","guid":{"rendered":"http:\/\/wp.unil.ch\/egodocuments\/?page_id=1401"},"modified":"2021-04-20T16:50:49","modified_gmt":"2021-04-20T14:50:49","slug":"2015-2","status":"publish","type":"page","link":"https:\/\/wp.unil.ch\/egodocuments\/nouvelles-parutions\/2015-2\/","title":{"rendered":"2015"},"content":{"rendered":"<p style=\"text-align: justify\"><span style=\"color: #993300\"><em>Itinera Italica : R\u00f6mische Tageb\u00fccher aus dem Kloster Sankt Gallen : Diari romani dal monastero di San Gallo. Band 1: Anreise nach Rom = Viaggio verso Roma<\/em> \/ ed. Peter Erhart &amp; Luigi Collarile, Wien\/Bozen, Folio, 2015, 247 s.\u00a0<\/span><\/p>\n<p style=\"text-align: justify\"><a href=\"https:\/\/asverlag.lesestoff.ch\/detail\/ISBN-9783852566771\/Erhart-Peter\/Itinera-Italica\"><img alt=\"\" loading=\"lazy\" decoding=\"async\" class=\"alignleft size-medium wp-image-2983\" src=\"https:\/\/wp.unil.ch\/egodocuments\/files\/2019\/12\/9783852566771-de-215x300.jpg\" alt=\"\" width=\"215\" height=\"300\" srcset=\"https:\/\/wp.unil.ch\/egodocuments\/files\/2019\/12\/9783852566771-de-215x300.jpg 215w, https:\/\/wp.unil.ch\/egodocuments\/files\/2019\/12\/9783852566771-de.jpg 359w\" sizes=\"auto, (max-width: 215px) 100vw, 215px\" \/><\/a>Benediktinische M\u00f6nche zu Pferd, mit dem Boot und mit der Kutsche auf Grand Tour nach Rom (1696-1749). Italien war um 1700 das Sehnsuchtsland f\u00fcr adelige Reisende, aber auch f\u00fcr M\u00f6nche. Das Klosterarchiv St. Gallen h\u00fctet vier auf Latein verfasste Tageb\u00fccher reisender Benediktiner, die nun als Bl\u00fctenlese mit \u00dcbersetzungen ins Deutsche und Italienische sowie mit Kurzkommentaren erschlossen werden. Die zweib\u00e4ndige Edition vermittelt anschaulich, wie Menschen in der ersten H\u00e4lfte des 18. Jh. \u00fcber die Alpenp\u00e4sse und durch die sch\u00f6nsten St\u00e4dte Italiens nach Rom und wieder zur\u00fcck gereist sind: die damaligen Transportmittel, die Reisedauer, das Essen, die Kosten &#8230;<\/p>\n<p style=\"text-align: justify\"><strong><span style=\"color: #993300\"><em>Vita Bartholomaei Anhornii. Die Autobiographie des Pfarrers Bartholom\u00e4us Anhorn (1566\u20131640) aus der Zeit der B\u00fcndner Wirren,<\/em> Edition von Lorenz Heiligensetzer und Ursus Brunold unter Mitarbeit von Elisabeth Reber und Ursula Brunold-Bigler, 2015, Chur, Dessertina, 572 s. (Quellen und Forschungen zur B\u00fcndner Geschichte, Band 32).\u00a0<\/span><\/strong><\/p>\n<p style=\"text-align: justify\"><span style=\"color: #993300\">Pr\u00e9sentation de l&rsquo;\u00e9diteur :\u00a0<a href=\"https:\/\/www.gr.ch\/DE\/Medien\/Mitteilungen\/MMStaka\/Dokumente2015\/Medienmitteilung%20QBG%2032_Anhang.pdf\"><img alt=\"\" loading=\"lazy\" decoding=\"async\" class=\"alignright size-full wp-image-2023\" src=\"https:\/\/wp.unil.ch\/egodocuments\/files\/2019\/02\/url.jpg\" alt=\"\" width=\"214\" height=\"235\" \/><\/a><\/span><\/p>\n<p style=\"text-align: justify\">Der Pfarrer Bartholom\u00e4us Anhorn (1566\u20131640) ist im Rahmen der B\u00fcndner Geschichte als Chronist wohl bekannt. Seine historiographischen Schriften dienen seit langem als viel zitierte Quellen. Bisher kaum Beachtung fand dagegen die als Autograph \u00fcberlieferte Lebensbeschreibung. Diese bietet Einblick in ein Pfarrerleben, das durch die Umw\u00e4lzungen im Zuge der B\u00fcndner Wirren entscheidend gepr\u00e4gt wurde. Aus Fl\u00e4sch in der B\u00fcndner Herrschaft stammend, war Anhorn 1586 zun\u00e4chst Pfarrer in seinem Heimatort, um ab 1596 im benachbarten St\u00e4dtchen Maienfeld den Kirchendienst zu versehen. Die \u00f6sterreichische Besetzung Graub\u00fcndens liess ihn 1621 die Flucht ergreifen. Obwohl er 1622 w\u00e4hrend des Pr\u00e4ttigauer Aufstands nochmals nach Maienfeld zur\u00fcckkehrte, \u00fcbernahm er im Jahr darauf in Appenzell Ausserrhoden eine Pfarrstelle und blieb dort bis zum Lebensende im Exil. Thematische Schwerpunkte der bis 1640 reichenden Autobiographie von Bartholom\u00e4us Anhorn bilden seine Jugend, Ereignisse innerhalb der Familie, eigene Krankheiten und Gef\u00e4hrdungen, die T\u00e4tigkeit als Pfarrer, die Flucht 1621, das daran anschliessende Exil sowie zahlreiche zeitgeschichtliche Nachrichten. Bei Letzterem ergeben sich immer wieder Querbez\u00fcge zu seinen anderen Werken. Von besonderem Interesse ist, dass Anhorn die dramatischen Ereignisse vom Veltliner Aufstand bis zum Pr\u00e4ttigauer Aufruhr (1620\u201322) detailliert behandelt und die w\u00e4hrend dieser Zeit gehaltenen Predigten in seine Autobiographie mit einbezieht. Ausserdem finden sich in der Autobiographie einige handschriftliche Zeichnungen von Bartholom\u00e4us Anhorn \u2013 wie die drei Sonnen \u2013, welche ebenfalls abgedruckt werden.\u00a0Die vorliegende Edition erschliesst dieses wichtige und seltene Selbstzeugnis aus der Zeit der B\u00fcndner Wirren mit ausf\u00fchrlichen Erl\u00e4uterungen. Die so aufbereitete Autobiographie eines der wichtigsten Chronisten der Ostschweiz steht so der wissenschaftlichen Forschung wie auch einer breiteren Leserschaft zur Verf\u00fcgung.<\/p>\n<p style=\"text-align: justify\"><strong><span style=\"color: #993300\">Jean de Montenach, Anna Eynard-Lullin, <em>Journaux du Congr\u00e8s. Vienne 1814-1815. \u00ab\u00a0J&rsquo;ai choisi la f\u00eate\u00a0\u00bb<\/em>,\u00a0Beno\u00eet Challand, Alexandre Dafflon, Jim Walker (\u00e9ds.), avec la collaboration de Bernard Lescaze, Fribourg : Archives de la Soci\u00e9t\u00e9 d&rsquo;histoire du canton de Fribourg, 2015, 364 p.\u00a0<\/span><\/strong><\/p>\n<p style=\"text-align: justify\"><a href=\"https:\/\/www.shcf.ch\/store\/index.php?option=com_jshopping&amp;controller=product&amp;task=view&amp;category_id=4&amp;product_id=143&amp;Itemid=4\"><img loading=\"lazy\" decoding=\"async\" class=\"alignleft size-full wp-image-1440\" src=\"https:\/\/wp.unil.ch\/egodocuments\/files\/2016\/10\/18f64531f81de2178d5b22de67c94aff.jpg\" alt=\"18f64531f81de2178d5b22de67c94aff\" width=\"200\" height=\"284\" \/><\/a>Pr\u00e9sentation de l&rsquo;\u00e9diteur :<\/p>\n<p style=\"text-align: justify\">Dans les palais viennois o\u00f9 les vainqueurs de Napol\u00e9on redessinent la carte de l&rsquo;Europe, les envoy\u00e9s des petits Etats font les couloirs en notant leurs souvenirs pour la post\u00e9rit\u00e9. Voici les journaux tenus par Jean de Montenach et Anna Eynard-Lullin.<\/p>\n<p style=\"text-align: justify\">Le Fribourgeois, qui frise la cinquantaine, est rompu aux subtilit\u00e9s de la diplomatie (on l&rsquo;appelle \u00ab\u00a0le Turc\u00a0\u00bb en souvenir d&rsquo;une mission \u00e0 Constantinople) comme aux virages de la politique. Insubmersible, ce patricien \u00e9clair\u00e9 a travers\u00e9 tous les bouleversements politiques du pays, collectionnant les charges sous l&rsquo;Ancien R\u00e9gime, l&rsquo;Helv\u00e9tique et la M\u00e9diation. Sous la Restauration, il va finir avoyer de Fribourg. A Vienne, il est un des trois d\u00e9l\u00e9gu\u00e9s de la Di\u00e8te conf\u00e9d\u00e9r\u00e9e.<\/p>\n<p style=\"text-align: justify\">La Genevoise a juste vingt ans, elle est belle, riche, \u00e9blouie par la valse qui l&#8217;emporte: \u00ab\u00a0J&rsquo;ai choisi la f\u00eate&#8230;\u00a0\u00bb En famille \u00e0 Vienne, o\u00f9 son mari Jean-Gabriel seconde son oncle Charles Pictet de Rochemont, Anna prend le th\u00e9 chez les princesses, \u00e9value d&rsquo;un oeil s\u00fbr leurs parures de diamants et s&rsquo;\u00e9tonne un peu &#8211; quoique ravie d&rsquo;en profiter &#8211; de l&rsquo;abord simple des souverains qu&rsquo;elle croise, \u00e0 commencer par le tsar. C&rsquo;est\u00a0<em>Point de vue-Images du Monde<\/em>\u00a0au Congr\u00e8s.<\/p>\n<p style=\"text-align: justify\">G\u00e9opolitiques et mondanit\u00e9s: les journaux Montenach et Eynard-Lullin offrent un aper\u00e7u st\u00e9r\u00e9oscopique sur la refondation de l&rsquo;Europe, en 1814-1815, par un Congr\u00e8s qui s&rsquo;amusa beaucoup.<\/p>\n<p style=\"text-align: justify\"><strong><span style=\"color: #993300\">D\u00e9mocratisation et diversification. Les litt\u00e9ratures d&rsquo;\u00e9ducation au si\u00e8cle des Lumi\u00e8res, sous la direction de Rotraud von Kulessa,\u00a0Paris : Classiques Garnier, coll. \u00ab\u00a0Rencontres \u00ab\u00a0, 2015, 307 p.<\/span><\/strong><\/p>\n<p style=\"text-align: justify\"><a href=\"https:\/\/www.classiques-garnier.com\/editions\/index.php?option=com_virtuemart&amp;page=shop.product_details&amp;flypage=flypage_garnier.tpl&amp;product_id=2193\"><img loading=\"lazy\" decoding=\"async\" class=\"alignright size-full wp-image-1288\" src=\"https:\/\/wp.unil.ch\/egodocuments\/files\/2016\/03\/RvkMS02b.png\" alt=\"RvkMS02b\" width=\"200\" height=\"299\" \/><\/a><\/p>\n<p style=\"text-align: justify\">Pr\u00e9sentation de l&rsquo;\u00e9diteur :<\/p>\n<p style=\"text-align: justify\">Ce volume est en partie issu du colloque \u00ab\u00a0Litt\u00e9ratures d&rsquo;\u00e9ducation au XVIIIe si\u00e8cle\u00a0\u00bb, organis\u00e9 en mars 2012 \u00e0 l&rsquo;universit\u00e9 d&rsquo;Augsburg en Allemagne. La litt\u00e9rature d&rsquo;\u00e9ducation, en plain essor au XVIIIe si\u00e8cle, t\u00e9moigne alors de la diversification du savoir, qu&rsquo;il s&rsquo;agisse de savoirs particuliers ou de r\u00e9flexions sur des concepts p\u00e9dagogiques. De m\u00eame, nous assistons \u00e0 la d\u00e9mocratisation de l&rsquo;\u00e9ducation qui s&rsquo;\u00e9tendra, dans la deuxi\u00e8me moiti\u00e9 du si\u00e8cle, vers toutes les couches sociales comme le montrent <em>Le Magasin des pauvres<\/em> de Marie Leprince de Beaumont (1767) ou les ouvrages d&rsquo;Arnaud Berquin, notamment <em>Biblioth\u00e8ques des villages<\/em> (1790).<\/p>\n<p style=\"text-align: justify\">Sylvie Moret Petrini, \u00ab Litt\u00e9rature d&rsquo;\u00e9ducation et pratiques p\u00e9dagogiques familiales \u00e0 l&rsquo;aune des \u00e9crits du for priv\u00e9 (Suisse romande), 1750-1820)\u00a0\u00bb, p. 99-111.\u00a0Cette contribution questionne l&rsquo;influence de la litt\u00e9rature d&rsquo;\u00e9ducation sur les pratiques \u00e9ducatives familiales. Les injonctions des p\u00e9dagogues en faveur de l&rsquo;observation promeuvent l&rsquo;usage de journaux d&rsquo;\u00e9ducation \u00e0 l&rsquo;instar de celui r\u00e9dig\u00e9 par Ren\u00e9-Guillaume-Jean Prevost-Dassier entre 1789 et 1807. Ce journal permet d&rsquo;analyser la r\u00e9ception des \u00e9crits de J. Locke et J.J. Rousseau et la fa\u00e7on dont ils conditionnent l&rsquo;\u00e9ducation que ce notaire genevois dispense \u00e0 ses deux enfants.<\/p>\n<p style=\"text-align: justify\"><strong><span style=\"color: #993300\">Marc H\u00f6chner, Selbstzeugnisse von Schweizer S\u00f6ldneroffizieren im 18. Jahrhundert, G\u00f6ttingen\u00a0: V &amp; R Unipress, 2015, 284 p. (Herrschaft und soziale Systeme in der Fr\u00fchen Neuzeit &#8211; Bd 018)<\/span><\/strong><\/p>\n<p style=\"text-align: justify\"><a href=\"https:\/\/www.v-r.de\/de\/selbstzeugnisse_von_schweizer_soeldneroffizieren_im_18_jahrhundert\/t-0\/1035570\/\"><img loading=\"lazy\" decoding=\"async\" class=\"alignleft size-medium wp-image-1363\" src=\"https:\/\/wp.unil.ch\/egodocuments\/files\/2016\/05\/9783847103219-201x300.jpg\" alt=\"9783847103219\" width=\"201\" height=\"300\" srcset=\"https:\/\/wp.unil.ch\/egodocuments\/files\/2016\/05\/9783847103219-201x300.jpg 201w, https:\/\/wp.unil.ch\/egodocuments\/files\/2016\/05\/9783847103219.jpg 228w\" sizes=\"auto, (max-width: 201px) 100vw, 201px\" \/><\/a>Pr\u00e9sentation de l&rsquo;\u00e9diteur :<\/p>\n<p style=\"text-align: justify\">In seinem Buch stellt Marc H\u00f6chner die Geschichte des Schweizer S\u00f6ldnerwesens im 18. Jahrhundert aus dem Blickwinkel der Offiziere dar. Zu dieser Zeit war der Dienst im Ausland eine wichtige Station f\u00fcr viele M\u00e4nner aus der Schweizer Oberschicht. Von ihnen sind heute noch Briefe, Tageb\u00fccher und andere Schriften erhalten, in denen sie \u00fcber ihren au\u00dfergew\u00f6hnlichen Beruf, \u00fcber den Schrecken des Krieges, aber auch \u00fcber Allt\u00e4gliches und Banales schreiben. Dieses Buch deckt auf, wer die M\u00e4nner waren, die f\u00fcr fremdes Geld k\u00e4mpften, wovor sie Angst hatten und was sie auf dem Schlachtfeld oder im Ausland zusammenhielt.<\/p>\n<p style=\"text-align: justify\">Military service for foreign sovereigns is an integral part of the history of the Swiss Confederation in the early modern period. The services were an important source of income, not only for the Cantons, but also for the soldiers involved. Mercenary service was a key element for the self-understanding of the patrician upper class, which supplied the officers. My thesis explains how the officers viewed their activity, especially during wartime, using diaries, autobiographies and letters as my source material. The swiss officers, serving mainly in France, adopted an officer mentality influenced by the values of nobility. The concept of honour was one the main elements of this mentality. The officer mentality influenced the way the Swiss thought and wrote about their war experiences. On the other hand the Swiss mercenary officers possessed their own kind of ethics which was distinguished, among other things, by a republican patriotism. Mercenary service continued to be popular among the upper class despite growing criticism in Switzerland from the second half of the 18th century onward.<\/p>\n<p style=\"text-align: justify\"><span style=\"color: #993300\">Oscar Jan\u00e9 et Patrice Poujade, Mem\u00f2ria Personal. Construcci\u00f2 i projecci\u00f2 en primera personal \u00e0 l&rsquo;\u00e9poca moderna, Casa de Vel\u00e1zquez, n\u00b0 146, 2015, 184 p.<\/span><\/p>\n<p style=\"text-align: justify\"><a href=\"https:\/\/www.casadevelazquez.org\/publications\/librairie-en-ligne\/livre\/memoria-personal\/\"><img loading=\"lazy\" decoding=\"async\" class=\"alignleft size-full wp-image-1264\" src=\"https:\/\/wp.unil.ch\/egodocuments\/files\/2015\/06\/csm_9788490960004_04_m_bc9eee2b94.jpg\" alt=\"csm_9788490960004_04_m_bc9eee2b94\" width=\"162\" height=\"227\" \/><\/a><\/p>\n<div style=\"text-align: justify\">\n<p>Pr\u00e9sentation de l&rsquo;\u00e9diteur :<\/p>\n<p>Ce livre, r\u00e9sultat d&rsquo;une collaboration entre universit\u00e9s des deux versants des Pyr\u00e9n\u00e9es, voudrait \u00eatre un lieu de dialogue entre chercheurs venus d&rsquo;horizons g\u00e9ographiques et disciplinaires diff\u00e9rents qu&rsquo;ils soient historiens, philologues ou encore historiens du droit. C&rsquo;est l\u00e0 une caract\u00e9ristique principale de ce travail dont les perspectives sont importantes. De prestigieux sp\u00e9cialistes y participent, apportant, chacun, sa mani\u00e8re d&rsquo;aborder ces textes. Au-del\u00e0 des co\u00efncidences ou des divergences dans la d\u00e9finition terminologique, m\u00eame dans les aspects les plus conceptuels qui sont d\u00e9battus, il y a par dessus tout une volont\u00e9 de cr\u00e9er un cadre commun de recherche. \u00c9crit dans plusieurs langues, ce livre offre, d&rsquo;une part, un regard, nouveau et pluriel, sur une source \u00e9crite \u00e0 la premi\u00e8re personne, subjective et compl\u00e9mentaire de \u00ab l&rsquo;histoire officielle \u00bb, et d&rsquo;autre part la mise en avant de probl\u00e9matiques transversales comme le sont, par exemple, l&rsquo;\u00e9tude de la langue ou l&rsquo;approche anthropologique.<\/p>\n<p>Dani\u00e8le Tosato-Rigo,\u00a0Au commencement \u00e9tait (parfois) l&rsquo;\u00e9criture. Pratiques sociales de l&rsquo;\u00e9crit du\u00a0<i>for priv\u00e9<\/i>. (Suisse, XVII<sup>e<\/sup>-XIX<sup>e<\/sup>\u00a0si\u00e8cle), p. 69-84.<\/p>\n<p><span style=\"color: #993300\">Claudia Ulbrich, Kaspar von Greyerz and Lorenz Heiligensetzer, Mapping the &lsquo;I&rsquo;. Research on Self-Narratives in Germany and Switzerland, Brill, 2015.<\/span><\/p>\n<\/div>\n<p style=\"text-align: justify\">Pr\u00e9sentation de l&rsquo;\u00e9diteur :<\/p>\n<p style=\"text-align: justify\"><a href=\"https:\/\/brill.com\/view\/title\/26827\"><img loading=\"lazy\" decoding=\"async\" class=\"alignright size-full wp-image-1197\" src=\"https:\/\/wp.unil.ch\/egodocuments\/files\/2015\/04\/69705.jpg\" alt=\"69705\" width=\"195\" height=\"297\" \/><\/a>In Mapping the \u2018I\u2019, Research on Self Narratives in Germany and Switzerland, the contributors,\u00a0working with egodocuments (autobiographies, diaries, family chronicles and related texts), discuss\u00a0various approaches to early modern concepts of the person and of personhood, the place of\u00a0individuality within this context, genre and practices of writing. The volume documents the\u00a0cooperation between the Berlin and Basel self-narrative research groups during its first phase\u00a0(2000-2007). Next to addressing crucial methodological issues, it also demonstrates the richness\u00a0of egodocuments as historical sources in contributions concentrating, for example, on the body\u00a0and illness, on food, as well as on the early modern economy, group cultures and\u00a0autobiographical considerations of one&rsquo;s own suicide.<\/p>\n<p>&nbsp;<\/p>\n","protected":false},"excerpt":{"rendered":"<p>Itinera Italica : R\u00f6mische Tageb\u00fccher aus dem Kloster Sankt Gallen : Diari romani dal monastero di San Gallo. Band 1: Anreise nach Rom = Viaggio verso Roma \/ ed. Peter &hellip; <\/p>\n","protected":false},"author":1511,"featured_media":0,"parent":977,"menu_order":0,"comment_status":"closed","ping_status":"closed","template":"","meta":{"_seopress_robots_primary_cat":"","_seopress_titles_title":"","_seopress_titles_desc":"","_seopress_robots_index":"","footnotes":""},"class_list":["post-1401","page","type-page","status-publish"],"_links":{"self":[{"href":"https:\/\/wp.unil.ch\/egodocuments\/wp-json\/wp\/v2\/pages\/1401","targetHints":{"allow":["GET"]}}],"collection":[{"href":"https:\/\/wp.unil.ch\/egodocuments\/wp-json\/wp\/v2\/pages"}],"about":[{"href":"https:\/\/wp.unil.ch\/egodocuments\/wp-json\/wp\/v2\/types\/page"}],"author":[{"embeddable":true,"href":"https:\/\/wp.unil.ch\/egodocuments\/wp-json\/wp\/v2\/users\/1511"}],"replies":[{"embeddable":true,"href":"https:\/\/wp.unil.ch\/egodocuments\/wp-json\/wp\/v2\/comments?post=1401"}],"version-history":[{"count":0,"href":"https:\/\/wp.unil.ch\/egodocuments\/wp-json\/wp\/v2\/pages\/1401\/revisions"}],"up":[{"embeddable":true,"href":"https:\/\/wp.unil.ch\/egodocuments\/wp-json\/wp\/v2\/pages\/977"}],"wp:attachment":[{"href":"https:\/\/wp.unil.ch\/egodocuments\/wp-json\/wp\/v2\/media?parent=1401"}],"curies":[{"name":"wp","href":"https:\/\/api.w.org\/{rel}","templated":true}]}}