{"id":687,"date":"2017-04-21T16:03:21","date_gmt":"2017-04-21T14:03:21","guid":{"rendered":"http:\/\/wp.unil.ch\/ecounc\/?post_type=product&#038;p=687"},"modified":"2023-02-14T11:03:14","modified_gmt":"2023-02-14T10:03:14","slug":"perforateur-a-2-trous-65-feuilles","status":"publish","type":"product","link":"https:\/\/wp.unil.ch\/ecounc\/produit\/perforateur-a-2-trous-65-feuilles\/","title":{"rendered":"Perforatrice Kangaro \u00e0 2 trous 65 feuilles"},"content":{"rendered":"<p>Perforatrice \u00e0 2 trous, capacit\u00e9 de perforation de 6,3mm (env. 65 feuilles)<\/p>\n<p><span style=\"color: #ff0000\"><strong>Attention : Disponible en stock jusqu\u2019\u00e0 rupture !<br \/>\n<\/strong><\/span><\/p>\n<p>&nbsp;<\/p>\n","protected":false},"excerpt":{"rendered":"<p>Perforatrice \u00e0 2 trous, capacit\u00e9 de perforation de 6,3mm (env. 65 feuilles) Attention : Disponible en stock jusqu\u2019\u00e0 rupture ! &nbsp;<\/p>\n","protected":false},"featured_media":688,"comment_status":"closed","ping_status":"closed","template":"","meta":{"_seopress_robots_primary_cat":"","_seopress_titles_title":"","_seopress_titles_desc":"","_seopress_robots_index":""},"product_brand":[],"product_cat":[21,20],"product_tag":[],"class_list":{"0":"post-687","1":"product","2":"type-product","3":"status-publish","4":"has-post-thumbnail","6":"product_cat-perforatrices","7":"product_cat-perforeuse-et-decoupage","9":"first","10":"instock","11":"shipping-taxable","12":"purchasable","13":"product-type-simple"},"_links":{"self":[{"href":"https:\/\/wp.unil.ch\/ecounc\/wp-json\/wp\/v2\/product\/687","targetHints":{"allow":["GET"]}}],"collection":[{"href":"https:\/\/wp.unil.ch\/ecounc\/wp-json\/wp\/v2\/product"}],"about":[{"href":"https:\/\/wp.unil.ch\/ecounc\/wp-json\/wp\/v2\/types\/product"}],"replies":[{"embeddable":true,"href":"https:\/\/wp.unil.ch\/ecounc\/wp-json\/wp\/v2\/comments?post=687"}],"wp:featuredmedia":[{"embeddable":true,"href":"https:\/\/wp.unil.ch\/ecounc\/wp-json\/wp\/v2\/media\/688"}],"wp:attachment":[{"href":"https:\/\/wp.unil.ch\/ecounc\/wp-json\/wp\/v2\/media?parent=687"}],"wp:term":[{"taxonomy":"product_brand","embeddable":true,"href":"https:\/\/wp.unil.ch\/ecounc\/wp-json\/wp\/v2\/product_brand?post=687"},{"taxonomy":"product_cat","embeddable":true,"href":"https:\/\/wp.unil.ch\/ecounc\/wp-json\/wp\/v2\/product_cat?post=687"},{"taxonomy":"product_tag","embeddable":true,"href":"https:\/\/wp.unil.ch\/ecounc\/wp-json\/wp\/v2\/product_tag?post=687"}],"curies":[{"name":"wp","href":"https:\/\/api.w.org\/{rel}","templated":true}]}}