{"id":4449,"date":"2026-02-17T14:37:20","date_gmt":"2026-02-17T13:37:20","guid":{"rendered":"https:\/\/wp.unil.ch\/ecounc\/?post_type=product&#038;p=4449"},"modified":"2026-02-24T14:59:19","modified_gmt":"2026-02-24T13:59:19","slug":"portemine-q-connect-lambda","status":"publish","type":"product","link":"https:\/\/wp.unil.ch\/ecounc\/produit\/portemine-q-connect-lambda\/","title":{"rendered":"Portemine Q-CONNECT\u00ae Lambda"},"content":{"rendered":"<p class=\"detail__descr js-mayedit\" data-fn=\"hgBeschrieb\">corps en caoutchouc, clip en plastique, conduit de mine enti\u00e8rement r\u00e9tractable, mine mont\u00e9e sur ressort, gomme, pour mines 0,5 m<\/p>\n","protected":false},"excerpt":{"rendered":"<p>corps en caoutchouc, clip en plastique, conduit de mine enti\u00e8rement r\u00e9tractable, mine mont\u00e9e sur ressort, gomme, pour mines 0,5 m<\/p>\n","protected":false},"featured_media":4459,"comment_status":"closed","ping_status":"closed","template":"","meta":{"_seopress_robots_primary_cat":"none","_seopress_titles_title":"","_seopress_titles_desc":"","_seopress_robots_index":""},"product_brand":[],"product_cat":[11,9],"product_tag":[],"class_list":{"0":"post-4449","1":"product","2":"type-product","3":"status-publish","4":"has-post-thumbnail","6":"product_cat-crayons","7":"product_cat-ecriture-correction","9":"first","10":"instock","11":"shipping-taxable","12":"purchasable","13":"product-type-simple"},"_links":{"self":[{"href":"https:\/\/wp.unil.ch\/ecounc\/wp-json\/wp\/v2\/product\/4449","targetHints":{"allow":["GET"]}}],"collection":[{"href":"https:\/\/wp.unil.ch\/ecounc\/wp-json\/wp\/v2\/product"}],"about":[{"href":"https:\/\/wp.unil.ch\/ecounc\/wp-json\/wp\/v2\/types\/product"}],"replies":[{"embeddable":true,"href":"https:\/\/wp.unil.ch\/ecounc\/wp-json\/wp\/v2\/comments?post=4449"}],"wp:featuredmedia":[{"embeddable":true,"href":"https:\/\/wp.unil.ch\/ecounc\/wp-json\/wp\/v2\/media\/4459"}],"wp:attachment":[{"href":"https:\/\/wp.unil.ch\/ecounc\/wp-json\/wp\/v2\/media?parent=4449"}],"wp:term":[{"taxonomy":"product_brand","embeddable":true,"href":"https:\/\/wp.unil.ch\/ecounc\/wp-json\/wp\/v2\/product_brand?post=4449"},{"taxonomy":"product_cat","embeddable":true,"href":"https:\/\/wp.unil.ch\/ecounc\/wp-json\/wp\/v2\/product_cat?post=4449"},{"taxonomy":"product_tag","embeddable":true,"href":"https:\/\/wp.unil.ch\/ecounc\/wp-json\/wp\/v2\/product_tag?post=4449"}],"curies":[{"name":"wp","href":"https:\/\/api.w.org\/{rel}","templated":true}]}}