{"id":369,"date":"2017-04-18T10:51:25","date_gmt":"2017-04-18T08:51:25","guid":{"rendered":"http:\/\/wp.unil.ch\/ecounc\/?post_type=product&#038;p=369"},"modified":"2025-09-25T10:18:00","modified_gmt":"2025-09-25T08:18:00","slug":"derouleur-a-main-scotch","status":"publish","type":"product","link":"https:\/\/wp.unil.ch\/ecounc\/produit\/derouleur-a-main-scotch\/","title":{"rendered":"D\u00e9rouleur de table 50mmx66mm"},"content":{"rendered":"<p data-fn=\"hgBeschrieb\">D\u00e9rouleur pour ruban d&#8217;emballage<\/p>\n<p class=\"detail__descr js-mayedit\" data-fn=\"hgBeschrieb\">en m\u00e9tal, orange, pour rouleaux jusqu&rsquo;\u00e0 66 m.<\/p>\n<p data-fn=\"hgBeschrieb\">largeur max.des rouleaux 50 mm.<\/p>\n","protected":false},"excerpt":{"rendered":"<p>D\u00e9rouleur pour ruban d&#8217;emballage en m\u00e9tal, orange, pour rouleaux jusqu&rsquo;\u00e0 66 m. largeur max.des rouleaux 50 mm.<\/p>\n","protected":false},"featured_media":3698,"comment_status":"closed","ping_status":"closed","template":"","meta":{"_seopress_robots_primary_cat":"none","_seopress_titles_title":"","_seopress_titles_desc":"","_seopress_robots_index":""},"product_brand":[],"product_cat":[28,27],"product_tag":[],"class_list":{"0":"post-369","1":"product","2":"type-product","3":"status-publish","4":"has-post-thumbnail","6":"product_cat-derouleurs","7":"product_cat-emballage","9":"first","10":"instock","11":"shipping-taxable","12":"purchasable","13":"product-type-simple"},"_links":{"self":[{"href":"https:\/\/wp.unil.ch\/ecounc\/wp-json\/wp\/v2\/product\/369","targetHints":{"allow":["GET"]}}],"collection":[{"href":"https:\/\/wp.unil.ch\/ecounc\/wp-json\/wp\/v2\/product"}],"about":[{"href":"https:\/\/wp.unil.ch\/ecounc\/wp-json\/wp\/v2\/types\/product"}],"replies":[{"embeddable":true,"href":"https:\/\/wp.unil.ch\/ecounc\/wp-json\/wp\/v2\/comments?post=369"}],"wp:featuredmedia":[{"embeddable":true,"href":"https:\/\/wp.unil.ch\/ecounc\/wp-json\/wp\/v2\/media\/3698"}],"wp:attachment":[{"href":"https:\/\/wp.unil.ch\/ecounc\/wp-json\/wp\/v2\/media?parent=369"}],"wp:term":[{"taxonomy":"product_brand","embeddable":true,"href":"https:\/\/wp.unil.ch\/ecounc\/wp-json\/wp\/v2\/product_brand?post=369"},{"taxonomy":"product_cat","embeddable":true,"href":"https:\/\/wp.unil.ch\/ecounc\/wp-json\/wp\/v2\/product_cat?post=369"},{"taxonomy":"product_tag","embeddable":true,"href":"https:\/\/wp.unil.ch\/ecounc\/wp-json\/wp\/v2\/product_tag?post=369"}],"curies":[{"name":"wp","href":"https:\/\/api.w.org\/{rel}","templated":true}]}}