{"id":25,"date":"2017-03-03T11:49:21","date_gmt":"2017-03-03T10:49:21","guid":{"rendered":"http:\/\/wp.unil.ch\/ecounc\/?page_id=25"},"modified":"2025-11-10T11:21:05","modified_gmt":"2025-11-10T10:21:05","slug":"a-propos","status":"publish","type":"page","link":"https:\/\/wp.unil.ch\/ecounc\/a-propos\/","title":{"rendered":"A propos"},"content":{"rendered":"<p>Depuis <strong>2010<\/strong>, L\u2019Economat d\u2019Unicentre est g\u00e9r\u00e9 par l\u2019\u00e9quipe de la R\u00e9ception de la Direction, il propose un catalogue en ligne de produits permettant \u00e0 des r\u00e9f\u00e9rents dans les services concern\u00e9s de passer commande facilement. Une armoire tampon avec du petit mat\u00e9riel de bureau et des stocks de papier et d\u2019enveloppes sont \u00e9galement mis librement \u00e0 la disposition des usagers de l\u2019Unicentre.<\/p>\n<p>Les n\u00e9gociations de prix et choix d\u2019articles (ergonomiques, recyclables, etc.) avec les fournisseurs ainsi que la politique de tri et de recyclage que nous adoptons, nous permettent de faire des \u00e9conomies significatives au niveau du budget et de vous fournir des articles de qualit\u00e9 contr\u00f4l\u00e9e qui vous offrent toutes les assurances de bonne efficacit\u00e9.<\/p>\n<h3><span style=\"color: #00ccff\"><strong>Personnes de contact<\/strong><\/span><\/h3>\n<p><strong>Responsable de l&rsquo;\u00e9conomat<\/strong><\/p>\n<div id=\"attachment_53\" style=\"width: 155px\" class=\"wp-caption alignnone\"><img alt=\"\" loading=\"lazy\" decoding=\"async\" aria-describedby=\"caption-attachment-53\" class=\" wp-image-53\" src=\"https:\/\/wp.unil.ch\/ecounc\/files\/2017\/03\/AAEAAQAAAAAAAAg7AAAAJGQwYWRmYjE0LTU1YWItNDcxOC1iM2M0LTg4ZGJmZDIyOThhNg.jpg\" alt=\"\" width=\"145\" height=\"145\" srcset=\"https:\/\/wp.unil.ch\/ecounc\/files\/2017\/03\/AAEAAQAAAAAAAAg7AAAAJGQwYWRmYjE0LTU1YWItNDcxOC1iM2M0LTg4ZGJmZDIyOThhNg.jpg 206w, https:\/\/wp.unil.ch\/ecounc\/files\/2017\/03\/AAEAAQAAAAAAAAg7AAAAJGQwYWRmYjE0LTU1YWItNDcxOC1iM2M0LTg4ZGJmZDIyOThhNg-100x100.jpg 100w, https:\/\/wp.unil.ch\/ecounc\/files\/2017\/03\/AAEAAQAAAAAAAAg7AAAAJGQwYWRmYjE0LTU1YWItNDcxOC1iM2M0LTg4ZGJmZDIyOThhNg-180x180.jpg 180w\" sizes=\"auto, (max-width: 145px) 100vw, 145px\" \/><p id=\"caption-attachment-53\" class=\"wp-caption-text\">Mahassine Rahmou<\/p><\/div>\n<p>\u00a0<\/p>\n<p><strong>L&rsquo;\u00e9quipe de l&rsquo;\u00e9conomat<\/strong><\/p>\n<div id=\"attachment_48\" style=\"width: 129px\" class=\"wp-caption alignnone\"><img alt=\"\" loading=\"lazy\" decoding=\"async\" aria-describedby=\"caption-attachment-48\" class=\" wp-image-48\" src=\"https:\/\/wp.unil.ch\/ecounc\/files\/2017\/03\/valerie.jpg\" alt=\"\" width=\"119\" height=\"149\" \/><p id=\"caption-attachment-48\" class=\"wp-caption-text\">Val\u00e9rie Humbert<\/p><\/div>\n<div id=\"attachment_87\" style=\"width: 133px\" class=\"wp-caption alignnone\"><img alt=\"\" loading=\"lazy\" decoding=\"async\" aria-describedby=\"caption-attachment-87\" class=\" wp-image-87\" src=\"https:\/\/wp.unil.ch\/ecounc\/files\/2017\/03\/Anastassia-232x300.jpg\" alt=\"\" width=\"123\" height=\"159\" srcset=\"https:\/\/wp.unil.ch\/ecounc\/files\/2017\/03\/Anastassia-232x300.jpg 232w, https:\/\/wp.unil.ch\/ecounc\/files\/2017\/03\/Anastassia.jpg 618w\" sizes=\"auto, (max-width: 123px) 100vw, 123px\" \/><p id=\"caption-attachment-87\" class=\"wp-caption-text\">Anastassia Spassova<\/p><\/div>\n<div id=\"attachment_4380\" style=\"width: 125px\" class=\"wp-caption alignnone\"><img loading=\"lazy\" decoding=\"async\" aria-describedby=\"caption-attachment-4380\" class=\" wp-image-4380\" src=\"https:\/\/wp.unil.ch\/ecounc\/files\/2025\/11\/virginia.jpg\" alt=\"virginia\" width=\"115\" height=\"144\" \/><p id=\"caption-attachment-4380\" class=\"wp-caption-text\">Virginia Pesce<\/p><\/div>\n<p>\u00a0<\/p>\n<p>\u00a0<\/p>\n<p>\u00a0<\/p>\n<p>Vous pouvez nous joindre du lundi au vendredi 8h00-17h30\u00a0 par <a href=\"mailto:economat.unc@unil.ch\">mail<\/a> ou par t\u00e9l\u00e9phone au num\u00e9ro <strong>021 692 11 11.<\/strong><\/p>\n<p>\u00a0<\/p>\n\n\n<p><\/p>\n","protected":false},"excerpt":{"rendered":"<p>Depuis 2010, L\u2019Economat d\u2019Unicentre est g\u00e9r\u00e9 par l\u2019\u00e9quipe de la R\u00e9ception de la Direction, il propose un catalogue en ligne de produits permettant \u00e0 des r\u00e9f\u00e9rents dans les services concern\u00e9s de passer commande facilement. Une armoire tampon avec du petit mat\u00e9riel de bureau et des stocks de papier et d\u2019enveloppes sont \u00e9galement mis librement \u00e0 [&hellip;]<\/p>\n","protected":false},"author":1001525,"featured_media":0,"parent":0,"menu_order":0,"comment_status":"closed","ping_status":"closed","template":"","meta":{"_seopress_robots_primary_cat":"","_seopress_titles_title":"","_seopress_titles_desc":"","_seopress_robots_index":"","footnotes":""},"class_list":["post-25","page","type-page","status-publish"],"_links":{"self":[{"href":"https:\/\/wp.unil.ch\/ecounc\/wp-json\/wp\/v2\/pages\/25","targetHints":{"allow":["GET"]}}],"collection":[{"href":"https:\/\/wp.unil.ch\/ecounc\/wp-json\/wp\/v2\/pages"}],"about":[{"href":"https:\/\/wp.unil.ch\/ecounc\/wp-json\/wp\/v2\/types\/page"}],"author":[{"embeddable":true,"href":"https:\/\/wp.unil.ch\/ecounc\/wp-json\/wp\/v2\/users\/1001525"}],"replies":[{"embeddable":true,"href":"https:\/\/wp.unil.ch\/ecounc\/wp-json\/wp\/v2\/comments?post=25"}],"version-history":[{"count":1,"href":"https:\/\/wp.unil.ch\/ecounc\/wp-json\/wp\/v2\/pages\/25\/revisions"}],"predecessor-version":[{"id":4382,"href":"https:\/\/wp.unil.ch\/ecounc\/wp-json\/wp\/v2\/pages\/25\/revisions\/4382"}],"wp:attachment":[{"href":"https:\/\/wp.unil.ch\/ecounc\/wp-json\/wp\/v2\/media?parent=25"}],"curies":[{"name":"wp","href":"https:\/\/api.w.org\/{rel}","templated":true}]}}