{"id":20,"date":"2017-03-03T11:45:12","date_gmt":"2017-03-03T10:45:12","guid":{"rendered":"http:\/\/wp.unil.ch\/ecounc\/?page_id=20"},"modified":"2025-07-17T16:12:12","modified_gmt":"2025-07-17T14:12:12","slug":"accueil","status":"publish","type":"page","link":"https:\/\/wp.unil.ch\/ecounc\/","title":{"rendered":"Bienvenue sur le site de l&rsquo;\u00e9conomat de l&rsquo;Unicentre"},"content":{"rendered":"<p><img alt=\"\" loading=\"lazy\" decoding=\"async\" class=\"size-medium wp-image-990 aligncenter\" src=\"https:\/\/wp.unil.ch\/ecounc\/files\/2017\/03\/a-votre-service-300x214.jpg\" alt=\"\" width=\"300\" height=\"214\" srcset=\"https:\/\/wp.unil.ch\/ecounc\/files\/2017\/03\/a-votre-service-300x214.jpg 300w, https:\/\/wp.unil.ch\/ecounc\/files\/2017\/03\/a-votre-service.jpg 336w\" sizes=\"auto, (max-width: 300px) 100vw, 300px\" \/><\/p>\n<p>L&rsquo;\u00e9conomat de l&rsquo;Unicentre offre ses prestations uniquement aux services centraux de la Direction de l\u2019Universit\u00e9 de Lausanne, les collaborateurs des autres unit\u00e9s de l&rsquo;UNIL sont pri\u00e9s de s&rsquo;adresser \u00e0 leurs secr\u00e9tariats.<\/p>\n<p>Notre <a href=\"https:\/\/wp.unil.ch\/ecounc\/boutique\/\">boutique<\/a> contient un large choix pour vous permettre de s&rsquo;\u00e9quiper efficacement.<\/p>\n<p><span style=\"color: #00ccff\"><a style=\"color: #00ccff\" href=\"https:\/\/wp.unil.ch\/ecounc\/a-propos\/\"><strong>A Votre Service <\/strong><\/a>!<\/span><\/p>\n<p>L\u2019\u00e9quipe de l\u2019\u00e9conomat a le plaisir de vous accompagner, vous renseigner \u00a0pour trouver rapidement et facilement l\u2019ensemble de vos produits.<\/p>\n<p>En cas de besoin , nous sommes joignables du lundi au vendredi 8h00-17h00 par <a href=\"mailto:economat.unc@unil.ch\">mail<\/a> ou par t\u00e9l\u00e9phone au num\u00e9ro <strong>021 692 11 11<\/strong>.<\/p>\n","protected":false},"excerpt":{"rendered":"<p>L&rsquo;\u00e9conomat de l&rsquo;Unicentre offre ses prestations uniquement aux services centraux de la Direction de l\u2019Universit\u00e9 de Lausanne, les collaborateurs des autres unit\u00e9s de l&rsquo;UNIL sont pri\u00e9s de s&rsquo;adresser \u00e0 leurs secr\u00e9tariats. Notre boutique contient un large choix pour vous permettre de s&rsquo;\u00e9quiper efficacement. A Votre Service ! L\u2019\u00e9quipe de l\u2019\u00e9conomat a le plaisir de vous [&hellip;]<\/p>\n","protected":false},"author":1001525,"featured_media":0,"parent":0,"menu_order":0,"comment_status":"closed","ping_status":"closed","template":"","meta":{"_seopress_robots_primary_cat":"","_seopress_titles_title":"","_seopress_titles_desc":"","_seopress_robots_index":"","footnotes":""},"class_list":["post-20","page","type-page","status-publish"],"_links":{"self":[{"href":"https:\/\/wp.unil.ch\/ecounc\/wp-json\/wp\/v2\/pages\/20","targetHints":{"allow":["GET"]}}],"collection":[{"href":"https:\/\/wp.unil.ch\/ecounc\/wp-json\/wp\/v2\/pages"}],"about":[{"href":"https:\/\/wp.unil.ch\/ecounc\/wp-json\/wp\/v2\/types\/page"}],"author":[{"embeddable":true,"href":"https:\/\/wp.unil.ch\/ecounc\/wp-json\/wp\/v2\/users\/1001525"}],"replies":[{"embeddable":true,"href":"https:\/\/wp.unil.ch\/ecounc\/wp-json\/wp\/v2\/comments?post=20"}],"version-history":[{"count":1,"href":"https:\/\/wp.unil.ch\/ecounc\/wp-json\/wp\/v2\/pages\/20\/revisions"}],"predecessor-version":[{"id":4300,"href":"https:\/\/wp.unil.ch\/ecounc\/wp-json\/wp\/v2\/pages\/20\/revisions\/4300"}],"wp:attachment":[{"href":"https:\/\/wp.unil.ch\/ecounc\/wp-json\/wp\/v2\/media?parent=20"}],"curies":[{"name":"wp","href":"https:\/\/api.w.org\/{rel}","templated":true}]}}