{"id":353,"date":"2024-08-28T15:12:23","date_gmt":"2024-08-28T13:12:23","guid":{"rendered":"https:\/\/wp.unil.ch\/ecotopiales\/?page_id=353"},"modified":"2024-10-17T11:37:42","modified_gmt":"2024-10-17T09:37:42","slug":"bande-dessinee","status":"publish","type":"page","link":"https:\/\/wp.unil.ch\/ecotopiales\/bande-dessinee\/","title":{"rendered":"L&rsquo;ATELIER BANDE DESSIN\u00c9E"},"content":{"rendered":"\n<div class=\"wp-block-media-text has-media-on-the-right is-stacked-on-mobile\"><div class=\"wp-block-media-text__content\">\n<h2 class=\"wp-block-heading has-text-align-left\"><strong>Dessine-moi le futur climatique&nbsp;!<\/strong><\/h2>\n\n\n\n<h4 class=\"wp-block-heading has-text-align-left\">Contenu de l&rsquo;atelier : <em>Masterclass<\/em> animation et arts graphiques, duel de b\u00e9d\u00e9istes, fresque collective et cr\u00e9ative, table ronde et discussions&nbsp;<\/h4>\n\n\n\n<p>Lieu : P\u00f4le mus\u00e9al Plateforme 10, Place de la gare 16\/17, 1003 Lausanne \u2013 Auditoire ELMU et hall du Mudac&nbsp;<\/p>\n\n\n\n<p>Date : Samedi 2 novembre<\/p>\n\n\n\n<p>Horaire : 13h30 &#8211; 17h30<\/p>\n\n\n\n<p>Participation gratuite<\/p>\n\n\n\n<p>\u00c2ge : tout \u00e2ge<\/p>\n<\/div><figure class=\"wp-block-media-text__media\"><img alt=\"\" decoding=\"async\" src=\"https:\/\/wp.unil.ch\/ecotopiales\/files\/2024\/09\/p10-1024x1024.png\" alt=\"\" class=\"wp-image-1075 size-full\" \/><\/figure><\/div>\n\n\n\n<p class=\"has-drop-cap has-large-font-size\">Cet atelier vous plongera dans les imaginaires climatiques de la bande dessin\u00e9e et des arts graphiques&nbsp;!<\/p>\n\n\n\n<p>Mettre la crise climatique en bulles est un d\u00e9fi que nombre de b\u00e9d\u00e9istes ont su relever tout au long de ces derni\u00e8res ann\u00e9es avec pertinence, brio et souvent avec humour ! Et si le meilleur moyen de nous donner espoir en l\u2019avenir \u00e9tait de commencer par le redessiner&nbsp;?<\/p>\n\n\n\n<p>Dans cet atelier, vous pourrez suivre une <em>Masterclass<\/em> donn\u00e9e par <strong>St\u00e9phanie Cadoret<\/strong>, autrice, performeuse audiovisuelle, r\u00e9alisatrice de films d&rsquo;animation et Dre. en Arts du spectacle de l&rsquo;Universit\u00e9 Paris X. Vous serez \u00e9galement les arbitres d\u2019un duel graphique \u00e9poustouflant, entre les artistes suisses&nbsp;<a href=\"https:\/\/www.tirabosco.com\/\" target=\"_blank\" rel=\"noreferrer noopener\">Tom Tirabosco<\/a>&nbsp;et&nbsp;<a href=\"https:\/\/www.instagram.com\/mariemo_a\/?hl=fr\" target=\"_blank\" rel=\"noreferrer noopener\">MarieMo<\/a>. Vous aurez l&rsquo;occasion d\u2019exercer vos talents en r\u00e9alisant une fresque collective et participative sur le th\u00e8me de <em>l&rsquo;\u00e9cologie du futur<\/em>&nbsp;! Enfin \u00e0 l&rsquo;occasion d&rsquo;une table ronde conclusive intitul\u00e9e \u00ab&nbsp;La crise en cases&nbsp;: la bande dessin\u00e9e peut-elle rire de l&rsquo;\u00e9cologie&nbsp;?&nbsp;\u00bb vous pourrez d\u00e9battre avec des personnalit\u00e9s issues de diff\u00e9rentes domaines de l\u2019art (BD curatoriat des beaux-arts, jeu vid\u00e9o\u2026) pour savoir si l&rsquo;humour ne serait pas le meilleur moyen de renouveler nos imaginaires climatiques\u2026<\/p>\n\n\n\n<p>Finalement et parce que l&rsquo;avenir s&rsquo;\u00e9crit aussi en musique, le duo glam-rock Hear Me Bleat r\u00e9v\u00e9lera son talent par des reprises DIY \u00ab&nbsp;\u00e9cologiques&nbsp;\u00bb \u00e0 l&rsquo;\u00e9nergie contagieuse.<\/p>\n\n\n<div class=\"wp-block-image\">\n<figure class=\"aligncenter size-large is-resized\"><img alt=\"\" loading=\"lazy\" decoding=\"async\" width=\"1024\" height=\"512\" src=\"https:\/\/wp.unil.ch\/ecotopiales\/files\/2024\/09\/LATELIER-BANDE-DESSINEE-1024x512.png\" alt=\"\" class=\"wp-image-819\" style=\"width:400px\" srcset=\"https:\/\/wp.unil.ch\/ecotopiales\/files\/2024\/09\/LATELIER-BANDE-DESSINEE-1024x512.png 1024w, https:\/\/wp.unil.ch\/ecotopiales\/files\/2024\/09\/LATELIER-BANDE-DESSINEE-300x150.png 300w, https:\/\/wp.unil.ch\/ecotopiales\/files\/2024\/09\/LATELIER-BANDE-DESSINEE-768x384.png 768w, https:\/\/wp.unil.ch\/ecotopiales\/files\/2024\/09\/LATELIER-BANDE-DESSINEE-1536x769.png 1536w, https:\/\/wp.unil.ch\/ecotopiales\/files\/2024\/09\/LATELIER-BANDE-DESSINEE-2048x1025.png 2048w, https:\/\/wp.unil.ch\/ecotopiales\/files\/2024\/09\/LATELIER-BANDE-DESSINEE-540x270.png 540w, https:\/\/wp.unil.ch\/ecotopiales\/files\/2024\/09\/LATELIER-BANDE-DESSINEE-1080x541.png 1080w, https:\/\/wp.unil.ch\/ecotopiales\/files\/2024\/09\/LATELIER-BANDE-DESSINEE-1980x991.png 1980w\" sizes=\"auto, (max-width: 1024px) 100vw, 1024px\" \/><\/figure>\n<\/div>\n\n\n<div class=\"wp-block-buttons is-content-justification-center is-layout-flex wp-container-core-buttons-is-layout-16018d1d wp-block-buttons-is-layout-flex\">\n<div class=\"wp-block-button has-custom-width wp-block-button__width-75 has-custom-font-size has-large-font-size\"><a class=\"wp-block-button__link has-background wp-element-button\" href=\"https:\/\/events.unil.ch\/register\/358\" style=\"border-radius:5px;background-color:#e9bcba\">JE M&rsquo;INSCRIS<\/a><\/div>\n<\/div>\n\n\n\n<p class=\"has-text-align-center\">Participation gratuite mais places limit\u00e9es&nbsp;: inscription (fortement) conseill\u00e9e&nbsp;!&nbsp;<\/p>\n\n\n\n<div style=\"height:70px\" aria-hidden=\"true\" class=\"wp-block-spacer\"><\/div>\n\n\n\n<p class=\"has-text-align-center has-large-font-size\">L&rsquo;atelier est organis\u00e9 en collaboration avec<\/p>\n\n\n\n<div class=\"wp-block-columns alignwide is-layout-flex wp-container-core-columns-is-layout-9d6595d7 wp-block-columns-is-layout-flex\">\n<div class=\"wp-block-column is-vertically-aligned-center is-layout-flow wp-block-column-is-layout-flow\"><div class=\"wp-block-image\">\n<figure class=\"aligncenter size-full is-resized\"><a href=\"https:\/\/plateforme10.ch\/\"><img alt=\"\" loading=\"lazy\" decoding=\"async\" width=\"1000\" height=\"394\" src=\"https:\/\/wp.unil.ch\/ecotopiales\/files\/2024\/08\/Plateforme10.png\" alt=\"\" class=\"wp-image-211\" style=\"width:300px\" srcset=\"https:\/\/wp.unil.ch\/ecotopiales\/files\/2024\/08\/Plateforme10.png 1000w, https:\/\/wp.unil.ch\/ecotopiales\/files\/2024\/08\/Plateforme10-300x118.png 300w, https:\/\/wp.unil.ch\/ecotopiales\/files\/2024\/08\/Plateforme10-768x303.png 768w, https:\/\/wp.unil.ch\/ecotopiales\/files\/2024\/08\/Plateforme10-540x213.png 540w\" sizes=\"auto, (max-width: 1000px) 100vw, 1000px\" \/><\/a><\/figure>\n<\/div><\/div>\n\n\n\n<div class=\"wp-block-column is-vertically-aligned-center is-layout-flow wp-block-column-is-layout-flow\"><div class=\"wp-block-image\">\n<figure class=\"aligncenter size-full is-resized\"><a href=\"https:\/\/bdfil.ch\/\"><img alt=\"\" loading=\"lazy\" decoding=\"async\" width=\"531\" height=\"369\" src=\"https:\/\/wp.unil.ch\/ecotopiales\/files\/2024\/08\/bdfil_logo_def_baseline_black_flat.png\" alt=\"\" class=\"wp-image-222\" style=\"width:300px\" srcset=\"https:\/\/wp.unil.ch\/ecotopiales\/files\/2024\/08\/bdfil_logo_def_baseline_black_flat.png 531w, https:\/\/wp.unil.ch\/ecotopiales\/files\/2024\/08\/bdfil_logo_def_baseline_black_flat-300x208.png 300w\" sizes=\"auto, (max-width: 531px) 100vw, 531px\" \/><\/a><\/figure>\n<\/div><\/div>\n<\/div>\n\n\n\n<p><\/p>\n","protected":false},"excerpt":{"rendered":"<p>Dessine-moi le futur climatique&nbsp;! Contenu de l&rsquo;atelier : Masterclass animation et arts graphiques, duel de b\u00e9d\u00e9istes, fresque collective et cr\u00e9ative, table ronde et discussions&nbsp; Lieu : P\u00f4le mus\u00e9al&hellip;<\/p>\n","protected":false},"author":1002526,"featured_media":0,"parent":0,"menu_order":0,"comment_status":"closed","ping_status":"closed","template":"template-full-width.php","meta":{"_seopress_robots_primary_cat":"","_seopress_titles_title":"","_seopress_titles_desc":"","_seopress_robots_index":"","_uag_custom_page_level_css":"","footnotes":""},"class_list":["post-353","page","type-page","status-publish","has-post-thumbnail"],"uagb_featured_image_src":{"full":false,"thumbnail":false,"medium":false,"medium_large":false,"large":false,"1536x1536":false,"2048x2048":false,"post-thumbnail":false,"chaplin_preview_image_low_resolution":false,"chaplin_preview_image_high_resolution":false,"chaplin_fullscreen":false,"mailpoet_newsletter_max":false},"uagb_author_info":{"display_name":"Niccolo Panozzo","author_link":"https:\/\/wp.unil.ch\/ecotopiales\/author\/npanozzo\/"},"uagb_comment_info":0,"uagb_excerpt":"Dessine-moi le futur climatique&nbsp;! Contenu de l&rsquo;atelier : Masterclass animation et arts graphiques, duel de b\u00e9d\u00e9istes, fresque collective et cr\u00e9ative, table ronde et discussions&nbsp; Lieu : P\u00f4le mus\u00e9al&hellip;","_links":{"self":[{"href":"https:\/\/wp.unil.ch\/ecotopiales\/wp-json\/wp\/v2\/pages\/353","targetHints":{"allow":["GET"]}}],"collection":[{"href":"https:\/\/wp.unil.ch\/ecotopiales\/wp-json\/wp\/v2\/pages"}],"about":[{"href":"https:\/\/wp.unil.ch\/ecotopiales\/wp-json\/wp\/v2\/types\/page"}],"author":[{"embeddable":true,"href":"https:\/\/wp.unil.ch\/ecotopiales\/wp-json\/wp\/v2\/users\/1002526"}],"replies":[{"embeddable":true,"href":"https:\/\/wp.unil.ch\/ecotopiales\/wp-json\/wp\/v2\/comments?post=353"}],"version-history":[{"count":5,"href":"https:\/\/wp.unil.ch\/ecotopiales\/wp-json\/wp\/v2\/pages\/353\/revisions"}],"predecessor-version":[{"id":1137,"href":"https:\/\/wp.unil.ch\/ecotopiales\/wp-json\/wp\/v2\/pages\/353\/revisions\/1137"}],"wp:attachment":[{"href":"https:\/\/wp.unil.ch\/ecotopiales\/wp-json\/wp\/v2\/media?parent=353"}],"curies":[{"name":"wp","href":"https:\/\/api.w.org\/{rel}","templated":true}]}}

L&rsquo;ATELIER BANDE DESSINÉE

<div class="wp-block-media-text has-media-on-the-right is-stacked-on-mobile"><div class="wp-block-media-text__content">
<h2 class="wp-block-heading has-text-align-left"><strong>Dessine-moi le futur climatique&nbsp;!</strong></h2>



<h4 class="wp-block-heading has-text-align-left">Contenu de l&rsquo;atelier : <em>Masterclass</em> animation et arts graphiques, duel de bédéistes, fresque collective et créative, table ronde et discussions&nbsp;</h4>



<p>Lieu : Pôle muséal Plateforme 10, Place de la gare 16/17, 1003 Lausanne – Auditoire ELMU et hall du Mudac&nbsp;</p>



<p>Date : Samedi 2 novembre</p>



<p>Horaire : 13h30 &#8211; 17h30</p>



<p>Participation gratuite</p>



<p>Âge : tout âge</p>
</div><figure class="wp-block-media-text__media"><img alt="" decoding="async" src="https://wp.unil.ch/ecotopiales/files/2024/09/p10-1024x1024.png" alt="" class="wp-image-1075 size-full" /></figure></div>



<p class="has-drop-cap has-large-font-size">Cet atelier vous plongera dans les imaginaires climatiques de la bande dessinée et des arts graphiques&nbsp;!</p>



<p>Mettre la crise climatique en bulles est un défi que nombre de bédéistes ont su relever tout au long de ces dernières années avec pertinence, brio et souvent avec humour ! Et si le meilleur moyen de nous donner espoir en l’avenir était de commencer par le redessiner&nbsp;?</p>



<p>Dans cet atelier, vous pourrez suivre une <em>Masterclass</em> donnée par <strong>Stéphanie Cadoret</strong>, autrice, performeuse audiovisuelle, réalisatrice de films d&rsquo;animation et Dre. en Arts du spectacle de l&rsquo;Université Paris X. Vous serez également les arbitres d’un duel graphique époustouflant, entre les artistes suisses&nbsp;<a href="https://www.tirabosco.com/" target="_blank" rel="noreferrer noopener">Tom Tirabosco</a>&nbsp;et&nbsp;<a href="https://www.instagram.com/mariemo_a/?hl=fr" target="_blank" rel="noreferrer noopener">MarieMo</a>. Vous aurez l&rsquo;occasion d’exercer vos talents en réalisant une fresque collective et participative sur le thème de <em>l&rsquo;écologie du futur</em>&nbsp;! Enfin à l&rsquo;occasion d&rsquo;une table ronde conclusive intitulée «&nbsp;La crise en cases&nbsp;: la bande dessinée peut-elle rire de l&rsquo;écologie&nbsp;?&nbsp;» vous pourrez débattre avec des personnalités issues de différentes domaines de l’art (BD curatoriat des beaux-arts, jeu vidéo…) pour savoir si l&rsquo;humour ne serait pas le meilleur moyen de renouveler nos imaginaires climatiques…</p>



<p>Finalement et parce que l&rsquo;avenir s&rsquo;écrit aussi en musique, le duo glam-rock Hear Me Bleat révélera son talent par des reprises DIY «&nbsp;écologiques&nbsp;» à l&rsquo;énergie contagieuse.</p>


<div class="wp-block-image">
<figure class="aligncenter size-large is-resized"><img alt="" loading="lazy" decoding="async" width="1024" height="512" src="https://wp.unil.ch/ecotopiales/files/2024/09/LATELIER-BANDE-DESSINEE-1024x512.png" alt="" class="wp-image-819" style="width:400px" srcset="https://wp.unil.ch/ecotopiales/files/2024/09/LATELIER-BANDE-DESSINEE-1024x512.png 1024w, https://wp.unil.ch/ecotopiales/files/2024/09/LATELIER-BANDE-DESSINEE-300x150.png 300w, https://wp.unil.ch/ecotopiales/files/2024/09/LATELIER-BANDE-DESSINEE-768x384.png 768w, https://wp.unil.ch/ecotopiales/files/2024/09/LATELIER-BANDE-DESSINEE-1536x769.png 1536w, https://wp.unil.ch/ecotopiales/files/2024/09/LATELIER-BANDE-DESSINEE-2048x1025.png 2048w, https://wp.unil.ch/ecotopiales/files/2024/09/LATELIER-BANDE-DESSINEE-540x270.png 540w, https://wp.unil.ch/ecotopiales/files/2024/09/LATELIER-BANDE-DESSINEE-1080x541.png 1080w, https://wp.unil.ch/ecotopiales/files/2024/09/LATELIER-BANDE-DESSINEE-1980x991.png 1980w" sizes="auto, (max-width: 1024px) 100vw, 1024px" /></figure>
</div>


<div class="wp-block-buttons is-content-justification-center is-layout-flex wp-container-core-buttons-is-layout-16018d1d wp-block-buttons-is-layout-flex">
<div class="wp-block-button has-custom-width wp-block-button__width-75 has-custom-font-size has-large-font-size"><a class="wp-block-button__link has-background wp-element-button" href="https://events.unil.ch/register/358" style="border-radius:5px;background-color:#e9bcba">JE M&rsquo;INSCRIS</a></div>
</div>



<p class="has-text-align-center">Participation gratuite mais places limitées&nbsp;: inscription (fortement) conseillée&nbsp;!&nbsp;</p>



<div style="height:70px" aria-hidden="true" class="wp-block-spacer"></div>



<p class="has-text-align-center has-large-font-size">L&rsquo;atelier est organisé en collaboration avec</p>



<div class="wp-block-columns alignwide is-layout-flex wp-container-core-columns-is-layout-9d6595d7 wp-block-columns-is-layout-flex">
<div class="wp-block-column is-vertically-aligned-center is-layout-flow wp-block-column-is-layout-flow"><div class="wp-block-image">
<figure class="aligncenter size-full is-resized"><a href="https://plateforme10.ch/"><img alt="" loading="lazy" decoding="async" width="1000" height="394" src="https://wp.unil.ch/ecotopiales/files/2024/08/Plateforme10.png" alt="" class="wp-image-211" style="width:300px" srcset="https://wp.unil.ch/ecotopiales/files/2024/08/Plateforme10.png 1000w, https://wp.unil.ch/ecotopiales/files/2024/08/Plateforme10-300x118.png 300w, https://wp.unil.ch/ecotopiales/files/2024/08/Plateforme10-768x303.png 768w, https://wp.unil.ch/ecotopiales/files/2024/08/Plateforme10-540x213.png 540w" sizes="auto, (max-width: 1000px) 100vw, 1000px" /></a></figure>
</div></div>



<div class="wp-block-column is-vertically-aligned-center is-layout-flow wp-block-column-is-layout-flow"><div class="wp-block-image">
<figure class="aligncenter size-full is-resized"><a href="https://bdfil.ch/"><img alt="" loading="lazy" decoding="async" width="531" height="369" src="https://wp.unil.ch/ecotopiales/files/2024/08/bdfil_logo_def_baseline_black_flat.png" alt="" class="wp-image-222" style="width:300px" srcset="https://wp.unil.ch/ecotopiales/files/2024/08/bdfil_logo_def_baseline_black_flat.png 531w, https://wp.unil.ch/ecotopiales/files/2024/08/bdfil_logo_def_baseline_black_flat-300x208.png 300w" sizes="auto, (max-width: 531px) 100vw, 531px" /></a></figure>
</div></div>
</div>



<p></p>

<p>Dessine-moi le futur climatique&nbsp;! Contenu de l&rsquo;atelier : Masterclass animation et arts graphiques, duel de bédéistes, fresque collective et créative, table ronde et discussions&nbsp; Lieu : Pôle muséal&hellip;</p>

Dessine-moi le futur climatique&nbsp;! Contenu de l&rsquo;atelier : Masterclass animation et arts graphiques, duel de bédéistes, fresque collective et créative, table ronde et discussions&nbsp; Lieu : Pôle muséal&hellip;
