{"id":279,"date":"2024-08-26T16:02:36","date_gmt":"2024-08-26T14:02:36","guid":{"rendered":"https:\/\/wp.unil.ch\/ecotopiales\/?page_id=279"},"modified":"2025-10-18T17:29:50","modified_gmt":"2025-10-18T15:29:50","slug":"ecriture","status":"publish","type":"page","link":"https:\/\/wp.unil.ch\/ecotopiales\/ecriture\/","title":{"rendered":"L&rsquo;ATELIER D&rsquo;\u00c9CRITURE CR\u00c9ATIVE"},"content":{"rendered":"\n<div class=\"wp-block-media-text has-media-on-the-right is-stacked-on-mobile\"><div class=\"wp-block-media-text__content\">\n<h2 class=\"wp-block-heading has-text-align-left\"><strong>L\u2019Ouvroir des R\u00e9cits de l\u2019Anthropoc\u00e8ne<\/strong><\/h2>\n\n\n\n<h4 class=\"wp-block-heading\">Contenu de l&rsquo;atelier :  atelier d\u2019\u00e9criture cr\u00e9ative sur une journ\u00e9e, avec le studio d\u2019\u00e9criture <strong>La Zac<\/strong>, propos\u00e9e par L&rsquo;\u00e9prouvette, le Laboratoire Sciences et Soci\u00e9t\u00e9 de l&rsquo;UNIL<\/h4>\n\n\n\n<p>Lieu : Village lacustre n\u00e9olithique de Gletterens<\/p>\n\n\n\n<p>Date : Samedi 2 novembre<\/p>\n\n\n\n<p>Horaire : 10h00 &#8211; 16h30<\/p>\n\n\n\n<p>Participation gratuite<\/p>\n\n\n\n<p>\u00c2ge : d\u00e8s 18 ans<\/p>\n\n\n\n<div class=\"wp-block-buttons is-content-justification-center is-layout-flex wp-container-core-buttons-is-layout-16018d1d wp-block-buttons-is-layout-flex\"><\/div>\n<\/div><figure class=\"wp-block-media-text__media\"><img alt=\"\" loading=\"lazy\" decoding=\"async\" width=\"1024\" height=\"1024\" src=\"https:\/\/wp.unil.ch\/ecotopiales\/files\/2024\/09\/gletterens-1024x1024.png\" alt=\"\" class=\"wp-image-1073 size-full\" srcset=\"https:\/\/wp.unil.ch\/ecotopiales\/files\/2024\/09\/gletterens-1024x1024.png 1024w, https:\/\/wp.unil.ch\/ecotopiales\/files\/2024\/09\/gletterens-300x300.png 300w, https:\/\/wp.unil.ch\/ecotopiales\/files\/2024\/09\/gletterens-150x150.png 150w, https:\/\/wp.unil.ch\/ecotopiales\/files\/2024\/09\/gletterens-768x769.png 768w, https:\/\/wp.unil.ch\/ecotopiales\/files\/2024\/09\/gletterens-540x540.png 540w, https:\/\/wp.unil.ch\/ecotopiales\/files\/2024\/09\/gletterens-1080x1081.png 1080w, https:\/\/wp.unil.ch\/ecotopiales\/files\/2024\/09\/gletterens.png 1119w\" sizes=\"auto, (max-width: 1024px) 100vw, 1024px\" \/><\/figure><\/div>\n\n\n\n<p class=\"has-drop-cap has-large-font-size\">Sachant que nous sommes entr\u00e9\u00b7es dans une \u00e9poque nouvelle qui se nomme Anthropoc\u00e8ne, qu&rsquo;allons-nous faire ? <\/p>\n\n\n\n<p class=\"has-large-font-size\">Qu&rsquo;allons-nous garder ou abandonner ? Comment allons-nous nous organiser \u2013 et d&rsquo;abord, qui est ce \u00ab nous \u00bb ? Sachant que vous serez immerg\u00e9\u00b7es dans le village lacustre de Gletterens, o\u00f9 tous les possibles se valent, de quel \u0153il regarderez-vous ce qui nous attend ?<\/p>\n\n\n\n<p class=\"has-large-font-size\">Sachant que l&rsquo;\u00e9criture sera votre moyen de donner forme au futur de la plan\u00e8te, qu&rsquo;allez-vous en faire ? Quelles alliances nouerez-vous ? Quels mondes futurs allez-vous cr\u00e9er ?<\/p>\n\n\n\n<p class=\"has-large-font-size\">Tout au long d&rsquo;une journ\u00e9e immersive et d\u00e9paysante, sur les berges du lac de Neuch\u00e2tel, vous serez guid\u00e9\u00b7es par trois auteur\u00b7es rompus \u00e0 l&rsquo;\u00e9criture collective, membres du studio d&rsquo;\u00e9criture La Zac : <a href=\"https:\/\/editionszoe.ch\/auteur\/daniel-vuataz\/#biography\">Daniel Vuataz<\/a>, <a href=\"https:\/\/editionszoe.ch\/auteur\/aude-seigne\/\">Aude Seigne<\/a> et <a href=\"https:\/\/www.viceversalitterature.ch\/author\/7377\">Fanny Wobmann<\/a>.<\/p>\n\n\n\n<p class=\"has-large-font-size\">Que vous soyez un\u00b7e \u00e9crivain\u00b7e amateur\u00b7ice ou un\u00b7e adepte de la plume confirm\u00e9\u00b7e, vous pourrez perfectionner vos techniques litt\u00e9raires en compagnie d&rsquo;auteur\u00b7es publi\u00e9\u00b7es, ou simplement vous initier au plaisir de l&rsquo;\u00e9criture cr\u00e9ative.<\/p>\n\n\n\n<p class=\"has-large-font-size\">L&rsquo;atelier se d\u00e9roulera dans un lieu abrit\u00e9. Dans l&rsquo;esprit cr\u00e9atif que nous souhaitons insuffler, nous vous invitons \u00e0 prendre avec vous vos victuailles, dont votre repas de midi. Il sera possible de cuire ses aliments au feu de bois.&nbsp;<\/p>\n\n\n<div class=\"wp-block-image\">\n<figure class=\"aligncenter size-large is-resized\"><img alt=\"\" loading=\"lazy\" decoding=\"async\" width=\"1024\" height=\"512\" src=\"https:\/\/wp.unil.ch\/ecotopiales\/files\/2024\/09\/LATELIER-DECRITURE-1-1024x512.png\" alt=\"\" class=\"wp-image-901\" style=\"width:400px\" srcset=\"https:\/\/wp.unil.ch\/ecotopiales\/files\/2024\/09\/LATELIER-DECRITURE-1-1024x512.png 1024w, https:\/\/wp.unil.ch\/ecotopiales\/files\/2024\/09\/LATELIER-DECRITURE-1-300x150.png 300w, https:\/\/wp.unil.ch\/ecotopiales\/files\/2024\/09\/LATELIER-DECRITURE-1-768x384.png 768w, https:\/\/wp.unil.ch\/ecotopiales\/files\/2024\/09\/LATELIER-DECRITURE-1-1536x768.png 1536w, https:\/\/wp.unil.ch\/ecotopiales\/files\/2024\/09\/LATELIER-DECRITURE-1-540x270.png 540w, https:\/\/wp.unil.ch\/ecotopiales\/files\/2024\/09\/LATELIER-DECRITURE-1-1080x540.png 1080w, https:\/\/wp.unil.ch\/ecotopiales\/files\/2024\/09\/LATELIER-DECRITURE-1-1980x990.png 1980w, https:\/\/wp.unil.ch\/ecotopiales\/files\/2024\/09\/LATELIER-DECRITURE-1.png 2000w\" sizes=\"auto, (max-width: 1024px) 100vw, 1024px\" \/><\/figure>\n<\/div>\n\n\n<div class=\"wp-block-buttons is-content-justification-center is-layout-flex wp-container-core-buttons-is-layout-16018d1d wp-block-buttons-is-layout-flex\">\n<div class=\"wp-block-button has-custom-width wp-block-button__width-75\"><a class=\"wp-block-button__link has-background has-large-font-size has-custom-font-size wp-element-button\" href=\"https:\/\/events.unil.ch\/register\/356\" style=\"border-radius:5px;background-color:#c3c599\">JE M&rsquo;INSCRIS<\/a><\/div>\n<\/div>\n\n\n\n<p class=\"has-text-align-center\">Participation gratuite mais places limit\u00e9es&nbsp;: inscription (fortement) conseill\u00e9e&nbsp;!&nbsp;<\/p>\n\n\n\n<div style=\"height:70px\" aria-hidden=\"true\" class=\"wp-block-spacer\"><\/div>\n\n\n\n<p class=\"has-text-align-center has-large-font-size\">L&rsquo;atelier est organis\u00e9 en collaboration avec<\/p>\n\n\n\n<div class=\"wp-block-columns alignwide is-layout-flex wp-container-core-columns-is-layout-9d6595d7 wp-block-columns-is-layout-flex\">\n<div class=\"wp-block-column is-vertically-aligned-center is-layout-flow wp-block-column-is-layout-flow\"><div class=\"wp-block-image\">\n<figure class=\"aligncenter size-large is-resized\"><img alt=\"\" loading=\"lazy\" decoding=\"async\" width=\"1024\" height=\"502\" src=\"https:\/\/wp.unil.ch\/ecotopiales\/files\/2024\/09\/Eprouvette_complet_noir_meilleur-1024x502.png\" alt=\"\" class=\"wp-image-789\" style=\"width:300px\" srcset=\"https:\/\/wp.unil.ch\/ecotopiales\/files\/2024\/09\/Eprouvette_complet_noir_meilleur-1024x502.png 1024w, https:\/\/wp.unil.ch\/ecotopiales\/files\/2024\/09\/Eprouvette_complet_noir_meilleur-300x147.png 300w, https:\/\/wp.unil.ch\/ecotopiales\/files\/2024\/09\/Eprouvette_complet_noir_meilleur-768x376.png 768w, https:\/\/wp.unil.ch\/ecotopiales\/files\/2024\/09\/Eprouvette_complet_noir_meilleur-540x264.png 540w, https:\/\/wp.unil.ch\/ecotopiales\/files\/2024\/09\/Eprouvette_complet_noir_meilleur.png 1074w\" sizes=\"auto, (max-width: 1024px) 100vw, 1024px\" \/><\/figure>\n<\/div><\/div>\n\n\n\n<div class=\"wp-block-column is-vertically-aligned-center is-layout-flow wp-block-column-is-layout-flow\"><div class=\"wp-block-image\">\n<figure class=\"aligncenter size-large is-resized\"><img alt=\"\" loading=\"lazy\" decoding=\"async\" width=\"1024\" height=\"266\" src=\"https:\/\/wp.unil.ch\/ecotopiales\/files\/2024\/09\/ZAC-1-1024x266.png\" alt=\"\" class=\"wp-image-421\" style=\"width:300px\" srcset=\"https:\/\/wp.unil.ch\/ecotopiales\/files\/2024\/09\/ZAC-1-1024x266.png 1024w, https:\/\/wp.unil.ch\/ecotopiales\/files\/2024\/09\/ZAC-1-300x78.png 300w, https:\/\/wp.unil.ch\/ecotopiales\/files\/2024\/09\/ZAC-1-768x199.png 768w, https:\/\/wp.unil.ch\/ecotopiales\/files\/2024\/09\/ZAC-1-540x140.png 540w, https:\/\/wp.unil.ch\/ecotopiales\/files\/2024\/09\/ZAC-1-1080x280.png 1080w, https:\/\/wp.unil.ch\/ecotopiales\/files\/2024\/09\/ZAC-1.png 1256w\" sizes=\"auto, (max-width: 1024px) 100vw, 1024px\" \/><\/figure>\n<\/div><\/div>\n\n\n\n<div class=\"wp-block-column is-vertically-aligned-center is-layout-flow wp-block-column-is-layout-flow\"><div class=\"wp-block-image\">\n<figure class=\"aligncenter size-full is-resized\"><img alt=\"\" decoding=\"async\" src=\"https:\/\/wp.unil.ch\/ecotopiales\/files\/2024\/09\/LogoVillageLacustre.webp\" alt=\"\" class=\"wp-image-419\" style=\"width:300px\" \/><\/figure>\n<\/div><\/div>\n<\/div>\n","protected":false},"excerpt":{"rendered":"<p>Sachant que nous sommes entr\u00e9\u00b7es dans une \u00e9poque nouvelle qui se nomme Anthropoc\u00e8ne, qu&rsquo;allons-nous faire ? Qu&rsquo;allons-nous garder ou abandonner ? Comment allons-nous nous organiser \u2013 et d&rsquo;abord,&hellip;<\/p>\n","protected":false},"author":1002526,"featured_media":0,"parent":0,"menu_order":0,"comment_status":"closed","ping_status":"closed","template":"template-full-width.php","meta":{"_seopress_robots_primary_cat":"","_seopress_titles_title":"","_seopress_titles_desc":"","_seopress_robots_index":"","_uag_custom_page_level_css":"","footnotes":""},"class_list":["post-279","page","type-page","status-publish","has-post-thumbnail"],"uagb_featured_image_src":{"full":false,"thumbnail":false,"medium":false,"medium_large":false,"large":false,"1536x1536":false,"2048x2048":false,"post-thumbnail":false,"chaplin_preview_image_low_resolution":false,"chaplin_preview_image_high_resolution":false,"chaplin_fullscreen":false,"mailpoet_newsletter_max":false},"uagb_author_info":{"display_name":"Niccolo Panozzo","author_link":"https:\/\/wp.unil.ch\/ecotopiales\/author\/npanozzo\/"},"uagb_comment_info":0,"uagb_excerpt":"Sachant que nous sommes entr\u00e9\u00b7es dans une \u00e9poque nouvelle qui se nomme Anthropoc\u00e8ne, qu&rsquo;allons-nous faire ? Qu&rsquo;allons-nous garder ou abandonner ? Comment allons-nous nous organiser \u2013 et d&rsquo;abord,&hellip;","_links":{"self":[{"href":"https:\/\/wp.unil.ch\/ecotopiales\/wp-json\/wp\/v2\/pages\/279","targetHints":{"allow":["GET"]}}],"collection":[{"href":"https:\/\/wp.unil.ch\/ecotopiales\/wp-json\/wp\/v2\/pages"}],"about":[{"href":"https:\/\/wp.unil.ch\/ecotopiales\/wp-json\/wp\/v2\/types\/page"}],"author":[{"embeddable":true,"href":"https:\/\/wp.unil.ch\/ecotopiales\/wp-json\/wp\/v2\/users\/1002526"}],"replies":[{"embeddable":true,"href":"https:\/\/wp.unil.ch\/ecotopiales\/wp-json\/wp\/v2\/comments?post=279"}],"version-history":[{"count":5,"href":"https:\/\/wp.unil.ch\/ecotopiales\/wp-json\/wp\/v2\/pages\/279\/revisions"}],"predecessor-version":[{"id":2895,"href":"https:\/\/wp.unil.ch\/ecotopiales\/wp-json\/wp\/v2\/pages\/279\/revisions\/2895"}],"wp:attachment":[{"href":"https:\/\/wp.unil.ch\/ecotopiales\/wp-json\/wp\/v2\/media?parent=279"}],"curies":[{"name":"wp","href":"https:\/\/api.w.org\/{rel}","templated":true}]}}