{"id":2565,"date":"2025-10-07T12:25:28","date_gmt":"2025-10-07T10:25:28","guid":{"rendered":"https:\/\/wp.unil.ch\/ecotopiales\/?page_id=2565"},"modified":"2025-10-08T15:24:23","modified_gmt":"2025-10-08T13:24:23","slug":"arts-visuels-et-graphiques","status":"publish","type":"page","link":"https:\/\/wp.unil.ch\/ecotopiales\/arts-visuels-et-graphiques\/","title":{"rendered":"ARTS VISUELS ET GRAPHIQUES"},"content":{"rendered":"\n<div class=\"wp-block-columns alignwide is-layout-flex wp-container-core-columns-is-layout-9d6595d7 wp-block-columns-is-layout-flex\">\n<div class=\"wp-block-column is-vertically-aligned-bottom is-layout-flow wp-block-column-is-layout-flow\">\n<h4 class=\"wp-block-heading\"><strong>COMMENT LES ARTISTES REPENSENT NOS FA\u00c7ONS D&rsquo;HABITER LA TERRE ?<\/strong><br>MATIN\u00c9E SCIENTIFIQUE<\/h4>\n<\/div>\n\n\n\n<div class=\"wp-block-column is-vertically-aligned-bottom is-layout-flow wp-block-column-is-layout-flow\">\n<h4 class=\"wp-block-heading\"><strong>REDESSINER NOS RELATIONS AU VIVANT<\/strong><br>ATELIER BANDE DESSIN\u00c9E ET ARTS GRAPHIQUES<\/h4>\n<\/div>\n\n\n\n<div class=\"wp-block-column is-vertically-aligned-bottom is-layout-flow wp-block-column-is-layout-flow\">\n<h4 class=\"wp-block-heading\"><strong>UNE MULTITUDE D\u2019ANIMAUX<\/strong><br>ATELIER TAMPONS ET AFFICHES<\/h4>\n<\/div>\n<\/div>\n\n\n\n<div class=\"wp-block-columns alignwide is-layout-flex wp-container-core-columns-is-layout-9d6595d7 wp-block-columns-is-layout-flex\">\n<div class=\"wp-block-column is-layout-flow wp-block-column-is-layout-flow\">\n<figure class=\"wp-block-image size-full\"><a href=\"https:\/\/wp.unil.ch\/ecotopiales\/matinee-scientifique-du-1er-novembre\/\"><img loading=\"lazy\" decoding=\"async\" width=\"639\" height=\"640\" src=\"https:\/\/wp.unil.ch\/ecotopiales\/files\/2025\/10\/p10-moyenne.jpeg\" alt=\"p10 moyenne\" class=\"wp-image-2561\" srcset=\"https:\/\/wp.unil.ch\/ecotopiales\/files\/2025\/10\/p10-moyenne.jpeg 639w, https:\/\/wp.unil.ch\/ecotopiales\/files\/2025\/10\/p10-moyenne-300x300.jpeg 300w, https:\/\/wp.unil.ch\/ecotopiales\/files\/2025\/10\/p10-moyenne-150x150.jpeg 150w, https:\/\/wp.unil.ch\/ecotopiales\/files\/2025\/10\/p10-moyenne-540x541.jpeg 540w\" sizes=\"auto, (max-width: 639px) 100vw, 639px\" \/><\/a><\/figure>\n<\/div>\n\n\n\n<div class=\"wp-block-column is-vertically-aligned-center is-layout-flow wp-block-column-is-layout-flow\">\n<figure class=\"wp-block-image size-full\"><a href=\"https:\/\/wp.unil.ch\/ecotopiales\/redessiner-nos-relations-au-vivant-comment-se-glisser-grace-a-lart-dans-la-peau-dautres-etres\/\"><img alt=\"\" loading=\"lazy\" decoding=\"async\" width=\"2405\" height=\"1203\" src=\"https:\/\/wp.unil.ch\/ecotopiales\/files\/2024\/09\/GIEC-SF.png\" alt=\"\" class=\"wp-image-875\" srcset=\"https:\/\/wp.unil.ch\/ecotopiales\/files\/2024\/09\/GIEC-SF.png 2405w, https:\/\/wp.unil.ch\/ecotopiales\/files\/2024\/09\/GIEC-SF-300x150.png 300w, https:\/\/wp.unil.ch\/ecotopiales\/files\/2024\/09\/GIEC-SF-1024x512.png 1024w, https:\/\/wp.unil.ch\/ecotopiales\/files\/2024\/09\/GIEC-SF-768x384.png 768w, https:\/\/wp.unil.ch\/ecotopiales\/files\/2024\/09\/GIEC-SF-1536x768.png 1536w, https:\/\/wp.unil.ch\/ecotopiales\/files\/2024\/09\/GIEC-SF-2048x1024.png 2048w, https:\/\/wp.unil.ch\/ecotopiales\/files\/2024\/09\/GIEC-SF-540x270.png 540w, https:\/\/wp.unil.ch\/ecotopiales\/files\/2024\/09\/GIEC-SF-1080x540.png 1080w, https:\/\/wp.unil.ch\/ecotopiales\/files\/2024\/09\/GIEC-SF-1980x990.png 1980w\" sizes=\"auto, (max-width: 2405px) 100vw, 2405px\" \/><\/a><\/figure>\n<\/div>\n\n\n\n<div class=\"wp-block-column is-vertically-aligned-center is-layout-flow wp-block-column-is-layout-flow\">\n<figure class=\"wp-block-image size-full\"><a href=\"https:\/\/wp.unil.ch\/ecotopiales\/une-multitude-danimaux\/\"><img alt=\"\" loading=\"lazy\" decoding=\"async\" width=\"640\" height=\"320\" src=\"https:\/\/wp.unil.ch\/ecotopiales\/files\/2025\/09\/tampon-moyenne.png\" alt=\"\" class=\"wp-image-1709\" srcset=\"https:\/\/wp.unil.ch\/ecotopiales\/files\/2025\/09\/tampon-moyenne.png 640w, https:\/\/wp.unil.ch\/ecotopiales\/files\/2025\/09\/tampon-moyenne-300x150.png 300w, https:\/\/wp.unil.ch\/ecotopiales\/files\/2025\/09\/tampon-moyenne-540x270.png 540w\" sizes=\"auto, (max-width: 640px) 100vw, 640px\" \/><\/a><\/figure>\n<\/div>\n<\/div>\n\n\n\n<div class=\"wp-block-columns alignwide is-layout-flex wp-container-core-columns-is-layout-9d6595d7 wp-block-columns-is-layout-flex\">\n<div class=\"wp-block-column is-layout-flow wp-block-column-is-layout-flow\">\n<p><strong><span style=\"text-decoration: underline\">Date<\/span>\u00a0:<\/strong> Samedi 1<sup>er<\/sup> novembre<\/p>\n\n\n\n<p><strong><span style=\"text-decoration: underline\">Horaire<\/span>\u00a0: <\/strong>09h45 \u2013 12h15<\/p>\n\n\n\n<p><strong><span style=\"text-decoration: underline\">Lieu<\/span>\u00a0:<\/strong> Plateforme 10<\/p>\n\n\n\n<p><strong><span style=\"text-decoration: underline\">\u00c2ge<\/span>\u00a0:<\/strong> d\u00e8s 16 ans<\/p>\n\n\n\n<p class=\"has-large-font-size\"><strong>Participation gratuite<\/strong><\/p>\n\n\n\n<div class=\"wp-block-buttons is-content-justification-center is-layout-flex wp-container-core-buttons-is-layout-16018d1d wp-block-buttons-is-layout-flex\">\n<div class=\"wp-block-button has-custom-width wp-block-button__width-100\"><a class=\"wp-block-button__link has-background has-large-font-size has-custom-font-size wp-element-button\" href=\"https:\/\/wp.unil.ch\/ecotopiales\/matinee-scientifique-du-1er-novembre\" style=\"border-radius:5px;background-color:#e9bcba\">D\u00c9COUVRIR LE PROGRAMME<\/a><\/div>\n<\/div>\n<\/div>\n\n\n\n<div class=\"wp-block-column is-layout-flow wp-block-column-is-layout-flow\">\n<p><strong><span style=\"text-decoration: underline\">Date<\/span>\u00a0: <\/strong>Samedi 1<sup>er<\/sup>\u00a0novembre<\/p>\n\n\n\n<p><strong><span style=\"text-decoration: underline\">Horaire<\/span>\u00a0:<\/strong> 13h15 \u2013 16h30<\/p>\n\n\n\n<p><strong><span style=\"text-decoration: underline\">Lieu<\/span>\u00a0: <\/strong>Plateforme 10<\/p>\n\n\n\n<p><strong><span style=\"text-decoration: underline\">\u00c2ge<\/span>\u00a0:<\/strong> tout \u00e2ge<\/p>\n\n\n\n<p class=\"has-large-font-size\"><strong>Participation gratuite<\/strong><\/p>\n\n\n\n<div class=\"wp-block-buttons is-content-justification-center is-layout-flex wp-container-core-buttons-is-layout-16018d1d wp-block-buttons-is-layout-flex\">\n<div class=\"wp-block-button has-custom-width wp-block-button__width-100\"><a class=\"wp-block-button__link has-background has-large-font-size has-custom-font-size wp-element-button\" href=\"https:\/\/wp.unil.ch\/ecotopiales\/redessiner-nos-relations-au-vivant-comment-se-glisser-grace-a-lart-dans-la-peau-dautres-etres\" style=\"border-radius:5px;background-color:#e9bcba\">D\u00c9COUVRIR L&rsquo;\u00c9V\u00c9NEMENT<\/a><\/div>\n<\/div>\n<\/div>\n\n\n\n<div class=\"wp-block-column is-layout-flow wp-block-column-is-layout-flow\">\n<p><strong><span style=\"text-decoration: underline\">Date<\/span>\u00a0:<\/strong> Samedi 1<sup>er<\/sup>\u00a0novembre<\/p>\n\n\n\n<p><strong><span style=\"text-decoration: underline\">Horaire<\/span>\u00a0:<\/strong> 14h00 \u2013 17h00<\/p>\n\n\n\n<p><strong><span style=\"text-decoration: underline\">Lieu<\/span>\u00a0: <\/strong>Plateforme 10<\/p>\n\n\n\n<p><strong><span style=\"text-decoration: underline\">\u00c2ge<\/span>\u00a0: <\/strong>tout \u00e2ge<\/p>\n\n\n\n<p class=\"has-large-font-size\"><strong>Participation gratuite<\/strong><\/p>\n\n\n\n<div class=\"wp-block-buttons is-layout-flex wp-block-buttons-is-layout-flex\">\n<div class=\"wp-block-button has-custom-width wp-block-button__width-100\"><a class=\"wp-block-button__link has-background has-large-font-size has-text-align-center has-custom-font-size wp-element-button\" href=\"https:\/\/wp.unil.ch\/ecotopiales\/une-multitude-danimaux\" style=\"border-radius:5px;background-color:#e9bcba\">D\u00c9COUVRIR L&rsquo;ATELIER<br><\/a><\/div>\n<\/div>\n<\/div>\n<\/div>\n\n\n\n<p><\/p>\n","protected":false},"excerpt":{"rendered":"<p>COMMENT LES ARTISTES REPENSENT NOS FA\u00c7ONS D&rsquo;HABITER LA TERRE ?MATIN\u00c9E SCIENTIFIQUE REDESSINER NOS RELATIONS AU VIVANTATELIER BANDE DESSIN\u00c9E ET ARTS GRAPHIQUES UNE MULTITUDE D\u2019ANIMAUXATELIER TAMPONS ET AFFICHES Date\u00a0:&hellip;<\/p>\n","protected":false},"author":1002526,"featured_media":0,"parent":0,"menu_order":0,"comment_status":"closed","ping_status":"closed","template":"","meta":{"_seopress_robots_primary_cat":"","_seopress_titles_title":"","_seopress_titles_desc":"","_seopress_robots_index":"","_uag_custom_page_level_css":"","footnotes":""},"class_list":["post-2565","page","type-page","status-publish","has-post-thumbnail"],"uagb_featured_image_src":{"full":false,"thumbnail":false,"medium":false,"medium_large":false,"large":false,"1536x1536":false,"2048x2048":false,"post-thumbnail":false,"chaplin_preview_image_low_resolution":false,"chaplin_preview_image_high_resolution":false,"chaplin_fullscreen":false,"mailpoet_newsletter_max":false},"uagb_author_info":{"display_name":"Niccolo Panozzo","author_link":"https:\/\/wp.unil.ch\/ecotopiales\/author\/npanozzo\/"},"uagb_comment_info":0,"uagb_excerpt":"COMMENT LES ARTISTES REPENSENT NOS FA\u00c7ONS D&rsquo;HABITER LA TERRE ?MATIN\u00c9E SCIENTIFIQUE REDESSINER NOS RELATIONS AU VIVANTATELIER BANDE DESSIN\u00c9E ET ARTS GRAPHIQUES UNE MULTITUDE D\u2019ANIMAUXATELIER TAMPONS ET AFFICHES Date\u00a0:&hellip;","_links":{"self":[{"href":"https:\/\/wp.unil.ch\/ecotopiales\/wp-json\/wp\/v2\/pages\/2565","targetHints":{"allow":["GET"]}}],"collection":[{"href":"https:\/\/wp.unil.ch\/ecotopiales\/wp-json\/wp\/v2\/pages"}],"about":[{"href":"https:\/\/wp.unil.ch\/ecotopiales\/wp-json\/wp\/v2\/types\/page"}],"author":[{"embeddable":true,"href":"https:\/\/wp.unil.ch\/ecotopiales\/wp-json\/wp\/v2\/users\/1002526"}],"replies":[{"embeddable":true,"href":"https:\/\/wp.unil.ch\/ecotopiales\/wp-json\/wp\/v2\/comments?post=2565"}],"version-history":[{"count":4,"href":"https:\/\/wp.unil.ch\/ecotopiales\/wp-json\/wp\/v2\/pages\/2565\/revisions"}],"predecessor-version":[{"id":2607,"href":"https:\/\/wp.unil.ch\/ecotopiales\/wp-json\/wp\/v2\/pages\/2565\/revisions\/2607"}],"wp:attachment":[{"href":"https:\/\/wp.unil.ch\/ecotopiales\/wp-json\/wp\/v2\/media?parent=2565"}],"curies":[{"name":"wp","href":"https:\/\/api.w.org\/{rel}","templated":true}]}}