{"id":2544,"date":"2025-10-07T10:17:16","date_gmt":"2025-10-07T08:17:16","guid":{"rendered":"https:\/\/wp.unil.ch\/ecotopiales\/?page_id=2544"},"modified":"2025-10-08T15:43:36","modified_gmt":"2025-10-08T13:43:36","slug":"theatre-et-arts-vivants","status":"publish","type":"page","link":"https:\/\/wp.unil.ch\/ecotopiales\/theatre-et-arts-vivants\/","title":{"rendered":"TH\u00c9\u00c2TRE ET ARTS VIVANTS"},"content":{"rendered":"\n<div class=\"wp-block-columns alignwide is-layout-flex wp-container-core-columns-is-layout-9d6595d7 wp-block-columns-is-layout-flex\">\n<div class=\"wp-block-column is-vertically-aligned-bottom is-layout-flow wp-block-column-is-layout-flow\">\n<h4 class=\"wp-block-heading\"><strong>R\u00caVER LE VIVANT<\/strong><br>CR\u00c9ER UNE UTOPIE CONCR\u00c8TE<\/h4>\n<\/div>\n\n\n\n<div class=\"wp-block-column is-vertically-aligned-bottom is-layout-flow wp-block-column-is-layout-flow\">\n<h4 class=\"wp-block-heading\"><strong>\u00c9COUTER LES TERRESTRES<\/strong><br>ATELIER DE DRAMATURGIE<\/h4>\n<\/div>\n\n\n\n<div class=\"wp-block-column is-vertically-aligned-bottom is-layout-flow wp-block-column-is-layout-flow\">\n<h4 class=\"wp-block-heading\"><strong>HOLOBIONTES<\/strong><br>SPECTACLE DE DANSE demestri+leveufre<\/h4>\n\n\n\n<p class=\"has-text-align-left has-large-font-size\">Suivi de la <strong>grande rencontre avec <span style=\"text-decoration: underline\">Olivier Hamant <\/span><\/strong><\/p>\n<\/div>\n\n\n\n<div class=\"wp-block-column is-vertically-aligned-bottom is-layout-flow wp-block-column-is-layout-flow\">\n<h4 class=\"wp-block-heading\"><strong>L\u2019ART VIVANT CARNAVALESQUE !<br><\/strong>ATELIER ARTIVISME<\/h4>\n<\/div>\n<\/div>\n\n\n\n<div class=\"wp-block-columns alignwide is-layout-flex wp-container-core-columns-is-layout-9d6595d7 wp-block-columns-is-layout-flex\">\n<div class=\"wp-block-column is-layout-flow wp-block-column-is-layout-flow\">\n<figure class=\"wp-block-image size-full\"><a href=\"https:\/\/wp.unil.ch\/ecotopiales\/rever-le-vivant-creer-une-utopie-concrete\/\"><img loading=\"lazy\" decoding=\"async\" width=\"639\" height=\"640\" src=\"https:\/\/wp.unil.ch\/ecotopiales\/files\/2025\/10\/grange-moyenne.jpeg\" alt=\"grange moyenne\" class=\"wp-image-2545\" srcset=\"https:\/\/wp.unil.ch\/ecotopiales\/files\/2025\/10\/grange-moyenne.jpeg 639w, https:\/\/wp.unil.ch\/ecotopiales\/files\/2025\/10\/grange-moyenne-300x300.jpeg 300w, https:\/\/wp.unil.ch\/ecotopiales\/files\/2025\/10\/grange-moyenne-150x150.jpeg 150w, https:\/\/wp.unil.ch\/ecotopiales\/files\/2025\/10\/grange-moyenne-540x541.jpeg 540w\" sizes=\"auto, (max-width: 639px) 100vw, 639px\" \/><\/a><\/figure>\n\n\n\n<p><strong><span style=\"text-decoration: underline\">Date<\/span>&nbsp;:<\/strong> Vendredi 31 octobre<\/p>\n\n\n\n<p><strong><span style=\"text-decoration: underline\">Horaire<\/span>&nbsp;: <\/strong>14h00 \u2013 17h00<\/p>\n\n\n\n<p><strong><span style=\"text-decoration: underline\">Lieu<\/span>&nbsp;:<\/strong> La Grange \u2013 Unil<\/p>\n\n\n\n<p><strong><span style=\"text-decoration: underline\">\u00c2ge<\/span>&nbsp;:<\/strong> d\u00e8s 12 ans<\/p>\n\n\n\n<p class=\"has-large-font-size\"><strong>Participation gratuite<\/strong><\/p>\n\n\n\n<div class=\"wp-block-buttons is-content-justification-center is-layout-flex wp-container-core-buttons-is-layout-16018d1d wp-block-buttons-is-layout-flex\">\n<div class=\"wp-block-button has-custom-width wp-block-button__width-100\"><a class=\"wp-block-button__link has-background has-large-font-size has-custom-font-size wp-element-button\" href=\"https:\/\/wp.unil.ch\/ecotopiales\/rever-le-vivant-creer-une-utopie-concrete\" style=\"border-radius:5px;background-color:#4a83a6\">D\u00c9COUVRIR L&rsquo;ATELIER<\/a><\/div>\n<\/div>\n<\/div>\n\n\n\n<div class=\"wp-block-column is-layout-flow wp-block-column-is-layout-flow\">\n<figure class=\"wp-block-image size-full\"><a href=\"https:\/\/wp.unil.ch\/ecotopiales\/ecouter-les-terrestres\/\"><img alt=\"\" loading=\"lazy\" decoding=\"async\" width=\"1119\" height=\"1120\" src=\"https:\/\/wp.unil.ch\/ecotopiales\/files\/2024\/09\/vortex.png\" alt=\"\" class=\"wp-image-1070\" style=\"object-fit:cover\" srcset=\"https:\/\/wp.unil.ch\/ecotopiales\/files\/2024\/09\/vortex.png 1119w, https:\/\/wp.unil.ch\/ecotopiales\/files\/2024\/09\/vortex-300x300.png 300w, https:\/\/wp.unil.ch\/ecotopiales\/files\/2024\/09\/vortex-1024x1024.png 1024w, https:\/\/wp.unil.ch\/ecotopiales\/files\/2024\/09\/vortex-150x150.png 150w, https:\/\/wp.unil.ch\/ecotopiales\/files\/2024\/09\/vortex-768x769.png 768w, https:\/\/wp.unil.ch\/ecotopiales\/files\/2024\/09\/vortex-540x540.png 540w, https:\/\/wp.unil.ch\/ecotopiales\/files\/2024\/09\/vortex-1080x1081.png 1080w\" sizes=\"auto, (max-width: 1119px) 100vw, 1119px\" \/><\/a><\/figure>\n\n\n\n<p><strong><span style=\"text-decoration: underline\">Date<\/span>&nbsp;: <\/strong>Vendredi 31 octobre<\/p>\n\n\n\n<p><strong><span style=\"text-decoration: underline\">Horaire<\/span>&nbsp;:<\/strong> 14h00 \u2013 17h00<\/p>\n\n\n\n<p><strong><span style=\"text-decoration: underline\">Lieu<\/span>&nbsp;: <\/strong>Vortex &#8211; Unil<\/p>\n\n\n\n<p><strong><span style=\"text-decoration: underline\">\u00c2ge<\/span>&nbsp;:<\/strong> d\u00e8s 16 ans<\/p>\n\n\n\n<p class=\"has-large-font-size\"><strong>Participation gratuite<\/strong><\/p>\n\n\n\n<div class=\"wp-block-buttons is-content-justification-center is-layout-flex wp-container-core-buttons-is-layout-16018d1d wp-block-buttons-is-layout-flex\">\n<div class=\"wp-block-button has-custom-width wp-block-button__width-100\"><a class=\"wp-block-button__link has-background has-large-font-size has-custom-font-size wp-element-button\" href=\"https:\/\/wp.unil.ch\/ecotopiales\/ecouter-les-terrestres\" style=\"border-radius:5px;background-color:#c3c599\">D\u00c9COUVRIR L&rsquo;ATELIER<\/a><\/div>\n<\/div>\n<\/div>\n\n\n\n<div class=\"wp-block-column is-layout-flow wp-block-column-is-layout-flow\">\n<figure class=\"wp-block-image size-full\"><a href=\"https:\/\/wp.unil.ch\/ecotopiales\/holobiontes\/\"><img loading=\"lazy\" decoding=\"async\" width=\"639\" height=\"640\" src=\"https:\/\/wp.unil.ch\/ecotopiales\/files\/2025\/10\/grange-moyenne.jpeg\" alt=\"grange moyenne\" class=\"wp-image-2545\" style=\"object-fit:cover\" srcset=\"https:\/\/wp.unil.ch\/ecotopiales\/files\/2025\/10\/grange-moyenne.jpeg 639w, https:\/\/wp.unil.ch\/ecotopiales\/files\/2025\/10\/grange-moyenne-300x300.jpeg 300w, https:\/\/wp.unil.ch\/ecotopiales\/files\/2025\/10\/grange-moyenne-150x150.jpeg 150w, https:\/\/wp.unil.ch\/ecotopiales\/files\/2025\/10\/grange-moyenne-540x541.jpeg 540w\" sizes=\"auto, (max-width: 639px) 100vw, 639px\" \/><\/a><\/figure>\n\n\n\n<p><strong><span style=\"text-decoration: underline\">Date<\/span>&nbsp;:<\/strong> Vendredi 31 octobre<\/p>\n\n\n\n<p><strong><span style=\"text-decoration: underline\">Horaire<\/span>&nbsp;:<\/strong> 19h00 \u2013 20h00<\/p>\n\n\n\n<p><strong><span style=\"text-decoration: underline\">Lieu<\/span>&nbsp;: <\/strong>La Grange &#8211; Unil<\/p>\n\n\n\n<p><strong><span style=\"text-decoration: underline\">\u00c2ge<\/span>&nbsp;: <\/strong>d\u00e8s 12 ans<\/p>\n\n\n\n<p class=\"has-large-font-size\"><strong>Prix :<\/strong> 30.- \/ 20.- \/ 10.-<\/p>\n\n\n\n<div class=\"wp-block-buttons is-layout-flex wp-block-buttons-is-layout-flex\">\n<div class=\"wp-block-button has-custom-width wp-block-button__width-100\"><a class=\"wp-block-button__link has-background has-large-font-size has-custom-font-size wp-element-button\" href=\"https:\/\/wp.unil.ch\/ecotopiales\/holobiontes\" style=\"border-radius:5px;background-color:#4a83a6\">VERS LA BILLETERIE<\/a><\/div>\n<\/div>\n<\/div>\n\n\n\n<div class=\"wp-block-column is-layout-flow wp-block-column-is-layout-flow\">\n<figure class=\"wp-block-image size-large\"><a href=\"https:\/\/wp.unil.ch\/ecotopiales\/le-carnaval-du-vivant\/\"><img alt=\"\" loading=\"lazy\" decoding=\"async\" width=\"1024\" height=\"1013\" src=\"https:\/\/wp.unil.ch\/ecotopiales\/files\/2024\/09\/amphimax-1024x1013.png\" alt=\"\" class=\"wp-image-1071\" srcset=\"https:\/\/wp.unil.ch\/ecotopiales\/files\/2024\/09\/amphimax-1024x1013.png 1024w, https:\/\/wp.unil.ch\/ecotopiales\/files\/2024\/09\/amphimax-300x297.png 300w, https:\/\/wp.unil.ch\/ecotopiales\/files\/2024\/09\/amphimax-768x760.png 768w, https:\/\/wp.unil.ch\/ecotopiales\/files\/2024\/09\/amphimax-540x534.png 540w, https:\/\/wp.unil.ch\/ecotopiales\/files\/2024\/09\/amphimax-1080x1068.png 1080w, https:\/\/wp.unil.ch\/ecotopiales\/files\/2024\/09\/amphimax.png 1213w\" sizes=\"auto, (max-width: 1024px) 100vw, 1024px\" \/><\/a><\/figure>\n\n\n\n<p><strong><span style=\"text-decoration: underline\">Date<\/span>&nbsp;: <\/strong>Vendredi 31 octobre<\/p>\n\n\n\n<p><strong><span style=\"text-decoration: underline\">Horaire<\/span>&nbsp;: <\/strong>14h00 \u2013 17h00<\/p>\n\n\n\n<p><strong><span style=\"text-decoration: underline\">Lieu<\/span>&nbsp;: <\/strong>Amphimax 412 \u2013 Unil<\/p>\n\n\n\n<p><strong><span style=\"text-decoration: underline\">\u00c2ge<\/span> : <\/strong>d\u00e8s 16 ans<\/p>\n\n\n\n<p class=\"has-large-font-size\"><strong>Participation gratuite<\/strong><\/p>\n\n\n\n<div class=\"wp-block-buttons is-layout-flex wp-block-buttons-is-layout-flex\">\n<div class=\"wp-block-button has-custom-width wp-block-button__width-100\"><a class=\"wp-block-button__link has-background has-large-font-size has-custom-font-size wp-element-button\" href=\"https:\/\/wp.unil.ch\/ecotopiales\/le-carnaval-du-vivant\" style=\"border-radius:5px;background-color:#8192c7\">D\u00c9COUVRIR L&rsquo;ATELIER<\/a><\/div>\n<\/div>\n<\/div>\n<\/div>\n\n\n\n<p><\/p>\n","protected":false},"excerpt":{"rendered":"<p>R\u00caVER LE VIVANTCR\u00c9ER UNE UTOPIE CONCR\u00c8TE \u00c9COUTER LES TERRESTRESATELIER DE DRAMATURGIE HOLOBIONTESSPECTACLE DE DANSE demestri+leveufre Suivi de la grande rencontre avec Olivier Hamant L\u2019ART VIVANT CARNAVALESQUE !ATELIER ARTIVISME&hellip;<\/p>\n","protected":false},"author":1002526,"featured_media":0,"parent":0,"menu_order":0,"comment_status":"closed","ping_status":"closed","template":"","meta":{"_seopress_robots_primary_cat":"","_seopress_titles_title":"","_seopress_titles_desc":"","_seopress_robots_index":"","_uag_custom_page_level_css":"","footnotes":""},"class_list":["post-2544","page","type-page","status-publish","has-post-thumbnail"],"uagb_featured_image_src":{"full":false,"thumbnail":false,"medium":false,"medium_large":false,"large":false,"1536x1536":false,"2048x2048":false,"post-thumbnail":false,"chaplin_preview_image_low_resolution":false,"chaplin_preview_image_high_resolution":false,"chaplin_fullscreen":false,"mailpoet_newsletter_max":false},"uagb_author_info":{"display_name":"Niccolo Panozzo","author_link":"https:\/\/wp.unil.ch\/ecotopiales\/author\/npanozzo\/"},"uagb_comment_info":0,"uagb_excerpt":"R\u00caVER LE VIVANTCR\u00c9ER UNE UTOPIE CONCR\u00c8TE \u00c9COUTER LES TERRESTRESATELIER DE DRAMATURGIE HOLOBIONTESSPECTACLE DE DANSE demestri+leveufre Suivi de la grande rencontre avec Olivier Hamant L\u2019ART VIVANT CARNAVALESQUE !ATELIER ARTIVISME&hellip;","_links":{"self":[{"href":"https:\/\/wp.unil.ch\/ecotopiales\/wp-json\/wp\/v2\/pages\/2544","targetHints":{"allow":["GET"]}}],"collection":[{"href":"https:\/\/wp.unil.ch\/ecotopiales\/wp-json\/wp\/v2\/pages"}],"about":[{"href":"https:\/\/wp.unil.ch\/ecotopiales\/wp-json\/wp\/v2\/types\/page"}],"author":[{"embeddable":true,"href":"https:\/\/wp.unil.ch\/ecotopiales\/wp-json\/wp\/v2\/users\/1002526"}],"replies":[{"embeddable":true,"href":"https:\/\/wp.unil.ch\/ecotopiales\/wp-json\/wp\/v2\/comments?post=2544"}],"version-history":[{"count":5,"href":"https:\/\/wp.unil.ch\/ecotopiales\/wp-json\/wp\/v2\/pages\/2544\/revisions"}],"predecessor-version":[{"id":2613,"href":"https:\/\/wp.unil.ch\/ecotopiales\/wp-json\/wp\/v2\/pages\/2544\/revisions\/2613"}],"wp:attachment":[{"href":"https:\/\/wp.unil.ch\/ecotopiales\/wp-json\/wp\/v2\/media?parent=2544"}],"curies":[{"name":"wp","href":"https:\/\/api.w.org\/{rel}","templated":true}]}}