{"id":2263,"date":"2025-09-29T22:15:58","date_gmt":"2025-09-29T20:15:58","guid":{"rendered":"https:\/\/wp.unil.ch\/ecotopiales\/?page_id=2263"},"modified":"2026-01-27T13:40:35","modified_gmt":"2026-01-27T12:40:35","slug":"lequipe-du-festival-2","status":"publish","type":"page","link":"https:\/\/wp.unil.ch\/ecotopiales\/lequipe-du-festival-2\/","title":{"rendered":"L&rsquo;\u00c9QUIPE DU FESTIVAL"},"content":{"rendered":"\n<p><strong>Le festival&nbsp;<em>\u00c9cotopiales<\/em>&nbsp;est n\u00e9 sous l&rsquo;impulsion de <a href=\"https:\/\/wp.unil.ch\/ecotopiales\/lobservatoire-des-recits-et-imaginaires-de-lanthropocene\/\" data-type=\"link\" data-id=\"https:\/\/wp.unil.ch\/ecotopiales\/lobservatoire-des-recits-et-imaginaires-de-lanthropocene\/\">l\u2019ORIA<\/a>, l\u2019Observatoire des r\u00e9cits et des imaginaires de l\u2019anthropoc\u00e8ne qui r\u00e9unit des jeunes chercheur\u00b7euses de l&rsquo;Unil pour promouvoir la recherche autour des nouveaux imaginaires \u00e9cologiques et des enjeux de durabilit\u00e9.<\/strong><\/p>\n\n\n\n<p><strong>L&rsquo;\u00e9dition 2025 du festival <em>\u00c9cotopiales<\/em> n\u2019aurait pas pu voir le jour sans l&rsquo;engagement des personnes suivantes :<\/strong>&nbsp;<\/p>\n\n\n\n<h2 class=\"wp-block-heading\">Les chercheuses et chercheurs de l&rsquo;Unil<\/h2>\n\n\n\n<p>La conception du festival a b\u00e9n\u00e9fici\u00e9 des conseils des chercheur\u00b7euses Unil suivant\u00b7es&nbsp;:<\/p>\n\n\n\n<p><strong>Laurence Kaufmann<\/strong> (SSP),&nbsp;<strong>Nathalie Dietschy<\/strong> (Facult\u00e9 des Lettres), <strong>Mireille Berton<\/strong> (Facult\u00e9 des Lettres), <strong>Val\u00e9rie Coss<\/strong>y (Facult\u00e9 des Lettres), <strong>G\u00e9rald Hess<\/strong> (FGSE),&nbsp;<strong>Gaspard Turin<\/strong> (Facult\u00e9 des Lettres), <strong>Agnieszka Soltysik Monnet<\/strong> (Facult\u00e9 des Lettres), <strong>V\u00e9ronique Boillet<\/strong> (FDCA)<\/p>\n\n\n\n<p>La conception des diff\u00e9rents ateliers ou \u00e9v\u00e9nements a b\u00e9n\u00e9fici\u00e9 de l&rsquo;expertise des chercheur\u00b7euses Unil suivant\u00b7es&nbsp;:<\/p>\n\n\n\n<ul class=\"wp-block-list\">\n<li><strong>Danielle Chaperon<\/strong>,&nbsp;Facult\u00e9 des Lettres, CET<\/li>\n\n\n\n<li><strong>Jean-Andr\u00e9 Davy-Guidicelli<\/strong>, FGSE et CCD<\/li>\n\n\n\n<li><strong>Damien Delorme<\/strong>, FGSE, IGD<\/li>\n\n\n\n<li><strong>Cl\u00e9mence Demay<\/strong>, FDCA<\/li>\n\n\n\n<li><strong>Brian Favre<\/strong>, FDCA<\/li>\n\n\n\n<li><strong>Chlo\u00e9 Hofmann,&nbsp;<\/strong>Facult\u00e9 des Lettres, CEC<\/li>\n\n\n\n<li><strong>Dominique Kunz Westeroff<\/strong>, Facult\u00e9 des Lettres<\/li>\n\n\n\n<li><strong>Lise Michel<\/strong>, Facult\u00e9 des Lettres<\/li>\n\n\n\n<li><strong>Jeanne de Roquefeuil<\/strong>, Facult\u00e9 des Lettres, CIN<\/li>\n\n\n\n<li><strong>Raphaela Von Weichs<\/strong>, FTSR<\/li>\n\n\n\n<li><strong>L\u00e9onore Vuissoz<\/strong>, FTSR<\/li>\n<\/ul>\n\n\n\n<h2 class=\"wp-block-heading\">Les partenaires culturels et institutionnels <\/h2>\n\n\n\n<ul class=\"wp-block-list\">\n<li><strong>Faye Corth\u00e9sy<\/strong>, Le Cin\u00e9matographe<\/li>\n\n\n\n<li><strong>\u00c9ric Vautrin<\/strong>, Th\u00e9\u00e2tre de Vidy<\/li>\n\n\n\n<li><strong>Ga\u00eblle Kovaliv<\/strong>, BDFIL<\/li>\n\n\n\n<li><strong>Patrick Gyger<\/strong>, Plateforme 10<\/li>\n\n\n\n<li><strong>Vincent Gerber<\/strong>, Amis de la Maison d&rsquo;Ailleurs (AMDA)<\/li>\n\n\n\n<li><strong>Alexia Ryf &amp;&nbsp;Alexandra Weber Berney<\/strong>, Biblioth\u00e8que cantonale et universitaire &#8211; Lausanne (BCUL)<\/li>\n\n\n\n<li><strong>Fanny Meyer<\/strong>, Service des biblioth\u00e8ques et archives, Ville de Lausanne<\/li>\n\n\n\n<li><strong>Yvane Chapuis<\/strong>, La Manufacture<\/li>\n\n\n\n<li><strong>Catherine Dafflon<\/strong>, WWF Youth<\/li>\n\n\n\n<li><strong>Chantal Peyer<\/strong>, HUB des Possibles<\/li>\n\n\n\n<li><strong>Antoine Viredaz<\/strong>, Presses Inverses<\/li>\n\n\n\n<li><strong>Heinz Dill<\/strong>, Louise va au cin\u00e9ma<\/li>\n<\/ul>\n\n\n\n<h2 class=\"wp-block-heading\">Le partenariat presse<\/h2>\n\n\n\n<ul class=\"wp-block-list\">\n<li><strong>Cl\u00e9ment Grandjean, <\/strong>Terre &amp; Nature<strong>&nbsp;<\/strong><\/li>\n<\/ul>\n\n\n\n<h2 class=\"wp-block-heading\">L&rsquo;\u00e9quipe op\u00e9rationnelle<\/h2>\n\n\n\n<ul class=\"wp-block-list\">\n<li class=\"has-normal-font-size\"><strong>Colin Pahlisch <\/strong>: Coordinateur g\u00e9n\u00e9ral, Centre de comp\u00e9tences en durabilit\u00e9 (CCD) et Facult\u00e9 des Lettres<\/li>\n\n\n\n<li class=\"has-normal-font-size\"><strong>El\u00e9a T\u00e9cher<\/strong> : Coordinatrice adjointe, CCD<\/li>\n\n\n\n<li class=\"has-normal-font-size\"><strong>Niccol\u00f2 Panozzo<\/strong> : Responsable de la communication, CCD<\/li>\n\n\n\n<li><strong>Horace Perret<\/strong>, M\u00e9diateur scientifique<\/li>\n\n\n\n<li><strong>Johanna Codourey<\/strong>, Facult\u00e9 des Lettres, CET<\/li>\n<\/ul>\n\n\n\n<h2 class=\"wp-block-heading\">Le comit\u00e9 de pilotage<\/h2>\n\n\n\n<ul class=\"wp-block-list\">\n<li class=\"has-normal-font-size\"><strong>Nelly Niwa<\/strong> : Directrice du CCD<\/li>\n\n\n\n<li class=\"has-normal-font-size\"><strong>Marie Neumann<\/strong> : Cheffe de service du SCMS<\/li>\n\n\n\n<li class=\"has-normal-font-size\"><strong>Thomas Jaccard<\/strong> : Chef du P\u00f4le Formation du CCD<\/li>\n<\/ul>\n","protected":false},"excerpt":{"rendered":"<p>Le festival&nbsp;\u00c9cotopiales&nbsp;est n\u00e9 sous l&rsquo;impulsion de l\u2019ORIA, l\u2019Observatoire des r\u00e9cits et des imaginaires de l\u2019anthropoc\u00e8ne qui r\u00e9unit des jeunes chercheur\u00b7euses de l&rsquo;Unil pour promouvoir la recherche autour des&hellip;<\/p>\n","protected":false},"author":1002526,"featured_media":0,"parent":0,"menu_order":0,"comment_status":"closed","ping_status":"closed","template":"template-full-width.php","meta":{"_seopress_robots_primary_cat":"","_seopress_titles_title":"","_seopress_titles_desc":"","_seopress_robots_index":"","_uag_custom_page_level_css":"","footnotes":""},"class_list":["post-2263","page","type-page","status-publish","has-post-thumbnail"],"uagb_featured_image_src":{"full":false,"thumbnail":false,"medium":false,"medium_large":false,"large":false,"1536x1536":false,"2048x2048":false,"post-thumbnail":false,"chaplin_preview_image_low_resolution":false,"chaplin_preview_image_high_resolution":false,"chaplin_fullscreen":false,"mailpoet_newsletter_max":false},"uagb_author_info":{"display_name":"Niccolo Panozzo","author_link":"https:\/\/wp.unil.ch\/ecotopiales\/author\/npanozzo\/"},"uagb_comment_info":0,"uagb_excerpt":"Le festival&nbsp;\u00c9cotopiales&nbsp;est n\u00e9 sous l&rsquo;impulsion de l\u2019ORIA, l\u2019Observatoire des r\u00e9cits et des imaginaires de l\u2019anthropoc\u00e8ne qui r\u00e9unit des jeunes chercheur\u00b7euses de l&rsquo;Unil pour promouvoir la recherche autour des&hellip;","_links":{"self":[{"href":"https:\/\/wp.unil.ch\/ecotopiales\/wp-json\/wp\/v2\/pages\/2263","targetHints":{"allow":["GET"]}}],"collection":[{"href":"https:\/\/wp.unil.ch\/ecotopiales\/wp-json\/wp\/v2\/pages"}],"about":[{"href":"https:\/\/wp.unil.ch\/ecotopiales\/wp-json\/wp\/v2\/types\/page"}],"author":[{"embeddable":true,"href":"https:\/\/wp.unil.ch\/ecotopiales\/wp-json\/wp\/v2\/users\/1002526"}],"replies":[{"embeddable":true,"href":"https:\/\/wp.unil.ch\/ecotopiales\/wp-json\/wp\/v2\/comments?post=2263"}],"version-history":[{"count":5,"href":"https:\/\/wp.unil.ch\/ecotopiales\/wp-json\/wp\/v2\/pages\/2263\/revisions"}],"predecessor-version":[{"id":2999,"href":"https:\/\/wp.unil.ch\/ecotopiales\/wp-json\/wp\/v2\/pages\/2263\/revisions\/2999"}],"wp:attachment":[{"href":"https:\/\/wp.unil.ch\/ecotopiales\/wp-json\/wp\/v2\/media?parent=2263"}],"curies":[{"name":"wp","href":"https:\/\/api.w.org\/{rel}","templated":true}]}}

L&rsquo;ÉQUIPE DU FESTIVAL

<p><strong>Le festival&nbsp;<em>Écotopiales</em>&nbsp;est né sous l&rsquo;impulsion de <a href="https://wp.unil.ch/ecotopiales/lobservatoire-des-recits-et-imaginaires-de-lanthropocene/" data-type="link" data-id="https://wp.unil.ch/ecotopiales/lobservatoire-des-recits-et-imaginaires-de-lanthropocene/">l’ORIA</a>, l’Observatoire des récits et des imaginaires de l’anthropocène qui réunit des jeunes chercheur·euses de l&rsquo;Unil pour promouvoir la recherche autour des nouveaux imaginaires écologiques et des enjeux de durabilité.</strong></p>



<p><strong>L&rsquo;édition 2025 du festival <em>Écotopiales</em> n’aurait pas pu voir le jour sans l&rsquo;engagement des personnes suivantes :</strong>&nbsp;</p>



<h2 class="wp-block-heading">Les chercheuses et chercheurs de l&rsquo;Unil</h2>



<p>La conception du festival a bénéficié des conseils des chercheur·euses Unil suivant·es&nbsp;:</p>



<p><strong>Laurence Kaufmann</strong> (SSP),&nbsp;<strong>Nathalie Dietschy</strong> (Faculté des Lettres), <strong>Mireille Berton</strong> (Faculté des Lettres), <strong>Valérie Coss</strong>y (Faculté des Lettres), <strong>Gérald Hess</strong> (FGSE),&nbsp;<strong>Gaspard Turin</strong> (Faculté des Lettres), <strong>Agnieszka Soltysik Monnet</strong> (Faculté des Lettres), <strong>Véronique Boillet</strong> (FDCA)</p>



<p>La conception des différents ateliers ou événements a bénéficié de l&rsquo;expertise des chercheur·euses Unil suivant·es&nbsp;:</p>



<ul class="wp-block-list">
<li><strong>Danielle Chaperon</strong>,&nbsp;Faculté des Lettres, CET</li>



<li><strong>Jean-André Davy-Guidicelli</strong>, FGSE et CCD</li>



<li><strong>Damien Delorme</strong>, FGSE, IGD</li>



<li><strong>Clémence Demay</strong>, FDCA</li>



<li><strong>Brian Favre</strong>, FDCA</li>



<li><strong>Chloé Hofmann,&nbsp;</strong>Faculté des Lettres, CEC</li>



<li><strong>Dominique Kunz Westeroff</strong>, Faculté des Lettres</li>



<li><strong>Lise Michel</strong>, Faculté des Lettres</li>



<li><strong>Jeanne de Roquefeuil</strong>, Faculté des Lettres, CIN</li>



<li><strong>Raphaela Von Weichs</strong>, FTSR</li>



<li><strong>Léonore Vuissoz</strong>, FTSR</li>
</ul>



<h2 class="wp-block-heading">Les partenaires culturels et institutionnels </h2>



<ul class="wp-block-list">
<li><strong>Faye Corthésy</strong>, Le Cinématographe</li>



<li><strong>Éric Vautrin</strong>, Théâtre de Vidy</li>



<li><strong>Gaëlle Kovaliv</strong>, BDFIL</li>



<li><strong>Patrick Gyger</strong>, Plateforme 10</li>



<li><strong>Vincent Gerber</strong>, Amis de la Maison d&rsquo;Ailleurs (AMDA)</li>



<li><strong>Alexia Ryf &amp;&nbsp;Alexandra Weber Berney</strong>, Bibliothèque cantonale et universitaire &#8211; Lausanne (BCUL)</li>



<li><strong>Fanny Meyer</strong>, Service des bibliothèques et archives, Ville de Lausanne</li>



<li><strong>Yvane Chapuis</strong>, La Manufacture</li>



<li><strong>Catherine Dafflon</strong>, WWF Youth</li>



<li><strong>Chantal Peyer</strong>, HUB des Possibles</li>



<li><strong>Antoine Viredaz</strong>, Presses Inverses</li>



<li><strong>Heinz Dill</strong>, Louise va au cinéma</li>
</ul>



<h2 class="wp-block-heading">Le partenariat presse</h2>



<ul class="wp-block-list">
<li><strong>Clément Grandjean, </strong>Terre &amp; Nature<strong>&nbsp;</strong></li>
</ul>



<h2 class="wp-block-heading">L&rsquo;équipe opérationnelle</h2>



<ul class="wp-block-list">
<li class="has-normal-font-size"><strong>Colin Pahlisch </strong>: Coordinateur général, Centre de compétences en durabilité (CCD) et Faculté des Lettres</li>



<li class="has-normal-font-size"><strong>Eléa Técher</strong> : Coordinatrice adjointe, CCD</li>



<li class="has-normal-font-size"><strong>Niccolò Panozzo</strong> : Responsable de la communication, CCD</li>



<li><strong>Horace Perret</strong>, Médiateur scientifique</li>



<li><strong>Johanna Codourey</strong>, Faculté des Lettres, CET</li>
</ul>



<h2 class="wp-block-heading">Le comité de pilotage</h2>



<ul class="wp-block-list">
<li class="has-normal-font-size"><strong>Nelly Niwa</strong> : Directrice du CCD</li>



<li class="has-normal-font-size"><strong>Marie Neumann</strong> : Cheffe de service du SCMS</li>



<li class="has-normal-font-size"><strong>Thomas Jaccard</strong> : Chef du Pôle Formation du CCD</li>
</ul>

<p>Le festival&nbsp;Écotopiales&nbsp;est né sous l&rsquo;impulsion de l’ORIA, l’Observatoire des récits et des imaginaires de l’anthropocène qui réunit des jeunes chercheur·euses de l&rsquo;Unil pour promouvoir la recherche autour des&hellip;</p>

Le festival&nbsp;Écotopiales&nbsp;est né sous l&rsquo;impulsion de l’ORIA, l’Observatoire des récits et des imaginaires de l’anthropocène qui réunit des jeunes chercheur·euses de l&rsquo;Unil pour promouvoir la recherche autour des&hellip;
