{"id":2144,"date":"2025-09-29T14:44:34","date_gmt":"2025-09-29T12:44:34","guid":{"rendered":"https:\/\/wp.unil.ch\/ecotopiales\/?page_id=2144"},"modified":"2025-10-04T17:31:10","modified_gmt":"2025-10-04T15:31:10","slug":"une-multitude-danimaux","status":"publish","type":"page","link":"https:\/\/wp.unil.ch\/ecotopiales\/une-multitude-danimaux\/","title":{"rendered":"UNE MULTITUDE D&rsquo;ANIMAUX"},"content":{"rendered":"\n<div class=\"wp-block-media-text has-media-on-the-right is-stacked-on-mobile\"><div class=\"wp-block-media-text__content\">\n<h2 class=\"wp-block-heading has-text-align-left\">Atelier pratique tampons et affiches<\/h2>\n\n\n\n<p class=\"has-text-align-left\"><\/p>\n\n\n\n<p><span style=\"text-decoration: underline\">Lieu<\/span> : Plateforme 10<\/p>\n\n\n\n<p><span style=\"text-decoration: underline\">Date<\/span> : Samedi 1<sup>er<\/sup> novembre<\/p>\n\n\n\n<p><strong>Horaires<\/strong> : 14h00 &#8211; 17h00<\/p>\n\n\n\n<p><span style=\"text-decoration: underline\">\u00c2ge<\/span> : toute \u00e2ge<\/p>\n\n\n\n<p class=\"has-large-font-size\"><strong>Participation gratuite<\/strong><\/p>\n<\/div><figure class=\"wp-block-media-text__media\"><img alt=\"\" loading=\"lazy\" decoding=\"async\" width=\"1024\" height=\"1024\" src=\"https:\/\/wp.unil.ch\/ecotopiales\/files\/2024\/09\/plateforme-10-1024x1024.jpeg\" alt=\"\" class=\"wp-image-480 size-full\" srcset=\"https:\/\/wp.unil.ch\/ecotopiales\/files\/2024\/09\/plateforme-10-1024x1024.jpeg 1024w, https:\/\/wp.unil.ch\/ecotopiales\/files\/2024\/09\/plateforme-10-300x300.jpeg 300w, https:\/\/wp.unil.ch\/ecotopiales\/files\/2024\/09\/plateforme-10-150x150.jpeg 150w, https:\/\/wp.unil.ch\/ecotopiales\/files\/2024\/09\/plateforme-10-768x768.jpeg 768w, https:\/\/wp.unil.ch\/ecotopiales\/files\/2024\/09\/plateforme-10-540x540.jpeg 540w, https:\/\/wp.unil.ch\/ecotopiales\/files\/2024\/09\/plateforme-10-1080x1080.jpeg 1080w, https:\/\/wp.unil.ch\/ecotopiales\/files\/2024\/09\/plateforme-10.jpeg 1200w\" sizes=\"auto, (max-width: 1024px) 100vw, 1024px\" \/><\/figure><\/div>\n\n\n\n<p class=\"has-drop-cap has-large-font-size\">R\u00e9alisation de tampons grav\u00e9s d\u2019animaux inspir\u00e9s du style de F\u00e9lix Vallotton.<\/p>\n\n\n\n<p>Les tampons serviront ensuite pour cr\u00e9er une fresque collaborative du vivant.<\/p>\n\n\n\n<p>L&rsquo;atelier est <span style=\"text-decoration: underline\">cr\u00e9e par Gis\u00e8le Comte,<\/span> m\u00e9diatrice culturelle au Mus\u00e9e Cantonal des Beaux-Arts de Lausanne.<\/p>\n\n\n<div class=\"wp-block-image\">\n<figure class=\"aligncenter size-full is-resized\"><img alt=\"\" loading=\"lazy\" decoding=\"async\" width=\"640\" height=\"320\" src=\"https:\/\/wp.unil.ch\/ecotopiales\/files\/2025\/09\/tampon-moyenne.png\" alt=\"\" class=\"wp-image-1709\" style=\"width:400px\" srcset=\"https:\/\/wp.unil.ch\/ecotopiales\/files\/2025\/09\/tampon-moyenne.png 640w, https:\/\/wp.unil.ch\/ecotopiales\/files\/2025\/09\/tampon-moyenne-300x150.png 300w, https:\/\/wp.unil.ch\/ecotopiales\/files\/2025\/09\/tampon-moyenne-540x270.png 540w\" sizes=\"auto, (max-width: 640px) 100vw, 640px\" \/><\/figure>\n<\/div>\n\n\n<div class=\"wp-block-buttons is-content-justification-center is-layout-flex wp-container-core-buttons-is-layout-16018d1d wp-block-buttons-is-layout-flex\">\n<div class=\"wp-block-button has-custom-width wp-block-button__width-75\"><a class=\"wp-block-button__link has-background has-larger-font-size has-custom-font-size wp-element-button\" href=\"https:\/\/events.unil.ch\/register\/538\/1001\" style=\"border-radius:5px;background-color:#8eb3c9\">JE M&rsquo;INSCRIS \u00c0 CET ATELIER !<\/a><\/div>\n<\/div>\n\n\n\n<div style=\"height:20px\" aria-hidden=\"true\" class=\"wp-block-spacer\"><\/div>\n\n\n\n<p class=\"has-text-align-center has-large-font-size\">Cet \u00e9v\u00e9nement est organis\u00e9 en collaboration avec<\/p>\n\n\n\n<div class=\"wp-block-columns alignwide is-layout-flex wp-container-core-columns-is-layout-9d6595d7 wp-block-columns-is-layout-flex\">\n<div class=\"wp-block-column is-vertically-aligned-center is-layout-flow wp-block-column-is-layout-flow\"><\/div>\n\n\n\n<div class=\"wp-block-column is-vertically-aligned-center is-layout-flow wp-block-column-is-layout-flow\"><div class=\"wp-block-image\">\n<figure class=\"aligncenter size-full is-resized\"><a href=\"https:\/\/plateforme10.ch\"><img alt=\"\" loading=\"lazy\" decoding=\"async\" width=\"1000\" height=\"394\" src=\"https:\/\/wp.unil.ch\/ecotopiales\/files\/2024\/08\/Plateforme10.png\" alt=\"\" class=\"wp-image-211\" style=\"width:200px\" srcset=\"https:\/\/wp.unil.ch\/ecotopiales\/files\/2024\/08\/Plateforme10.png 1000w, https:\/\/wp.unil.ch\/ecotopiales\/files\/2024\/08\/Plateforme10-300x118.png 300w, https:\/\/wp.unil.ch\/ecotopiales\/files\/2024\/08\/Plateforme10-768x303.png 768w, https:\/\/wp.unil.ch\/ecotopiales\/files\/2024\/08\/Plateforme10-540x213.png 540w\" sizes=\"auto, (max-width: 1000px) 100vw, 1000px\" \/><\/a><\/figure>\n<\/div><\/div>\n\n\n\n<div class=\"wp-block-column is-vertically-aligned-center is-layout-flow wp-block-column-is-layout-flow\"><\/div>\n<\/div>\n\n\n\n<div class=\"wp-block-buttons is-content-justification-center is-layout-flex wp-container-core-buttons-is-layout-16018d1d wp-block-buttons-is-layout-flex\">\n<div class=\"wp-block-button is-style-outline is-style-outline--1\"><a class=\"wp-block-button__link has-buttons-background-color has-buttons-text-background-color has-text-color has-background has-link-color has-large-font-size has-custom-font-size wp-element-button\" href=\"https:\/\/wp.unil.ch\/ecotopiales\/1er-novembre-le-festival-se-promene-en-ville\/\">RETOUR AU PROGRAMME DU 1ER NOVEMBRE<\/a><\/div>\n<\/div>\n","protected":false},"excerpt":{"rendered":"<p>Atelier pratique tampons et affiches Lieu : Plateforme 10 Date : Samedi 1er novembre Horaires : 14h00 &#8211; 17h00 \u00c2ge : toute \u00e2ge Participation gratuite R\u00e9alisation de tampons&hellip;<\/p>\n","protected":false},"author":1002526,"featured_media":0,"parent":0,"menu_order":0,"comment_status":"closed","ping_status":"closed","template":"template-full-width.php","meta":{"_seopress_robots_primary_cat":"","_seopress_titles_title":"","_seopress_titles_desc":"","_seopress_robots_index":"","_uag_custom_page_level_css":"","footnotes":""},"class_list":["post-2144","page","type-page","status-publish","has-post-thumbnail"],"uagb_featured_image_src":{"full":false,"thumbnail":false,"medium":false,"medium_large":false,"large":false,"1536x1536":false,"2048x2048":false,"post-thumbnail":false,"chaplin_preview_image_low_resolution":false,"chaplin_preview_image_high_resolution":false,"chaplin_fullscreen":false,"mailpoet_newsletter_max":false},"uagb_author_info":{"display_name":"Niccolo Panozzo","author_link":"https:\/\/wp.unil.ch\/ecotopiales\/author\/npanozzo\/"},"uagb_comment_info":0,"uagb_excerpt":"Atelier pratique tampons et affiches Lieu : Plateforme 10 Date : Samedi 1er novembre Horaires : 14h00 &#8211; 17h00 \u00c2ge : toute \u00e2ge Participation gratuite R\u00e9alisation de tampons&hellip;","_links":{"self":[{"href":"https:\/\/wp.unil.ch\/ecotopiales\/wp-json\/wp\/v2\/pages\/2144","targetHints":{"allow":["GET"]}}],"collection":[{"href":"https:\/\/wp.unil.ch\/ecotopiales\/wp-json\/wp\/v2\/pages"}],"about":[{"href":"https:\/\/wp.unil.ch\/ecotopiales\/wp-json\/wp\/v2\/types\/page"}],"author":[{"embeddable":true,"href":"https:\/\/wp.unil.ch\/ecotopiales\/wp-json\/wp\/v2\/users\/1002526"}],"replies":[{"embeddable":true,"href":"https:\/\/wp.unil.ch\/ecotopiales\/wp-json\/wp\/v2\/comments?post=2144"}],"version-history":[{"count":5,"href":"https:\/\/wp.unil.ch\/ecotopiales\/wp-json\/wp\/v2\/pages\/2144\/revisions"}],"predecessor-version":[{"id":2482,"href":"https:\/\/wp.unil.ch\/ecotopiales\/wp-json\/wp\/v2\/pages\/2144\/revisions\/2482"}],"wp:attachment":[{"href":"https:\/\/wp.unil.ch\/ecotopiales\/wp-json\/wp\/v2\/media?parent=2144"}],"curies":[{"name":"wp","href":"https:\/\/api.w.org\/{rel}","templated":true}]}}

<div class="wp-block-media-text has-media-on-the-right is-stacked-on-mobile"><div class="wp-block-media-text__content">
<h2 class="wp-block-heading has-text-align-left">Atelier pratique tampons et affiches</h2>



<p class="has-text-align-left"></p>



<p><span style="text-decoration: underline">Lieu</span> : Plateforme 10</p>



<p><span style="text-decoration: underline">Date</span> : Samedi 1<sup>er</sup> novembre</p>



<p><strong>Horaires</strong> : 14h00 &#8211; 17h00</p>



<p><span style="text-decoration: underline">Âge</span> : toute âge</p>



<p class="has-large-font-size"><strong>Participation gratuite</strong></p>
</div><figure class="wp-block-media-text__media"><img alt="" loading="lazy" decoding="async" width="1024" height="1024" src="https://wp.unil.ch/ecotopiales/files/2024/09/plateforme-10-1024x1024.jpeg" alt="" class="wp-image-480 size-full" srcset="https://wp.unil.ch/ecotopiales/files/2024/09/plateforme-10-1024x1024.jpeg 1024w, https://wp.unil.ch/ecotopiales/files/2024/09/plateforme-10-300x300.jpeg 300w, https://wp.unil.ch/ecotopiales/files/2024/09/plateforme-10-150x150.jpeg 150w, https://wp.unil.ch/ecotopiales/files/2024/09/plateforme-10-768x768.jpeg 768w, https://wp.unil.ch/ecotopiales/files/2024/09/plateforme-10-540x540.jpeg 540w, https://wp.unil.ch/ecotopiales/files/2024/09/plateforme-10-1080x1080.jpeg 1080w, https://wp.unil.ch/ecotopiales/files/2024/09/plateforme-10.jpeg 1200w" sizes="auto, (max-width: 1024px) 100vw, 1024px" /></figure></div>



<p class="has-drop-cap has-large-font-size">Réalisation de tampons gravés d’animaux inspirés du style de Félix Vallotton.</p>



<p>Les tampons serviront ensuite pour créer une fresque collaborative du vivant.</p>



<p>L&rsquo;atelier est <span style="text-decoration: underline">crée par Gisèle Comte,</span> médiatrice culturelle au Musée Cantonal des Beaux-Arts de Lausanne.</p>


<div class="wp-block-image">
<figure class="aligncenter size-full is-resized"><img alt="" loading="lazy" decoding="async" width="640" height="320" src="https://wp.unil.ch/ecotopiales/files/2025/09/tampon-moyenne.png" alt="" class="wp-image-1709" style="width:400px" srcset="https://wp.unil.ch/ecotopiales/files/2025/09/tampon-moyenne.png 640w, https://wp.unil.ch/ecotopiales/files/2025/09/tampon-moyenne-300x150.png 300w, https://wp.unil.ch/ecotopiales/files/2025/09/tampon-moyenne-540x270.png 540w" sizes="auto, (max-width: 640px) 100vw, 640px" /></figure>
</div>


<div class="wp-block-buttons is-content-justification-center is-layout-flex wp-container-core-buttons-is-layout-16018d1d wp-block-buttons-is-layout-flex">
<div class="wp-block-button has-custom-width wp-block-button__width-75"><a class="wp-block-button__link has-background has-larger-font-size has-custom-font-size wp-element-button" href="https://events.unil.ch/register/538/1001" style="border-radius:5px;background-color:#8eb3c9">JE M&rsquo;INSCRIS À CET ATELIER !</a></div>
</div>



<div style="height:20px" aria-hidden="true" class="wp-block-spacer"></div>



<p class="has-text-align-center has-large-font-size">Cet événement est organisé en collaboration avec</p>



<div class="wp-block-columns alignwide is-layout-flex wp-container-core-columns-is-layout-9d6595d7 wp-block-columns-is-layout-flex">
<div class="wp-block-column is-vertically-aligned-center is-layout-flow wp-block-column-is-layout-flow"></div>



<div class="wp-block-column is-vertically-aligned-center is-layout-flow wp-block-column-is-layout-flow"><div class="wp-block-image">
<figure class="aligncenter size-full is-resized"><a href="https://plateforme10.ch"><img alt="" loading="lazy" decoding="async" width="1000" height="394" src="https://wp.unil.ch/ecotopiales/files/2024/08/Plateforme10.png" alt="" class="wp-image-211" style="width:200px" srcset="https://wp.unil.ch/ecotopiales/files/2024/08/Plateforme10.png 1000w, https://wp.unil.ch/ecotopiales/files/2024/08/Plateforme10-300x118.png 300w, https://wp.unil.ch/ecotopiales/files/2024/08/Plateforme10-768x303.png 768w, https://wp.unil.ch/ecotopiales/files/2024/08/Plateforme10-540x213.png 540w" sizes="auto, (max-width: 1000px) 100vw, 1000px" /></a></figure>
</div></div>



<div class="wp-block-column is-vertically-aligned-center is-layout-flow wp-block-column-is-layout-flow"></div>
</div>



<div class="wp-block-buttons is-content-justification-center is-layout-flex wp-container-core-buttons-is-layout-16018d1d wp-block-buttons-is-layout-flex">
<div class="wp-block-button is-style-outline is-style-outline--1"><a class="wp-block-button__link has-buttons-background-color has-buttons-text-background-color has-text-color has-background has-link-color has-large-font-size has-custom-font-size wp-element-button" href="https://wp.unil.ch/ecotopiales/1er-novembre-le-festival-se-promene-en-ville/">RETOUR AU PROGRAMME DU 1ER NOVEMBRE</a></div>
</div>

<p>Atelier pratique tampons et affiches Lieu : Plateforme 10 Date : Samedi 1er novembre Horaires : 14h00 &#8211; 17h00 Âge : toute âge Participation gratuite Réalisation de tampons&hellip;</p>

Atelier pratique tampons et affiches Lieu : Plateforme 10 Date : Samedi 1er novembre Horaires : 14h00 &#8211; 17h00 Âge : toute âge Participation gratuite Réalisation de tampons&hellip;
