{"id":1694,"date":"2025-09-29T09:57:14","date_gmt":"2025-09-29T07:57:14","guid":{"rendered":"https:\/\/wp.unil.ch\/ecotopiales\/?page_id=1694"},"modified":"2025-10-10T18:03:10","modified_gmt":"2025-10-10T16:03:10","slug":"tanguy-viel-lecriture-vivante","status":"publish","type":"page","link":"https:\/\/wp.unil.ch\/ecotopiales\/tanguy-viel-lecriture-vivante\/","title":{"rendered":"TANGUY VIEL : L&rsquo;\u00c9CRITURE VIVANTE"},"content":{"rendered":"\n<div class=\"wp-block-media-text has-media-on-the-right is-stacked-on-mobile\"><div class=\"wp-block-media-text__content\">\n<h2 class=\"wp-block-heading has-text-align-left\"><strong>Rencontre avec l&rsquo;auteur, sc\u00e9nariste et essayiste<\/strong><\/h2>\n\n\n\n<p class=\"has-text-align-left\"><\/p>\n\n\n\n<p><span style=\"text-decoration: underline\">Lieu<\/span> : Grand Auditoire du MCBA \u00e0 Plateforme 10<\/p>\n\n\n\n<p><span style=\"text-decoration: underline\">Date<\/span> : Samedi 1<sup>er<\/sup> novembre<\/p>\n\n\n\n<p><span style=\"text-decoration: underline\">Horaire<\/span> : 14h00 &#8211; 15h30<\/p>\n\n\n\n<p class=\"has-large-font-size\"><strong>Participation gratuite<\/strong><\/p>\n\n\n\n<p><\/p>\n<\/div><figure class=\"wp-block-media-text__media\"><img alt=\"\" loading=\"lazy\" decoding=\"async\" width=\"1024\" height=\"1024\" src=\"https:\/\/wp.unil.ch\/ecotopiales\/files\/2024\/09\/plateforme-10-1024x1024.jpeg\" alt=\"\" class=\"wp-image-480 size-full\" srcset=\"https:\/\/wp.unil.ch\/ecotopiales\/files\/2024\/09\/plateforme-10-1024x1024.jpeg 1024w, https:\/\/wp.unil.ch\/ecotopiales\/files\/2024\/09\/plateforme-10-300x300.jpeg 300w, https:\/\/wp.unil.ch\/ecotopiales\/files\/2024\/09\/plateforme-10-150x150.jpeg 150w, https:\/\/wp.unil.ch\/ecotopiales\/files\/2024\/09\/plateforme-10-768x768.jpeg 768w, https:\/\/wp.unil.ch\/ecotopiales\/files\/2024\/09\/plateforme-10-540x540.jpeg 540w, https:\/\/wp.unil.ch\/ecotopiales\/files\/2024\/09\/plateforme-10-1080x1080.jpeg 1080w, https:\/\/wp.unil.ch\/ecotopiales\/files\/2024\/09\/plateforme-10.jpeg 1200w\" sizes=\"auto, (max-width: 1024px) 100vw, 1024px\" \/><\/figure><\/div>\n\n\n\n<p class=\"has-drop-cap has-large-font-size\">Comment concilier l&rsquo;\u00e9criture avec l&rsquo;exigence du vivant ? Comment faire de la plume l&rsquo;instrument d&rsquo;un rapport plus  authentique au monde ? <\/p>\n\n\n\n<p><\/p>\n\n\n\n<p class=\"has-normal-font-size\">La critique consid\u00e8re g\u00e9n\u00e9ralement l\u2019\u0153uvre de l&rsquo;\u00e9crivain, sc\u00e9nariste et essayiste, <strong>Tanguy Viel <\/strong>(C\u00e9sar du meilleur sc\u00e9nario original 2023) comme fortement rattach\u00e9e \u00e0 des enjeux litt\u00e9raires cantonn\u00e9s \u00e0 la r\u00e9flexion contemporaine sur l&rsquo;esth\u00e9tique du r\u00e9cit. Au travers du d\u00e9voiement du roman policier ou du travail sur les voix de l\u2019incertitude, <strong>les sp\u00e9cialistes ont souvent r\u00e9duit cette oeuvre \u00e0 ses filiations, <\/strong>historiques (Beckett, Pinget, Blanchot), ou plus actuelles (Echenoz, Ravey, Mauvignier, Laurent\u2026), dans une forte r\u00e9sonance \u00e9ditoriale (la grande famille des \u00e9ditions de Minuit).<\/p>\n\n\n\n<p class=\"has-normal-font-size\">Mais<strong> cette \u0153uvre offre plus \u00e0 lire et \u00e0 entendre !<\/strong> En particulier depuis que Viel propose des incursions hors du roman (Icebergs, Vivarium, Travelling). D\u00e9barrass\u00e9e de son sc\u00e9nario, l\u2019\u00e9criture de Viel se pr\u00e9sente <strong>en recherche de son lien direct au r\u00e9el.<\/strong><\/p>\n\n\n\n<p class=\"has-normal-font-size\">\u00c0 des \u00e9chelles comme celle de la phrase ou de certains motifs, dans Vivarium par exemple \u2013 la ville, l\u2019animal, le temps qu\u2019il fait, la mer, le livre \u2013 une autre perspective sur son \u00e9criture se fait jour, que nous allons explorer dans cette rencontre pour les  <em>\u00c9cotopiales<\/em> :<strong> comment concilier l\u2019\u00e9criture avec le vivant, <\/strong>comment faire de celle-ci l\u2019instrument d\u2019un \u00e9cosyst\u00e8me permettant au\u00b7\u00e0 la lecteur\u00b7trice d\u2019\u00eatre vraiment au monde ?<\/p>\n\n\n\n<p class=\"has-large-font-size\">Mod\u00e9ration : <span style=\"text-decoration: underline\">Gaspard Turin<\/span> (UNIGE &#8211; Unil)<\/p>\n\n\n<div class=\"wp-block-image\">\n<figure class=\"aligncenter size-large is-resized\"><img loading=\"lazy\" decoding=\"async\" width=\"1024\" height=\"512\" src=\"https:\/\/wp.unil.ch\/ecotopiales\/files\/2025\/09\/castor-grande-1024x512.jpeg\" alt=\"castor grande\" class=\"wp-image-1662\" style=\"width:400px\" srcset=\"https:\/\/wp.unil.ch\/ecotopiales\/files\/2025\/09\/castor-grande-1024x512.jpeg 1024w, https:\/\/wp.unil.ch\/ecotopiales\/files\/2025\/09\/castor-grande-300x150.jpeg 300w, https:\/\/wp.unil.ch\/ecotopiales\/files\/2025\/09\/castor-grande-768x384.jpeg 768w, https:\/\/wp.unil.ch\/ecotopiales\/files\/2025\/09\/castor-grande-540x270.jpeg 540w, https:\/\/wp.unil.ch\/ecotopiales\/files\/2025\/09\/castor-grande-1080x540.jpeg 1080w, https:\/\/wp.unil.ch\/ecotopiales\/files\/2025\/09\/castor-grande.jpeg 1280w\" sizes=\"auto, (max-width: 1024px) 100vw, 1024px\" \/><\/figure>\n<\/div>\n\n\n<div class=\"wp-block-buttons is-content-justification-center is-layout-flex wp-container-core-buttons-is-layout-16018d1d wp-block-buttons-is-layout-flex\">\n<div class=\"wp-block-button has-custom-width wp-block-button__width-75\"><a class=\"wp-block-button__link has-background has-large-font-size has-custom-font-size wp-element-button\" href=\"https:\/\/events.unil.ch\/register\/540\/1003\" style=\"border-radius:5px;background-color:#8192c7\">JE M&rsquo;INSCRIS \u00c0 CETTE RENCONTRE ! <\/a><\/div>\n<\/div>\n\n\n\n<p class=\"has-text-align-center has-large-font-size\">Participation gratuite <strong>mais places limit\u00e9es<\/strong>&nbsp;: inscription (fortement) conseill\u00e9e&nbsp;!&nbsp;<\/p>\n\n\n\n<div style=\"height:20px\" aria-hidden=\"true\" class=\"wp-block-spacer\"><\/div>\n\n\n\n<p class=\"has-text-align-center has-large-font-size\">Cet \u00e9v\u00e9nement est organis\u00e9 en collaboration avec<\/p>\n\n\n\n<div class=\"wp-block-columns alignwide is-layout-flex wp-container-core-columns-is-layout-9d6595d7 wp-block-columns-is-layout-flex\">\n<div class=\"wp-block-column is-vertically-aligned-center is-layout-flow wp-block-column-is-layout-flow\"><\/div>\n\n\n\n<div class=\"wp-block-column is-vertically-aligned-center is-layout-flow wp-block-column-is-layout-flow\"><div class=\"wp-block-image\">\n<figure class=\"aligncenter size-full is-resized\"><a href=\"https:\/\/plateforme10.ch\"><img alt=\"\" loading=\"lazy\" decoding=\"async\" width=\"1000\" height=\"394\" src=\"https:\/\/wp.unil.ch\/ecotopiales\/files\/2024\/08\/Plateforme10.png\" alt=\"\" class=\"wp-image-211\" style=\"width:200px\" srcset=\"https:\/\/wp.unil.ch\/ecotopiales\/files\/2024\/08\/Plateforme10.png 1000w, https:\/\/wp.unil.ch\/ecotopiales\/files\/2024\/08\/Plateforme10-300x118.png 300w, https:\/\/wp.unil.ch\/ecotopiales\/files\/2024\/08\/Plateforme10-768x303.png 768w, https:\/\/wp.unil.ch\/ecotopiales\/files\/2024\/08\/Plateforme10-540x213.png 540w\" sizes=\"auto, (max-width: 1000px) 100vw, 1000px\" \/><\/a><\/figure>\n<\/div><\/div>\n\n\n\n<div class=\"wp-block-column is-vertically-aligned-center is-layout-flow wp-block-column-is-layout-flow\">\n<p><\/p>\n<\/div>\n<\/div>\n\n\n\n<div class=\"wp-block-buttons is-content-justification-center is-layout-flex wp-container-core-buttons-is-layout-16018d1d wp-block-buttons-is-layout-flex\">\n<div class=\"wp-block-button has-custom-width wp-block-button__width-75 is-style-outline is-style-outline--1\"><a class=\"wp-block-button__link has-buttons-background-color has-buttons-text-background-color has-text-color has-background has-link-color has-large-font-size has-custom-font-size wp-element-button\" href=\"https:\/\/wp.unil.ch\/ecotopiales\/1er-novembre-le-festival-se-promene-en-ville\/\">VOIR LE PROGRAMME COMPLET DU SAMEDI 1ER NOVEMBRE<\/a><\/div>\n<\/div>\n\n\n\n<p><\/p>\n","protected":false},"excerpt":{"rendered":"<p>Rencontre avec l&rsquo;auteur, sc\u00e9nariste et essayiste Lieu : Grand Auditoire du MCBA \u00e0 Plateforme 10 Date : Samedi 1er novembre Horaire : 14h00 &#8211; 15h30 Participation gratuite Comment&hellip;<\/p>\n","protected":false},"author":1002526,"featured_media":0,"parent":0,"menu_order":0,"comment_status":"closed","ping_status":"closed","template":"template-full-width.php","meta":{"_seopress_robots_primary_cat":"","_seopress_titles_title":"","_seopress_titles_desc":"","_seopress_robots_index":"","_uag_custom_page_level_css":"","footnotes":""},"class_list":["post-1694","page","type-page","status-publish","has-post-thumbnail"],"uagb_featured_image_src":{"full":false,"thumbnail":false,"medium":false,"medium_large":false,"large":false,"1536x1536":false,"2048x2048":false,"post-thumbnail":false,"chaplin_preview_image_low_resolution":false,"chaplin_preview_image_high_resolution":false,"chaplin_fullscreen":false,"mailpoet_newsletter_max":false},"uagb_author_info":{"display_name":"Niccolo Panozzo","author_link":"https:\/\/wp.unil.ch\/ecotopiales\/author\/npanozzo\/"},"uagb_comment_info":0,"uagb_excerpt":"Rencontre avec l&rsquo;auteur, sc\u00e9nariste et essayiste Lieu : Grand Auditoire du MCBA \u00e0 Plateforme 10 Date : Samedi 1er novembre Horaire : 14h00 &#8211; 15h30 Participation gratuite Comment&hellip;","_links":{"self":[{"href":"https:\/\/wp.unil.ch\/ecotopiales\/wp-json\/wp\/v2\/pages\/1694","targetHints":{"allow":["GET"]}}],"collection":[{"href":"https:\/\/wp.unil.ch\/ecotopiales\/wp-json\/wp\/v2\/pages"}],"about":[{"href":"https:\/\/wp.unil.ch\/ecotopiales\/wp-json\/wp\/v2\/types\/page"}],"author":[{"embeddable":true,"href":"https:\/\/wp.unil.ch\/ecotopiales\/wp-json\/wp\/v2\/users\/1002526"}],"replies":[{"embeddable":true,"href":"https:\/\/wp.unil.ch\/ecotopiales\/wp-json\/wp\/v2\/comments?post=1694"}],"version-history":[{"count":5,"href":"https:\/\/wp.unil.ch\/ecotopiales\/wp-json\/wp\/v2\/pages\/1694\/revisions"}],"predecessor-version":[{"id":2690,"href":"https:\/\/wp.unil.ch\/ecotopiales\/wp-json\/wp\/v2\/pages\/1694\/revisions\/2690"}],"wp:attachment":[{"href":"https:\/\/wp.unil.ch\/ecotopiales\/wp-json\/wp\/v2\/media?parent=1694"}],"curies":[{"name":"wp","href":"https:\/\/api.w.org\/{rel}","templated":true}]}}