{"id":1654,"date":"2025-09-29T09:57:28","date_gmt":"2025-09-29T07:57:28","guid":{"rendered":"https:\/\/wp.unil.ch\/ecotopiales\/?page_id=1654"},"modified":"2025-10-18T17:31:03","modified_gmt":"2025-10-18T15:31:03","slug":"ecouter-les-terrestres","status":"publish","type":"page","link":"https:\/\/wp.unil.ch\/ecotopiales\/ecouter-les-terrestres\/","title":{"rendered":"\u00c9COUTER LES TERRESTRES"},"content":{"rendered":"\n<div class=\"wp-block-media-text has-media-on-the-right is-stacked-on-mobile\"><div class=\"wp-block-media-text__content\">\n<h2 class=\"wp-block-heading\"><strong>Atelier de dramaturgie<\/strong><\/h2>\n\n\n\n<h4 class=\"wp-block-heading\">Contenu de l\u2019atelier : initiation \u00e0 la dramaturgie de l&rsquo;Anthropoc\u00e8ne, cr\u00e9ation collective d&rsquo;une s\u00e9quence dramatique, pr\u00e9sentation d&rsquo;un projet th\u00e9\u00e2tral in\u00e9dit : \u00ab\u00a0Dire la Terre\u00a0\u00bb <\/h4>\n\n\n\n<p class=\"has-text-align-left\"><span style=\"text-decoration: underline\">Lieu<\/span> : Vortex, salle Nucl\u00e9o &#8211; Unil<\/p>\n\n\n\n<p class=\"has-text-align-left\"><span style=\"text-decoration: underline\">Date<\/span> : Vendredi 31 octobre<\/p>\n\n\n\n<p class=\"has-text-align-left\"><span style=\"text-decoration: underline\">Horaire<\/span> : 14h00 &#8211; 17h00<\/p>\n\n\n\n<p><span style=\"text-decoration: underline\">Public<\/span> : Tout public, \u00e9tudiant\u00b7es et praticien\u00b7nes du th\u00e9\u00e2tre<\/p>\n\n\n\n<p class=\"has-text-align-left has-large-font-size\"><strong>Participation gratuite<\/strong><\/p>\n<\/div><figure class=\"wp-block-media-text__media\"><img alt=\"\" loading=\"lazy\" decoding=\"async\" width=\"1024\" height=\"1024\" src=\"https:\/\/wp.unil.ch\/ecotopiales\/files\/2024\/09\/vortex-1024x1024.png\" alt=\"\" class=\"wp-image-1070 size-full\" srcset=\"https:\/\/wp.unil.ch\/ecotopiales\/files\/2024\/09\/vortex-1024x1024.png 1024w, https:\/\/wp.unil.ch\/ecotopiales\/files\/2024\/09\/vortex-300x300.png 300w, https:\/\/wp.unil.ch\/ecotopiales\/files\/2024\/09\/vortex-150x150.png 150w, https:\/\/wp.unil.ch\/ecotopiales\/files\/2024\/09\/vortex-768x769.png 768w, https:\/\/wp.unil.ch\/ecotopiales\/files\/2024\/09\/vortex-540x540.png 540w, https:\/\/wp.unil.ch\/ecotopiales\/files\/2024\/09\/vortex-1080x1081.png 1080w, https:\/\/wp.unil.ch\/ecotopiales\/files\/2024\/09\/vortex.png 1119w\" sizes=\"auto, (max-width: 1024px) 100vw, 1024px\" \/><\/figure><\/div>\n\n\n\n<p class=\"has-drop-cap has-large-font-size\">Dans un monde confront\u00e9 \u00e0 la crise \u00e9cologique, comment le th\u00e9\u00e2tre peut-il r\u00e9inventer nos liens avec le vivant ? <\/p>\n\n\n\n<p class=\"has-large-font-size\">Cette crise ne se limite pas \u00e0 celle des ressources ou des conditions d\u2019habitabilit\u00e9 de la plan\u00e8te : elle est aussi une crise du sens et de la sensibilit\u00e9. Face \u00e0 cela, il est crucial d\u2019<strong>explorer de nouvelles possibilit\u00e9s et de favoriser l\u2019\u00e9mergence de r\u00e9cits alternatifs<\/strong>. Ceux-ci ne prennent pas n\u00e9cessairement racine dans les fictions, les intrigues ou les conflits qui ont marqu\u00e9 l\u2019histoire du cin\u00e9ma et du th\u00e9\u00e2tre, mais plut\u00f4t dans <strong>des situations, des \u00e9motions et des gestes<\/strong> que chacun et chacune d\u2019entre nous peut vivre et rendre compte.<\/p>\n\n\n\n<p class=\"has-large-font-size\">Le th\u00e9\u00e2tre, en tant qu\u2019art (du) vivant, peut <strong>donner corps et voix \u00e0 des r\u00e9cits d\u2019exp\u00e9rience singuliers et ordinaires<\/strong> ; il peut surtout les assembler, les composer et les faire entrer en r\u00e9sonance afin d\u2019offrir au public une perspective renouvel\u00e9e sur ce que l\u2019on appelle  \u00ab la Nature \u00bb. Telle est la fonction de la dramaturgie.<\/p>\n\n\n\n<p class=\"has-large-font-size\">Apr\u00e8s une introduction aux<strong> enjeux dramaturgiques de l&rsquo;Anthropoc\u00e8ne<\/strong> et aux m\u00e9thodes de travail explor\u00e9es par les artistes invit\u00e9.e.s, les participant\u00b7es, en suivant le protocole de cr\u00e9ation collectif sugg\u00e9r\u00e9, auront l\u2019opportunit\u00e9 de passer de l\u2019\u00e9tape de la collecte des t\u00e9moignages \u00e0 celle de <strong>la composition dramatique<\/strong> sous forme d\u2019une suite de s\u00e9quences th\u00e9\u00e2trales.<\/p>\n\n\n\n<p class=\"has-large-font-size\">Cet atelier est cr\u00e9\u00e9 et cordonn\u00e9 par le Centre d&rsquo;\u00e9tudes th\u00e9\u00e2trales, par <span style=\"text-decoration: underline\">Prof. Danielle Chaperon<\/span> (UNIL), <span style=\"text-decoration: underline\">Johanna Codourey<\/span> (Centre d&rsquo;\u00e9tudes th\u00e9\u00e2trales, UNIL), et <span style=\"text-decoration: underline\">Prof. Lise Michel<\/span> (UNIL), en lien avec le projet de recherche \u00ab&nbsp;Dire la terre&nbsp;\u00bb men\u00e9 au sein du d\u00e9partement de la recherche de La Manufacture-Haute \u00e9cole des arts de la sc\u00e8ne (HES-SO).<\/p>\n\n\n\n<ul class=\"wp-block-list\">\n<li class=\"has-large-font-size\"><span style=\"text-decoration: underline\">Artistes invit\u00e9-es<\/span> : <strong>CLAIRE DE RIBAUPIERRE<\/strong>, <strong>MASSIMO FURLAN<\/strong> et <strong>MARTIN REINARTZ<\/strong><\/li>\n<\/ul>\n\n\n<div class=\"wp-block-image\">\n<figure class=\"aligncenter size-large is-resized\"><img loading=\"lazy\" decoding=\"async\" width=\"1024\" height=\"512\" src=\"https:\/\/wp.unil.ch\/ecotopiales\/files\/2025\/09\/taupe-1024x512.jpeg\" alt=\"taupe\" class=\"wp-image-1656\" style=\"width:400px\" srcset=\"https:\/\/wp.unil.ch\/ecotopiales\/files\/2025\/09\/taupe-1024x512.jpeg 1024w, https:\/\/wp.unil.ch\/ecotopiales\/files\/2025\/09\/taupe-300x150.jpeg 300w, https:\/\/wp.unil.ch\/ecotopiales\/files\/2025\/09\/taupe-768x384.jpeg 768w, https:\/\/wp.unil.ch\/ecotopiales\/files\/2025\/09\/taupe-1536x768.jpeg 1536w, https:\/\/wp.unil.ch\/ecotopiales\/files\/2025\/09\/taupe-540x270.jpeg 540w, https:\/\/wp.unil.ch\/ecotopiales\/files\/2025\/09\/taupe-1080x540.jpeg 1080w, https:\/\/wp.unil.ch\/ecotopiales\/files\/2025\/09\/taupe-1320x660.jpeg 1320w, https:\/\/wp.unil.ch\/ecotopiales\/files\/2025\/09\/taupe.jpeg 1920w\" sizes=\"auto, (max-width: 1024px) 100vw, 1024px\" \/><\/figure>\n<\/div>\n\n\n<div class=\"wp-block-buttons is-content-justification-center is-layout-flex wp-container-core-buttons-is-layout-16018d1d wp-block-buttons-is-layout-flex\">\n<div class=\"wp-block-button has-custom-width wp-block-button__width-75\"><a class=\"wp-block-button__link has-background has-larger-font-size has-custom-font-size wp-element-button\" href=\"https:\/\/events.unil.ch\/register\/536\/999\" style=\"border-radius:5px;background-color:#c3c599\">JE M&rsquo;INSCRIS \u00c0 L&rsquo;ATELIER ! <\/a><\/div>\n<\/div>\n\n\n\n<p class=\"has-text-align-center has-large-font-size\"><strong>Participation gratuite mais places limit\u00e9es\u00a0<\/strong>: inscription (fortement) conseill\u00e9e\u00a0!\u00a0<\/p>\n\n\n\n<div style=\"height:20px\" aria-hidden=\"true\" class=\"wp-block-spacer\"><\/div>\n\n\n\n<p class=\"has-text-align-center has-large-font-size\">Atelier organis\u00e9 en collaboration avec<\/p>\n\n\n\n<div class=\"wp-block-columns alignwide is-layout-flex wp-container-core-columns-is-layout-9d6595d7 wp-block-columns-is-layout-flex\">\n<div class=\"wp-block-column is-vertically-aligned-center is-layout-flow wp-block-column-is-layout-flow\"><div class=\"wp-block-image\">\n<figure class=\"alignright size-full is-resized\"><a href=\"https:\/\/www.manufacture.ch\"><img loading=\"lazy\" decoding=\"async\" width=\"1200\" height=\"675\" src=\"https:\/\/wp.unil.ch\/ecotopiales\/files\/2025\/09\/manufacture-edited.jpg\" alt=\"manufacture\" class=\"wp-image-1658\" style=\"width:219px;height:auto\" srcset=\"https:\/\/wp.unil.ch\/ecotopiales\/files\/2025\/09\/manufacture-edited.jpg 1200w, https:\/\/wp.unil.ch\/ecotopiales\/files\/2025\/09\/manufacture-edited-300x169.jpg 300w, https:\/\/wp.unil.ch\/ecotopiales\/files\/2025\/09\/manufacture-edited-1024x576.jpg 1024w, https:\/\/wp.unil.ch\/ecotopiales\/files\/2025\/09\/manufacture-edited-768x432.jpg 768w, https:\/\/wp.unil.ch\/ecotopiales\/files\/2025\/09\/manufacture-edited-540x304.jpg 540w, https:\/\/wp.unil.ch\/ecotopiales\/files\/2025\/09\/manufacture-edited-1080x608.jpg 1080w\" sizes=\"auto, (max-width: 1200px) 100vw, 1200px\" \/><\/a><\/figure>\n<\/div><\/div>\n\n\n\n<div class=\"wp-block-column is-vertically-aligned-center is-layout-flow wp-block-column-is-layout-flow\"><div class=\"wp-block-image\">\n<figure class=\"alignleft size-full is-resized\"><a href=\"https:\/\/www.unil.ch\/cet\/fr\/home.html\"><img loading=\"lazy\" decoding=\"async\" width=\"550\" height=\"245\" src=\"https:\/\/wp.unil.ch\/ecotopiales\/files\/2025\/09\/cet-1.jpg\" alt=\"cet\" class=\"wp-image-1797\" style=\"width:252px;height:auto\" srcset=\"https:\/\/wp.unil.ch\/ecotopiales\/files\/2025\/09\/cet-1.jpg 550w, https:\/\/wp.unil.ch\/ecotopiales\/files\/2025\/09\/cet-1-300x134.jpg 300w, https:\/\/wp.unil.ch\/ecotopiales\/files\/2025\/09\/cet-1-540x241.jpg 540w\" sizes=\"auto, (max-width: 550px) 100vw, 550px\" \/><\/a><\/figure>\n<\/div><\/div>\n<\/div>\n\n\n\n<div class=\"wp-block-buttons is-content-justification-center is-layout-flex wp-container-core-buttons-is-layout-16018d1d wp-block-buttons-is-layout-flex\">\n<div class=\"wp-block-button has-custom-width wp-block-button__width-100 is-style-outline is-style-outline--1\"><a class=\"wp-block-button__link has-buttons-background-color has-buttons-text-background-color has-text-color has-background has-link-color has-large-font-size has-custom-font-size wp-element-button\" href=\"https:\/\/wp.unil.ch\/ecotopiales\/31-octobre-une-journee-sur-le-campus-unil\/\">VOIR LE PROGRAMME COMPLET DU VENDREDI 31 OCTOBRE<\/a><\/div>\n<\/div>\n\n\n\n<p><\/p>\n","protected":false},"excerpt":{"rendered":"<p>Atelier de dramaturgie Contenu de l\u2019atelier : initiation \u00e0 la dramaturgie de l&rsquo;Anthropoc\u00e8ne, cr\u00e9ation collective d&rsquo;une s\u00e9quence dramatique, pr\u00e9sentation d&rsquo;un projet th\u00e9\u00e2tral in\u00e9dit : \u00ab\u00a0Dire la Terre\u00a0\u00bb Lieu&hellip;<\/p>\n","protected":false},"author":1002526,"featured_media":0,"parent":0,"menu_order":0,"comment_status":"closed","ping_status":"closed","template":"template-full-width.php","meta":{"_seopress_robots_primary_cat":"","_seopress_titles_title":"","_seopress_titles_desc":"","_seopress_robots_index":"","_uag_custom_page_level_css":"","footnotes":""},"class_list":["post-1654","page","type-page","status-publish","has-post-thumbnail"],"uagb_featured_image_src":{"full":false,"thumbnail":false,"medium":false,"medium_large":false,"large":false,"1536x1536":false,"2048x2048":false,"post-thumbnail":false,"chaplin_preview_image_low_resolution":false,"chaplin_preview_image_high_resolution":false,"chaplin_fullscreen":false,"mailpoet_newsletter_max":false},"uagb_author_info":{"display_name":"Niccolo Panozzo","author_link":"https:\/\/wp.unil.ch\/ecotopiales\/author\/npanozzo\/"},"uagb_comment_info":0,"uagb_excerpt":"Atelier de dramaturgie Contenu de l\u2019atelier : initiation \u00e0 la dramaturgie de l&rsquo;Anthropoc\u00e8ne, cr\u00e9ation collective d&rsquo;une s\u00e9quence dramatique, pr\u00e9sentation d&rsquo;un projet th\u00e9\u00e2tral in\u00e9dit : \u00ab\u00a0Dire la Terre\u00a0\u00bb Lieu&hellip;","_links":{"self":[{"href":"https:\/\/wp.unil.ch\/ecotopiales\/wp-json\/wp\/v2\/pages\/1654","targetHints":{"allow":["GET"]}}],"collection":[{"href":"https:\/\/wp.unil.ch\/ecotopiales\/wp-json\/wp\/v2\/pages"}],"about":[{"href":"https:\/\/wp.unil.ch\/ecotopiales\/wp-json\/wp\/v2\/types\/page"}],"author":[{"embeddable":true,"href":"https:\/\/wp.unil.ch\/ecotopiales\/wp-json\/wp\/v2\/users\/1002526"}],"replies":[{"embeddable":true,"href":"https:\/\/wp.unil.ch\/ecotopiales\/wp-json\/wp\/v2\/comments?post=1654"}],"version-history":[{"count":5,"href":"https:\/\/wp.unil.ch\/ecotopiales\/wp-json\/wp\/v2\/pages\/1654\/revisions"}],"predecessor-version":[{"id":2897,"href":"https:\/\/wp.unil.ch\/ecotopiales\/wp-json\/wp\/v2\/pages\/1654\/revisions\/2897"}],"wp:attachment":[{"href":"https:\/\/wp.unil.ch\/ecotopiales\/wp-json\/wp\/v2\/media?parent=1654"}],"curies":[{"name":"wp","href":"https:\/\/api.w.org\/{rel}","templated":true}]}}