{"id":1494,"date":"2025-09-29T09:57:45","date_gmt":"2025-09-29T07:57:45","guid":{"rendered":"https:\/\/wp.unil.ch\/ecotopiales\/?page_id=1494"},"modified":"2025-10-15T11:44:12","modified_gmt":"2025-10-15T09:44:12","slug":"au-fil-de-leau","status":"publish","type":"page","link":"https:\/\/wp.unil.ch\/ecotopiales\/au-fil-de-leau\/","title":{"rendered":"DES LIENS AU FIL DE L&rsquo;EAU"},"content":{"rendered":"\n<div class=\"wp-block-media-text has-media-on-the-right is-stacked-on-mobile\"><div class=\"wp-block-media-text__content\">\n<h2 class=\"wp-block-heading\"><strong>Atelier m\u00e9diation scientifique et cr\u00e9ation<\/strong><br><\/h2>\n\n\n\n<p class=\"has-text-align-left\"><span style=\"text-decoration: underline\">Lieu<\/span> : For\u00eat de Dorigny &#8211; rendez-vous devant L&rsquo;\u00e9prouvette<\/p>\n\n\n\n<p class=\"has-text-align-left\"><span style=\"text-decoration: underline\">Date<\/span> : Vendredi 31 octobre<\/p>\n\n\n\n<p class=\"has-text-align-left\"><span style=\"text-decoration: underline\">Horaire<\/span> : 14h00 &#8211; 17h00<\/p>\n\n\n\n<p><span style=\"text-decoration: underline\">Public<\/span> : Adulte <\/p>\n\n\n\n<p>Cet atelier est conseill\u00e9 aux enseignant\u00b7es, et propos\u00e9 en tant que formation continue pour les enseignant\u00b7es du secondaire II.<\/p>\n\n\n\n<p class=\"has-text-align-left has-large-font-size\"><strong>Participation gratuite<\/strong><\/p>\n<\/div><figure class=\"wp-block-media-text__media\"><img loading=\"lazy\" decoding=\"async\" width=\"640\" height=\"640\" src=\"https:\/\/wp.unil.ch\/ecotopiales\/files\/2025\/09\/eprouvette-moyenne.jpeg\" alt=\"e\u0301prouvette moyenne\" class=\"wp-image-2047 size-full\" srcset=\"https:\/\/wp.unil.ch\/ecotopiales\/files\/2025\/09\/eprouvette-moyenne.jpeg 640w, https:\/\/wp.unil.ch\/ecotopiales\/files\/2025\/09\/eprouvette-moyenne-300x300.jpeg 300w, https:\/\/wp.unil.ch\/ecotopiales\/files\/2025\/09\/eprouvette-moyenne-150x150.jpeg 150w, https:\/\/wp.unil.ch\/ecotopiales\/files\/2025\/09\/eprouvette-moyenne-540x540.jpeg 540w\" sizes=\"auto, (max-width: 640px) 100vw, 640px\" \/><\/figure><\/div>\n\n\n\n<p class=\"has-drop-cap has-large-font-size\">Cet atelier permettra aux participant\u00b7es de tisser des liens avec les \u00e9cosyst\u00e8mes autour de la Chamberonne au travers d\u2019activit\u00e9s scientifiques et artistiques, qui seront propos\u00e9es lors d\u2019une excursion le long de cette belle rivi\u00e8re.<\/p>\n\n\n\n<p>Lors du parcours, des <strong>moments cr\u00e9atifs et sensoriels<\/strong> ponctueront le partage de connaissances scientifiques transmises par <span style=\"text-decoration: underline\">Dr. Gabriel Cotte<\/span>, sur l\u2019hydrologie, la p\u00e9dologie et la g\u00e9ologie du campus. Il sera accompagn\u00e9 par <span style=\"text-decoration: underline\">Delphine Ducoulombier,<\/span> m\u00e9diatrice scientifique (Unil). Notre atelier <strong>se terminera par un ap\u00e9ritif local et durable<\/strong> pr\u00e9par\u00e9 par les membres du collectif de la ferme de Bassenges et sera l&rsquo;occasion de d\u00e9couvrir un projet agricole alternatif, local et inspirant !<\/p>\n\n\n\n<p>\u00c0 l\u2019issue de cet atelier, les participant\u00b7es auront \u00e9t\u00e9 amen\u00e9\u00b7es \u00e0 :<\/p>\n\n\n\n<ul class=\"wp-block-list\">\n<li>Aborder les enjeux socio-environnementaux globaux \u00e0 l\u2019\u00e9chelle locale<\/li>\n\n\n\n<li>S\u2019ancrer \u00e0 la r\u00e9alit\u00e9 socio-environnementale locale<\/li>\n\n\n\n<li>Vivre une exp\u00e9rience collective <strong>d\u2019\u00e9coute et de sensibilit\u00e9 au territoire<\/strong><\/li>\n<\/ul>\n\n\n\n<p><\/p>\n\n\n<div class=\"wp-block-image\">\n<figure class=\"aligncenter size-large is-resized\"><img loading=\"lazy\" decoding=\"async\" width=\"1024\" height=\"512\" src=\"https:\/\/wp.unil.ch\/ecotopiales\/files\/2025\/09\/eprouvette-champi-1024x512.jpeg\" alt=\"e\u0301prouvette champi\" class=\"wp-image-1650\" style=\"width:400px\" srcset=\"https:\/\/wp.unil.ch\/ecotopiales\/files\/2025\/09\/eprouvette-champi-1024x512.jpeg 1024w, https:\/\/wp.unil.ch\/ecotopiales\/files\/2025\/09\/eprouvette-champi-300x150.jpeg 300w, https:\/\/wp.unil.ch\/ecotopiales\/files\/2025\/09\/eprouvette-champi-768x384.jpeg 768w, https:\/\/wp.unil.ch\/ecotopiales\/files\/2025\/09\/eprouvette-champi-1536x768.jpeg 1536w, https:\/\/wp.unil.ch\/ecotopiales\/files\/2025\/09\/eprouvette-champi-540x270.jpeg 540w, https:\/\/wp.unil.ch\/ecotopiales\/files\/2025\/09\/eprouvette-champi-1080x540.jpeg 1080w, https:\/\/wp.unil.ch\/ecotopiales\/files\/2025\/09\/eprouvette-champi-1320x660.jpeg 1320w, https:\/\/wp.unil.ch\/ecotopiales\/files\/2025\/09\/eprouvette-champi.jpeg 1920w\" sizes=\"auto, (max-width: 1024px) 100vw, 1024px\" \/><\/figure>\n<\/div>\n\n\n<div class=\"wp-block-buttons is-content-justification-center is-layout-flex wp-container-core-buttons-is-layout-16018d1d wp-block-buttons-is-layout-flex\">\n<div class=\"wp-block-button has-custom-width wp-block-button__width-75\"><a class=\"wp-block-button__link has-background has-larger-font-size has-custom-font-size wp-element-button\" href=\"https:\/\/events.unil.ch\/register\/535\/998\" style=\"border-radius:5px;background-color:#c3c599\">JE M&rsquo;INSCRIS \u00c0 L&rsquo;ATELIER !<\/a><\/div>\n<\/div>\n\n\n\n<p class=\"has-text-align-center has-large-font-size\"><strong>Participation gratuite mais places limit\u00e9es<\/strong>&nbsp;: inscription (fortement) conseill\u00e9e&nbsp;!&nbsp;<\/p>\n\n\n\n<div style=\"height:20px\" aria-hidden=\"true\" class=\"wp-block-spacer\"><\/div>\n\n\n\n<p class=\"has-text-align-center has-large-font-size\">Atelier anim\u00e9 en collaboration avec<\/p>\n\n\n\n<div class=\"wp-block-columns alignwide is-layout-flex wp-container-core-columns-is-layout-9d6595d7 wp-block-columns-is-layout-flex\">\n<div class=\"wp-block-column is-vertically-aligned-center is-layout-flow wp-block-column-is-layout-flow\"><div class=\"wp-block-image\">\n<figure class=\"alignright size-full is-resized\"><a href=\"https:\/\/www.eprouvette-unil.ch\"><img alt=\"\" loading=\"lazy\" decoding=\"async\" width=\"1074\" height=\"526\" src=\"https:\/\/wp.unil.ch\/ecotopiales\/files\/2024\/09\/Eprouvette_complet_noir_meilleur.png\" alt=\"\" class=\"wp-image-789\" style=\"width:200px\" srcset=\"https:\/\/wp.unil.ch\/ecotopiales\/files\/2024\/09\/Eprouvette_complet_noir_meilleur.png 1074w, https:\/\/wp.unil.ch\/ecotopiales\/files\/2024\/09\/Eprouvette_complet_noir_meilleur-300x147.png 300w, https:\/\/wp.unil.ch\/ecotopiales\/files\/2024\/09\/Eprouvette_complet_noir_meilleur-1024x502.png 1024w, https:\/\/wp.unil.ch\/ecotopiales\/files\/2024\/09\/Eprouvette_complet_noir_meilleur-768x376.png 768w, https:\/\/wp.unil.ch\/ecotopiales\/files\/2024\/09\/Eprouvette_complet_noir_meilleur-540x264.png 540w\" sizes=\"auto, (max-width: 1074px) 100vw, 1074px\" \/><\/a><\/figure>\n<\/div><\/div>\n\n\n\n<div class=\"wp-block-column is-vertically-aligned-center is-layout-flow wp-block-column-is-layout-flow\"><div class=\"wp-block-image\">\n<figure class=\"alignleft size-full is-resized\"><a href=\"https:\/\/myce-liens.ch\"><img loading=\"lazy\" decoding=\"async\" width=\"758\" height=\"758\" src=\"https:\/\/wp.unil.ch\/ecotopiales\/files\/2025\/09\/logo-mycelium.jpg\" alt=\"screenshot\" class=\"wp-image-1660\" style=\"width:200px\" srcset=\"https:\/\/wp.unil.ch\/ecotopiales\/files\/2025\/09\/logo-mycelium.jpg 758w, https:\/\/wp.unil.ch\/ecotopiales\/files\/2025\/09\/logo-mycelium-300x300.jpg 300w, https:\/\/wp.unil.ch\/ecotopiales\/files\/2025\/09\/logo-mycelium-150x150.jpg 150w, https:\/\/wp.unil.ch\/ecotopiales\/files\/2025\/09\/logo-mycelium-540x540.jpg 540w\" sizes=\"auto, (max-width: 758px) 100vw, 758px\" \/><\/a><\/figure>\n<\/div><\/div>\n<\/div>\n\n\n\n<div class=\"wp-block-buttons is-content-justification-center is-layout-flex wp-container-core-buttons-is-layout-16018d1d wp-block-buttons-is-layout-flex\">\n<div class=\"wp-block-button has-custom-width wp-block-button__width-100 is-style-outline is-style-outline--1\"><a class=\"wp-block-button__link has-buttons-background-color has-buttons-text-background-color has-text-color has-background has-link-color has-large-font-size has-custom-font-size wp-element-button\" href=\"https:\/\/wp.unil.ch\/ecotopiales\/31-octobre-une-journee-sur-le-campus-unil\/\">VOIR LE PROGRAMME COMPLET DU VENDREDI 31 OCTOBRE<\/a><\/div>\n<\/div>\n\n\n\n<p><\/p>\n","protected":false},"excerpt":{"rendered":"<p>Atelier m\u00e9diation scientifique et cr\u00e9ation Lieu : For\u00eat de Dorigny &#8211; rendez-vous devant L&rsquo;\u00e9prouvette Date : Vendredi 31 octobre Horaire : 14h00 &#8211; 17h00 Public : Adulte Cet&hellip;<\/p>\n","protected":false},"author":1002526,"featured_media":0,"parent":0,"menu_order":0,"comment_status":"closed","ping_status":"closed","template":"template-full-width.php","meta":{"_seopress_robots_primary_cat":"","_seopress_titles_title":"","_seopress_titles_desc":"","_seopress_robots_index":"","_uag_custom_page_level_css":"","footnotes":""},"class_list":["post-1494","page","type-page","status-publish","has-post-thumbnail"],"uagb_featured_image_src":{"full":false,"thumbnail":false,"medium":false,"medium_large":false,"large":false,"1536x1536":false,"2048x2048":false,"post-thumbnail":false,"chaplin_preview_image_low_resolution":false,"chaplin_preview_image_high_resolution":false,"chaplin_fullscreen":false,"mailpoet_newsletter_max":false},"uagb_author_info":{"display_name":"Niccolo Panozzo","author_link":"https:\/\/wp.unil.ch\/ecotopiales\/author\/npanozzo\/"},"uagb_comment_info":0,"uagb_excerpt":"Atelier m\u00e9diation scientifique et cr\u00e9ation Lieu : For\u00eat de Dorigny &#8211; rendez-vous devant L&rsquo;\u00e9prouvette Date : Vendredi 31 octobre Horaire : 14h00 &#8211; 17h00 Public : Adulte Cet&hellip;","_links":{"self":[{"href":"https:\/\/wp.unil.ch\/ecotopiales\/wp-json\/wp\/v2\/pages\/1494","targetHints":{"allow":["GET"]}}],"collection":[{"href":"https:\/\/wp.unil.ch\/ecotopiales\/wp-json\/wp\/v2\/pages"}],"about":[{"href":"https:\/\/wp.unil.ch\/ecotopiales\/wp-json\/wp\/v2\/types\/page"}],"author":[{"embeddable":true,"href":"https:\/\/wp.unil.ch\/ecotopiales\/wp-json\/wp\/v2\/users\/1002526"}],"replies":[{"embeddable":true,"href":"https:\/\/wp.unil.ch\/ecotopiales\/wp-json\/wp\/v2\/comments?post=1494"}],"version-history":[{"count":5,"href":"https:\/\/wp.unil.ch\/ecotopiales\/wp-json\/wp\/v2\/pages\/1494\/revisions"}],"predecessor-version":[{"id":2866,"href":"https:\/\/wp.unil.ch\/ecotopiales\/wp-json\/wp\/v2\/pages\/1494\/revisions\/2866"}],"wp:attachment":[{"href":"https:\/\/wp.unil.ch\/ecotopiales\/wp-json\/wp\/v2\/media?parent=1494"}],"curies":[{"name":"wp","href":"https:\/\/api.w.org\/{rel}","templated":true}]}}

<div class="wp-block-media-text has-media-on-the-right is-stacked-on-mobile"><div class="wp-block-media-text__content">
<h2 class="wp-block-heading"><strong>Atelier médiation scientifique et création</strong><br></h2>



<p class="has-text-align-left"><span style="text-decoration: underline">Lieu</span> : Forêt de Dorigny &#8211; rendez-vous devant L&rsquo;éprouvette</p>



<p class="has-text-align-left"><span style="text-decoration: underline">Date</span> : Vendredi 31 octobre</p>



<p class="has-text-align-left"><span style="text-decoration: underline">Horaire</span> : 14h00 &#8211; 17h00</p>



<p><span style="text-decoration: underline">Public</span> : Adulte </p>



<p>Cet atelier est conseillé aux enseignant·es, et proposé en tant que formation continue pour les enseignant·es du secondaire II.</p>



<p class="has-text-align-left has-large-font-size"><strong>Participation gratuite</strong></p>
</div><figure class="wp-block-media-text__media"><img loading="lazy" decoding="async" width="640" height="640" src="https://wp.unil.ch/ecotopiales/files/2025/09/eprouvette-moyenne.jpeg" alt="éprouvette moyenne" class="wp-image-2047 size-full" srcset="https://wp.unil.ch/ecotopiales/files/2025/09/eprouvette-moyenne.jpeg 640w, https://wp.unil.ch/ecotopiales/files/2025/09/eprouvette-moyenne-300x300.jpeg 300w, https://wp.unil.ch/ecotopiales/files/2025/09/eprouvette-moyenne-150x150.jpeg 150w, https://wp.unil.ch/ecotopiales/files/2025/09/eprouvette-moyenne-540x540.jpeg 540w" sizes="auto, (max-width: 640px) 100vw, 640px" /></figure></div>



<p class="has-drop-cap has-large-font-size">Cet atelier permettra aux participant·es de tisser des liens avec les écosystèmes autour de la Chamberonne au travers d’activités scientifiques et artistiques, qui seront proposées lors d’une excursion le long de cette belle rivière.</p>



<p>Lors du parcours, des <strong>moments créatifs et sensoriels</strong> ponctueront le partage de connaissances scientifiques transmises par <span style="text-decoration: underline">Dr. Gabriel Cotte</span>, sur l’hydrologie, la pédologie et la géologie du campus. Il sera accompagné par <span style="text-decoration: underline">Delphine Ducoulombier,</span> médiatrice scientifique (Unil). Notre atelier <strong>se terminera par un apéritif local et durable</strong> préparé par les membres du collectif de la ferme de Bassenges et sera l&rsquo;occasion de découvrir un projet agricole alternatif, local et inspirant !</p>



<p>À l’issue de cet atelier, les participant·es auront été amené·es à :</p>



<ul class="wp-block-list">
<li>Aborder les enjeux socio-environnementaux globaux à l’échelle locale</li>



<li>S’ancrer à la réalité socio-environnementale locale</li>



<li>Vivre une expérience collective <strong>d’écoute et de sensibilité au territoire</strong></li>
</ul>



<p></p>


<div class="wp-block-image">
<figure class="aligncenter size-large is-resized"><img loading="lazy" decoding="async" width="1024" height="512" src="https://wp.unil.ch/ecotopiales/files/2025/09/eprouvette-champi-1024x512.jpeg" alt="éprouvette champi" class="wp-image-1650" style="width:400px" srcset="https://wp.unil.ch/ecotopiales/files/2025/09/eprouvette-champi-1024x512.jpeg 1024w, https://wp.unil.ch/ecotopiales/files/2025/09/eprouvette-champi-300x150.jpeg 300w, https://wp.unil.ch/ecotopiales/files/2025/09/eprouvette-champi-768x384.jpeg 768w, https://wp.unil.ch/ecotopiales/files/2025/09/eprouvette-champi-1536x768.jpeg 1536w, https://wp.unil.ch/ecotopiales/files/2025/09/eprouvette-champi-540x270.jpeg 540w, https://wp.unil.ch/ecotopiales/files/2025/09/eprouvette-champi-1080x540.jpeg 1080w, https://wp.unil.ch/ecotopiales/files/2025/09/eprouvette-champi-1320x660.jpeg 1320w, https://wp.unil.ch/ecotopiales/files/2025/09/eprouvette-champi.jpeg 1920w" sizes="auto, (max-width: 1024px) 100vw, 1024px" /></figure>
</div>


<div class="wp-block-buttons is-content-justification-center is-layout-flex wp-container-core-buttons-is-layout-16018d1d wp-block-buttons-is-layout-flex">
<div class="wp-block-button has-custom-width wp-block-button__width-75"><a class="wp-block-button__link has-background has-larger-font-size has-custom-font-size wp-element-button" href="https://events.unil.ch/register/535/998" style="border-radius:5px;background-color:#c3c599">JE M&rsquo;INSCRIS À L&rsquo;ATELIER !</a></div>
</div>



<p class="has-text-align-center has-large-font-size"><strong>Participation gratuite mais places limitées</strong>&nbsp;: inscription (fortement) conseillée&nbsp;!&nbsp;</p>



<div style="height:20px" aria-hidden="true" class="wp-block-spacer"></div>



<p class="has-text-align-center has-large-font-size">Atelier animé en collaboration avec</p>



<div class="wp-block-columns alignwide is-layout-flex wp-container-core-columns-is-layout-9d6595d7 wp-block-columns-is-layout-flex">
<div class="wp-block-column is-vertically-aligned-center is-layout-flow wp-block-column-is-layout-flow"><div class="wp-block-image">
<figure class="alignright size-full is-resized"><a href="https://www.eprouvette-unil.ch"><img alt="" loading="lazy" decoding="async" width="1074" height="526" src="https://wp.unil.ch/ecotopiales/files/2024/09/Eprouvette_complet_noir_meilleur.png" alt="" class="wp-image-789" style="width:200px" srcset="https://wp.unil.ch/ecotopiales/files/2024/09/Eprouvette_complet_noir_meilleur.png 1074w, https://wp.unil.ch/ecotopiales/files/2024/09/Eprouvette_complet_noir_meilleur-300x147.png 300w, https://wp.unil.ch/ecotopiales/files/2024/09/Eprouvette_complet_noir_meilleur-1024x502.png 1024w, https://wp.unil.ch/ecotopiales/files/2024/09/Eprouvette_complet_noir_meilleur-768x376.png 768w, https://wp.unil.ch/ecotopiales/files/2024/09/Eprouvette_complet_noir_meilleur-540x264.png 540w" sizes="auto, (max-width: 1074px) 100vw, 1074px" /></a></figure>
</div></div>



<div class="wp-block-column is-vertically-aligned-center is-layout-flow wp-block-column-is-layout-flow"><div class="wp-block-image">
<figure class="alignleft size-full is-resized"><a href="https://myce-liens.ch"><img loading="lazy" decoding="async" width="758" height="758" src="https://wp.unil.ch/ecotopiales/files/2025/09/logo-mycelium.jpg" alt="screenshot" class="wp-image-1660" style="width:200px" srcset="https://wp.unil.ch/ecotopiales/files/2025/09/logo-mycelium.jpg 758w, https://wp.unil.ch/ecotopiales/files/2025/09/logo-mycelium-300x300.jpg 300w, https://wp.unil.ch/ecotopiales/files/2025/09/logo-mycelium-150x150.jpg 150w, https://wp.unil.ch/ecotopiales/files/2025/09/logo-mycelium-540x540.jpg 540w" sizes="auto, (max-width: 758px) 100vw, 758px" /></a></figure>
</div></div>
</div>



<div class="wp-block-buttons is-content-justification-center is-layout-flex wp-container-core-buttons-is-layout-16018d1d wp-block-buttons-is-layout-flex">
<div class="wp-block-button has-custom-width wp-block-button__width-100 is-style-outline is-style-outline--1"><a class="wp-block-button__link has-buttons-background-color has-buttons-text-background-color has-text-color has-background has-link-color has-large-font-size has-custom-font-size wp-element-button" href="https://wp.unil.ch/ecotopiales/31-octobre-une-journee-sur-le-campus-unil/">VOIR LE PROGRAMME COMPLET DU VENDREDI 31 OCTOBRE</a></div>
</div>



<p></p>

<p>Atelier médiation scientifique et création Lieu : Forêt de Dorigny &#8211; rendez-vous devant L&rsquo;éprouvette Date : Vendredi 31 octobre Horaire : 14h00 &#8211; 17h00 Public : Adulte Cet&hellip;</p>

Atelier médiation scientifique et création Lieu : Forêt de Dorigny &#8211; rendez-vous devant L&rsquo;éprouvette Date : Vendredi 31 octobre Horaire : 14h00 &#8211; 17h00 Public : Adulte Cet&hellip;
