{"id":1492,"date":"2025-09-29T09:57:51","date_gmt":"2025-09-29T07:57:51","guid":{"rendered":"https:\/\/wp.unil.ch\/ecotopiales\/?page_id=1492"},"modified":"2025-10-27T14:13:40","modified_gmt":"2025-10-27T13:13:40","slug":"le-carnaval-du-vivant","status":"publish","type":"page","link":"https:\/\/wp.unil.ch\/ecotopiales\/le-carnaval-du-vivant\/","title":{"rendered":"L&rsquo;ART VIVANT CARNAVALESQUE !"},"content":{"rendered":"\n<div class=\"wp-block-media-text has-media-on-the-right is-stacked-on-mobile\"><div class=\"wp-block-media-text__content\">\n<h2 class=\"wp-block-heading has-text-align-left\"><strong>Atelier artivisme<\/strong><br><\/h2>\n\n\n\n<p class=\"has-text-align-left\"><\/p>\n\n\n\n<h4 class=\"wp-block-heading\">Contenu de l\u2019atelier : d\u00e9couverte de l'\u00a0\u00bbartivisme\u00a0\u00bb avec trois chercheuses de l&rsquo;Unil, cr\u00e9ation de masques subversifs et d\u00e9fil\u00e9 carnavalesque<\/h4>\n\n\n\n<p><span style=\"text-decoration: underline\">Lieu<\/span> : Amphip\u00f4le 340 &#8211; Unil<\/p>\n\n\n\n<p><span style=\"text-decoration: underline\">Date<\/span> : Vendredi 31 octobre<\/p>\n\n\n\n<p><span style=\"text-decoration: underline\">Horaire<\/span> : 14h00 &#8211; 17h00<\/p>\n\n\n\n<p><span style=\"text-decoration: underline\">Public<\/span> : Adulte<\/p>\n\n\n\n<p>Cet atelier est conseill\u00e9 aux enseignant\u00b7es, et propos\u00e9 en tant que formation continue pour les enseignant\u00b7es du secondaire II.<\/p>\n\n\n\n<p class=\"has-large-font-size\"><strong>Participation gratuite<\/strong><\/p>\n\n\n\n<div class=\"wp-block-buttons is-content-justification-center is-layout-flex wp-container-core-buttons-is-layout-16018d1d wp-block-buttons-is-layout-flex\"><\/div>\n<\/div><figure class=\"wp-block-media-text__media\"><img alt=\"\" loading=\"lazy\" decoding=\"async\" width=\"1024\" height=\"1013\" src=\"https:\/\/wp.unil.ch\/ecotopiales\/files\/2024\/09\/amphimax-1024x1013.png\" alt=\"\" class=\"wp-image-1071 size-full\" srcset=\"https:\/\/wp.unil.ch\/ecotopiales\/files\/2024\/09\/amphimax-1024x1013.png 1024w, https:\/\/wp.unil.ch\/ecotopiales\/files\/2024\/09\/amphimax-300x297.png 300w, https:\/\/wp.unil.ch\/ecotopiales\/files\/2024\/09\/amphimax-768x760.png 768w, https:\/\/wp.unil.ch\/ecotopiales\/files\/2024\/09\/amphimax-540x534.png 540w, https:\/\/wp.unil.ch\/ecotopiales\/files\/2024\/09\/amphimax-1080x1068.png 1080w, https:\/\/wp.unil.ch\/ecotopiales\/files\/2024\/09\/amphimax.png 1213w\" sizes=\"auto, (max-width: 1024px) 100vw, 1024px\" \/><\/figure><\/div>\n\n\n\n<p class=\"has-drop-cap has-large-font-size\">Vivez un apr\u00e8s-midi o\u00f9 l\u2019art, l\u2019activisme, l\u2019humour, et la subversion se rencontrent pour ouvrir des portes vers d\u2019autres mondes possibles.<\/p>\n\n\n\n<p class=\"has-large-font-size\">Apr\u00e8s une <strong>introduction \u00e0 l\u2019artivisme<\/strong> et \u00e0 ses expressions sur diff\u00e9rents terrains anthropologiques, l\u2019atelier propose un temps de <strong>cr\u00e9ation collective de masques et de d\u00e9guisements<\/strong>, inspir\u00e9s des traditions carnavalesques et de la parodie, pour exp\u00e9rimenter le pouvoir de la mascarade et du jeu.<\/p>\n\n\n\n<p class=\"has-large-font-size\">Ces cr\u00e9ations serviront ensuite de support \u00e0 une initiation aux outils du th\u00e9\u00e2tre forum, anim\u00e9e par l\u2019artiste <span style=\"text-decoration: underline\">L\u00e9on Lover<\/span>, afin d\u2019interpr\u00e9ter des sc\u00e8nes inspir\u00e9es de probl\u00e9matiques \u00e9cologiques contemporaines et de stimuler la r\u00e9flexion, le dialogue et la coop\u00e9ration.<\/p>\n\n\n\n<p class=\"has-large-font-size\">Aucune comp\u00e9tence artistique pr\u00e9alable n\u2019est requise, si ce n\u2019est l\u2019envie d\u2019exp\u00e9rimenter ! Il est possible d\u2019apporter son propre mat\u00e9riel (bricolage, peinture ou objets de r\u00e9cup\u00e9ration), mais une base sera fournie sur place.<\/p>\n\n\n\n<p class=\"has-large-font-size\">Atelier anim\u00e9 par <span style=\"text-decoration: underline\">Raphaela von Weichs <\/span>(Unil) et <span style=\"text-decoration: underline\">L\u00e9onore Vuissoz<\/span><strong> <\/strong>(Unil) en collaboration avec le projet FNS AGORA ARTIVISM de la professeure <span style=\"text-decoration: underline\">Monika Salzbrunn<\/span> (Unil, FTSR), invit\u00e9e par L&rsquo;\u00e9prouvette.<\/p>\n\n\n\n<p class=\"has-large-font-size\"><span style=\"text-decoration: underline\">Artiste invit\u00e9<\/span> : LEON LOVER, com\u00e9dien et artiste drag<\/p>\n\n\n<div class=\"wp-block-image\">\n<figure class=\"aligncenter size-large is-resized\"><img loading=\"lazy\" decoding=\"async\" width=\"1024\" height=\"512\" src=\"https:\/\/wp.unil.ch\/ecotopiales\/files\/2025\/09\/eprouvette-pinceaux-1024x512.jpeg\" alt=\"e\u0301prouvette pinceaux\" class=\"wp-image-1644\" style=\"width:400px\" srcset=\"https:\/\/wp.unil.ch\/ecotopiales\/files\/2025\/09\/eprouvette-pinceaux-1024x512.jpeg 1024w, https:\/\/wp.unil.ch\/ecotopiales\/files\/2025\/09\/eprouvette-pinceaux-300x150.jpeg 300w, https:\/\/wp.unil.ch\/ecotopiales\/files\/2025\/09\/eprouvette-pinceaux-768x384.jpeg 768w, https:\/\/wp.unil.ch\/ecotopiales\/files\/2025\/09\/eprouvette-pinceaux-1536x768.jpeg 1536w, https:\/\/wp.unil.ch\/ecotopiales\/files\/2025\/09\/eprouvette-pinceaux-540x270.jpeg 540w, https:\/\/wp.unil.ch\/ecotopiales\/files\/2025\/09\/eprouvette-pinceaux-1080x540.jpeg 1080w, https:\/\/wp.unil.ch\/ecotopiales\/files\/2025\/09\/eprouvette-pinceaux-1320x660.jpeg 1320w, https:\/\/wp.unil.ch\/ecotopiales\/files\/2025\/09\/eprouvette-pinceaux.jpeg 1920w\" sizes=\"auto, (max-width: 1024px) 100vw, 1024px\" \/><\/figure>\n<\/div>\n\n\n<div class=\"wp-block-buttons is-content-justification-center is-layout-flex wp-container-core-buttons-is-layout-16018d1d wp-block-buttons-is-layout-flex\">\n<div class=\"wp-block-button has-custom-width wp-block-button__width-75\"><a class=\"wp-block-button__link has-background has-large-font-size has-custom-font-size wp-element-button\" href=\"https:\/\/events.unil.ch\/register\/534\/997\" style=\"border-radius:5px;background-color:#8192c7\">JE M&rsquo;INSCRIS \u00c0 L&rsquo;ATELIER ! <\/a><\/div>\n<\/div>\n\n\n\n<p class=\"has-text-align-center has-large-font-size\"><strong>Participation gratuite mais places limit\u00e9es<\/strong>&nbsp;: inscription (fortement) conseill\u00e9e&nbsp;!&nbsp;<\/p>\n\n\n\n<div style=\"height:70px\" aria-hidden=\"true\" class=\"wp-block-spacer\"><\/div>\n\n\n\n<p class=\"has-text-align-center has-large-font-size\">Atelier anim\u00e9 en collaboration avec le projet FNS AGORA ARTIVISM de la Prof. Monika Salzbrunn (Unil, FTSR)<\/p>\n\n\n\n<div class=\"wp-block-columns alignwide is-layout-flex wp-container-core-columns-is-layout-9d6595d7 wp-block-columns-is-layout-flex\">\n<div class=\"wp-block-column is-vertically-aligned-center is-layout-flow wp-block-column-is-layout-flow\"><\/div>\n\n\n\n<div class=\"wp-block-column is-vertically-aligned-center is-layout-flow wp-block-column-is-layout-flow\"><div class=\"wp-block-image\">\n<figure class=\"aligncenter size-full is-resized\"><a href=\"https:\/\/www.eprouvette-unil.ch\"><img alt=\"\" loading=\"lazy\" decoding=\"async\" width=\"1074\" height=\"526\" src=\"https:\/\/wp.unil.ch\/ecotopiales\/files\/2024\/09\/Eprouvette_complet_noir_meilleur.png\" alt=\"\" class=\"wp-image-789\" style=\"width:200px\" srcset=\"https:\/\/wp.unil.ch\/ecotopiales\/files\/2024\/09\/Eprouvette_complet_noir_meilleur.png 1074w, https:\/\/wp.unil.ch\/ecotopiales\/files\/2024\/09\/Eprouvette_complet_noir_meilleur-300x147.png 300w, https:\/\/wp.unil.ch\/ecotopiales\/files\/2024\/09\/Eprouvette_complet_noir_meilleur-1024x502.png 1024w, https:\/\/wp.unil.ch\/ecotopiales\/files\/2024\/09\/Eprouvette_complet_noir_meilleur-768x376.png 768w, https:\/\/wp.unil.ch\/ecotopiales\/files\/2024\/09\/Eprouvette_complet_noir_meilleur-540x264.png 540w\" sizes=\"auto, (max-width: 1074px) 100vw, 1074px\" \/><\/a><\/figure>\n<\/div><\/div>\n\n\n\n<div class=\"wp-block-column is-vertically-aligned-center is-layout-flow wp-block-column-is-layout-flow\"><\/div>\n<\/div>\n\n\n\n<div class=\"wp-block-buttons is-content-justification-center is-layout-flex wp-container-core-buttons-is-layout-16018d1d wp-block-buttons-is-layout-flex\">\n<div class=\"wp-block-button has-custom-width wp-block-button__width-100 is-style-outline is-style-outline--1\"><a class=\"wp-block-button__link has-buttons-background-color has-buttons-text-background-color has-text-color has-background has-link-color has-large-font-size has-custom-font-size wp-element-button\" href=\"https:\/\/wp.unil.ch\/ecotopiales\/31-octobre-une-journee-sur-le-campus-unil\/\">VOIR LE PROGRAMME COMPLET DU VENDREDI 31 OCTOBRE<\/a><\/div>\n<\/div>\n\n\n\n<p><\/p>\n","protected":false},"excerpt":{"rendered":"<p>Vivez un apr\u00e8s-midi o\u00f9 l\u2019art, l\u2019activisme, l\u2019humour, et la subversion se rencontrent pour ouvrir des portes vers d\u2019autres mondes possibles. Apr\u00e8s une introduction \u00e0 l\u2019artivisme et \u00e0 ses&hellip;<\/p>\n","protected":false},"author":1002526,"featured_media":0,"parent":0,"menu_order":0,"comment_status":"closed","ping_status":"closed","template":"template-full-width.php","meta":{"_seopress_robots_primary_cat":"","_seopress_titles_title":"","_seopress_titles_desc":"","_seopress_robots_index":"","_uag_custom_page_level_css":"","footnotes":""},"class_list":["post-1492","page","type-page","status-publish","has-post-thumbnail"],"uagb_featured_image_src":{"full":false,"thumbnail":false,"medium":false,"medium_large":false,"large":false,"1536x1536":false,"2048x2048":false,"post-thumbnail":false,"chaplin_preview_image_low_resolution":false,"chaplin_preview_image_high_resolution":false,"chaplin_fullscreen":false,"mailpoet_newsletter_max":false},"uagb_author_info":{"display_name":"Niccolo Panozzo","author_link":"https:\/\/wp.unil.ch\/ecotopiales\/author\/npanozzo\/"},"uagb_comment_info":0,"uagb_excerpt":"Vivez un apr\u00e8s-midi o\u00f9 l\u2019art, l\u2019activisme, l\u2019humour, et la subversion se rencontrent pour ouvrir des portes vers d\u2019autres mondes possibles. Apr\u00e8s une introduction \u00e0 l\u2019artivisme et \u00e0 ses&hellip;","_links":{"self":[{"href":"https:\/\/wp.unil.ch\/ecotopiales\/wp-json\/wp\/v2\/pages\/1492","targetHints":{"allow":["GET"]}}],"collection":[{"href":"https:\/\/wp.unil.ch\/ecotopiales\/wp-json\/wp\/v2\/pages"}],"about":[{"href":"https:\/\/wp.unil.ch\/ecotopiales\/wp-json\/wp\/v2\/types\/page"}],"author":[{"embeddable":true,"href":"https:\/\/wp.unil.ch\/ecotopiales\/wp-json\/wp\/v2\/users\/1002526"}],"replies":[{"embeddable":true,"href":"https:\/\/wp.unil.ch\/ecotopiales\/wp-json\/wp\/v2\/comments?post=1492"}],"version-history":[{"count":5,"href":"https:\/\/wp.unil.ch\/ecotopiales\/wp-json\/wp\/v2\/pages\/1492\/revisions"}],"predecessor-version":[{"id":2929,"href":"https:\/\/wp.unil.ch\/ecotopiales\/wp-json\/wp\/v2\/pages\/1492\/revisions\/2929"}],"wp:attachment":[{"href":"https:\/\/wp.unil.ch\/ecotopiales\/wp-json\/wp\/v2\/media?parent=1492"}],"curies":[{"name":"wp","href":"https:\/\/api.w.org\/{rel}","templated":true}]}}

<div class="wp-block-media-text has-media-on-the-right is-stacked-on-mobile"><div class="wp-block-media-text__content">
<h2 class="wp-block-heading has-text-align-left"><strong>Atelier artivisme</strong><br></h2>



<p class="has-text-align-left"></p>



<h4 class="wp-block-heading">Contenu de l’atelier : découverte de l' »artivisme » avec trois chercheuses de l&rsquo;Unil, création de masques subversifs et défilé carnavalesque</h4>



<p><span style="text-decoration: underline">Lieu</span> : Amphipôle 340 &#8211; Unil</p>



<p><span style="text-decoration: underline">Date</span> : Vendredi 31 octobre</p>



<p><span style="text-decoration: underline">Horaire</span> : 14h00 &#8211; 17h00</p>



<p><span style="text-decoration: underline">Public</span> : Adulte</p>



<p>Cet atelier est conseillé aux enseignant·es, et proposé en tant que formation continue pour les enseignant·es du secondaire II.</p>



<p class="has-large-font-size"><strong>Participation gratuite</strong></p>



<div class="wp-block-buttons is-content-justification-center is-layout-flex wp-container-core-buttons-is-layout-16018d1d wp-block-buttons-is-layout-flex"></div>
</div><figure class="wp-block-media-text__media"><img alt="" loading="lazy" decoding="async" width="1024" height="1013" src="https://wp.unil.ch/ecotopiales/files/2024/09/amphimax-1024x1013.png" alt="" class="wp-image-1071 size-full" srcset="https://wp.unil.ch/ecotopiales/files/2024/09/amphimax-1024x1013.png 1024w, https://wp.unil.ch/ecotopiales/files/2024/09/amphimax-300x297.png 300w, https://wp.unil.ch/ecotopiales/files/2024/09/amphimax-768x760.png 768w, https://wp.unil.ch/ecotopiales/files/2024/09/amphimax-540x534.png 540w, https://wp.unil.ch/ecotopiales/files/2024/09/amphimax-1080x1068.png 1080w, https://wp.unil.ch/ecotopiales/files/2024/09/amphimax.png 1213w" sizes="auto, (max-width: 1024px) 100vw, 1024px" /></figure></div>



<p class="has-drop-cap has-large-font-size">Vivez un après-midi où l’art, l’activisme, l’humour, et la subversion se rencontrent pour ouvrir des portes vers d’autres mondes possibles.</p>



<p class="has-large-font-size">Après une <strong>introduction à l’artivisme</strong> et à ses expressions sur différents terrains anthropologiques, l’atelier propose un temps de <strong>création collective de masques et de déguisements</strong>, inspirés des traditions carnavalesques et de la parodie, pour expérimenter le pouvoir de la mascarade et du jeu.</p>



<p class="has-large-font-size">Ces créations serviront ensuite de support à une initiation aux outils du théâtre forum, animée par l’artiste <span style="text-decoration: underline">Léon Lover</span>, afin d’interpréter des scènes inspirées de problématiques écologiques contemporaines et de stimuler la réflexion, le dialogue et la coopération.</p>



<p class="has-large-font-size">Aucune compétence artistique préalable n’est requise, si ce n’est l’envie d’expérimenter ! Il est possible d’apporter son propre matériel (bricolage, peinture ou objets de récupération), mais une base sera fournie sur place.</p>



<p class="has-large-font-size">Atelier animé par <span style="text-decoration: underline">Raphaela von Weichs </span>(Unil) et <span style="text-decoration: underline">Léonore Vuissoz</span><strong> </strong>(Unil) en collaboration avec le projet FNS AGORA ARTIVISM de la professeure <span style="text-decoration: underline">Monika Salzbrunn</span> (Unil, FTSR), invitée par L&rsquo;éprouvette.</p>



<p class="has-large-font-size"><span style="text-decoration: underline">Artiste invité</span> : LEON LOVER, comédien et artiste drag</p>


<div class="wp-block-image">
<figure class="aligncenter size-large is-resized"><img loading="lazy" decoding="async" width="1024" height="512" src="https://wp.unil.ch/ecotopiales/files/2025/09/eprouvette-pinceaux-1024x512.jpeg" alt="éprouvette pinceaux" class="wp-image-1644" style="width:400px" srcset="https://wp.unil.ch/ecotopiales/files/2025/09/eprouvette-pinceaux-1024x512.jpeg 1024w, https://wp.unil.ch/ecotopiales/files/2025/09/eprouvette-pinceaux-300x150.jpeg 300w, https://wp.unil.ch/ecotopiales/files/2025/09/eprouvette-pinceaux-768x384.jpeg 768w, https://wp.unil.ch/ecotopiales/files/2025/09/eprouvette-pinceaux-1536x768.jpeg 1536w, https://wp.unil.ch/ecotopiales/files/2025/09/eprouvette-pinceaux-540x270.jpeg 540w, https://wp.unil.ch/ecotopiales/files/2025/09/eprouvette-pinceaux-1080x540.jpeg 1080w, https://wp.unil.ch/ecotopiales/files/2025/09/eprouvette-pinceaux-1320x660.jpeg 1320w, https://wp.unil.ch/ecotopiales/files/2025/09/eprouvette-pinceaux.jpeg 1920w" sizes="auto, (max-width: 1024px) 100vw, 1024px" /></figure>
</div>


<div class="wp-block-buttons is-content-justification-center is-layout-flex wp-container-core-buttons-is-layout-16018d1d wp-block-buttons-is-layout-flex">
<div class="wp-block-button has-custom-width wp-block-button__width-75"><a class="wp-block-button__link has-background has-large-font-size has-custom-font-size wp-element-button" href="https://events.unil.ch/register/534/997" style="border-radius:5px;background-color:#8192c7">JE M&rsquo;INSCRIS À L&rsquo;ATELIER ! </a></div>
</div>



<p class="has-text-align-center has-large-font-size"><strong>Participation gratuite mais places limitées</strong>&nbsp;: inscription (fortement) conseillée&nbsp;!&nbsp;</p>



<div style="height:70px" aria-hidden="true" class="wp-block-spacer"></div>



<p class="has-text-align-center has-large-font-size">Atelier animé en collaboration avec le projet FNS AGORA ARTIVISM de la Prof. Monika Salzbrunn (Unil, FTSR)</p>



<div class="wp-block-columns alignwide is-layout-flex wp-container-core-columns-is-layout-9d6595d7 wp-block-columns-is-layout-flex">
<div class="wp-block-column is-vertically-aligned-center is-layout-flow wp-block-column-is-layout-flow"></div>



<div class="wp-block-column is-vertically-aligned-center is-layout-flow wp-block-column-is-layout-flow"><div class="wp-block-image">
<figure class="aligncenter size-full is-resized"><a href="https://www.eprouvette-unil.ch"><img alt="" loading="lazy" decoding="async" width="1074" height="526" src="https://wp.unil.ch/ecotopiales/files/2024/09/Eprouvette_complet_noir_meilleur.png" alt="" class="wp-image-789" style="width:200px" srcset="https://wp.unil.ch/ecotopiales/files/2024/09/Eprouvette_complet_noir_meilleur.png 1074w, https://wp.unil.ch/ecotopiales/files/2024/09/Eprouvette_complet_noir_meilleur-300x147.png 300w, https://wp.unil.ch/ecotopiales/files/2024/09/Eprouvette_complet_noir_meilleur-1024x502.png 1024w, https://wp.unil.ch/ecotopiales/files/2024/09/Eprouvette_complet_noir_meilleur-768x376.png 768w, https://wp.unil.ch/ecotopiales/files/2024/09/Eprouvette_complet_noir_meilleur-540x264.png 540w" sizes="auto, (max-width: 1074px) 100vw, 1074px" /></a></figure>
</div></div>



<div class="wp-block-column is-vertically-aligned-center is-layout-flow wp-block-column-is-layout-flow"></div>
</div>



<div class="wp-block-buttons is-content-justification-center is-layout-flex wp-container-core-buttons-is-layout-16018d1d wp-block-buttons-is-layout-flex">
<div class="wp-block-button has-custom-width wp-block-button__width-100 is-style-outline is-style-outline--1"><a class="wp-block-button__link has-buttons-background-color has-buttons-text-background-color has-text-color has-background has-link-color has-large-font-size has-custom-font-size wp-element-button" href="https://wp.unil.ch/ecotopiales/31-octobre-une-journee-sur-le-campus-unil/">VOIR LE PROGRAMME COMPLET DU VENDREDI 31 OCTOBRE</a></div>
</div>



<p></p>

<p>Vivez un après-midi où l’art, l’activisme, l’humour, et la subversion se rencontrent pour ouvrir des portes vers d’autres mondes possibles. Après une introduction à l’artivisme et à ses&hellip;</p>

Vivez un après-midi où l’art, l’activisme, l’humour, et la subversion se rencontrent pour ouvrir des portes vers d’autres mondes possibles. Après une introduction à l’artivisme et à ses&hellip;
