{"id":7,"date":"2015-06-23T14:46:59","date_gmt":"2015-06-23T12:46:59","guid":{"rendered":"http:\/\/wp.unil.ch\/echosduvivant\/?page_id=7"},"modified":"2025-11-19T20:03:46","modified_gmt":"2025-11-19T19:03:46","slug":"7-2","status":"publish","type":"page","link":"https:\/\/wp.unil.ch\/echosduvivant\/","title":{"rendered":"Newsletters"},"content":{"rendered":"<p>La newsletter \u00c9chos du vivant est \u00e9dit\u00e9e par la Facult\u00e9 de biologie et de m\u00e9decine (<a href=\"https:\/\/www.unil.ch\/fbm\" target=\"_blank\" rel=\"noopener noreferrer\">FBM<\/a>) de l\u2019Universit\u00e9 de Lausanne \u00e0 l\u2019intention des enseignant\u00b7es de biologie du Secondaire II (gymnase, coll\u00e8ge ou lyc\u00e9e selon les cantons) et de leurs \u00e9l\u00e8ves.<\/p>\n<p>Dans chaque num\u00e9ro\u00a0(deux par an)\u00a0:<\/p>\n<ul>\n<li>Une th\u00e9matique phare choisie pour son lien ou sa compl\u00e9mentarit\u00e9 avec le programme de biologie<\/li>\n<li>Un dossier traitant des derni\u00e8res avanc\u00e9es en sciences de la vie \u00e0 la FBM et\/ou au Centre hospitalier universitaire vaudois (CHUV) et\/ou au Centre universitaire de m\u00e9decine g\u00e9n\u00e9rale et sant\u00e9 publique (Unisant\u00e9)<\/li>\n<li>Le parcours d\u2019un\u00b7e jeune professionnel\u00b7le ayant r\u00e9alis\u00e9 des \u00e9tudes de biologie, m\u00e9decine ou sciences infirmi\u00e8res (<a href=\"https:\/\/wp.unil.ch\/echosduvivant\/la-fbm-et-apres\/\">en savoir plus<\/a>)<\/li>\n<li>Des liens pour approfondir la th\u00e9matique et les contacts de chercheur\u00b7euses pr\u00eat\u00b7es \u00e0 r\u00e9pondre aux questions<\/li>\n<li>Un agenda<\/li>\n<\/ul>\n<p>\u00c9chos du vivant se veut un trait d\u2019union entre la FBM et les gymnases, lyc\u00e9es ou coll\u00e8ges. La publication permet notamment aux enseignant\u00b7es de biologie de ces \u00e9tablissements de se tenir inform\u00e9\u00b7es des derni\u00e8res avanc\u00e9es de la recherche biom\u00e9dicale. \u00c9chos du vivant vise aussi \u00e0 susciter l\u2019int\u00e9r\u00eat des gymnasien\u00b7nes pour des \u00e9tudes de biologie et de m\u00e9decine.<\/p>\n<p>Bien que r\u00e9dig\u00e9e pour les enseignant\u00b7es du Secondaire II et leurs \u00e9l\u00e8ves, cette newsletter est accessible \u00e0 un public plus large. Elle est t\u00e9l\u00e9chargeable sur ce site ou envoy\u00e9e gratuitement \u00e0 toute personne int\u00e9ress\u00e9e.<\/p>\n<p><a href=\"https:\/\/wp.unil.ch\/echosduvivant\/contact-abonnements\/\"><u>S\u2019abonner \u00e0 la newsletter<\/u><\/a><\/p>\n","protected":false},"excerpt":{"rendered":"<p>La newsletter \u00c9chos du vivant est \u00e9dit\u00e9e par la Facult\u00e9 de biologie et de m\u00e9decine (FBM) de l\u2019Universit\u00e9 de Lausanne \u00e0 l\u2019intention des enseignant\u00b7es de biologie du Secondaire II (gymnase, coll\u00e8ge ou lyc\u00e9e selon les cantons) et de leurs \u00e9l\u00e8ves.<\/p>\n","protected":false},"author":497,"featured_media":0,"parent":0,"menu_order":1,"comment_status":"closed","ping_status":"closed","template":"","meta":{"_seopress_robots_primary_cat":"","_seopress_titles_title":"","_seopress_titles_desc":"","_seopress_robots_index":"","footnotes":""},"class_list":["post-7","page","type-page","status-publish"],"_links":{"self":[{"href":"https:\/\/wp.unil.ch\/echosduvivant\/wp-json\/wp\/v2\/pages\/7","targetHints":{"allow":["GET"]}}],"collection":[{"href":"https:\/\/wp.unil.ch\/echosduvivant\/wp-json\/wp\/v2\/pages"}],"about":[{"href":"https:\/\/wp.unil.ch\/echosduvivant\/wp-json\/wp\/v2\/types\/page"}],"author":[{"embeddable":true,"href":"https:\/\/wp.unil.ch\/echosduvivant\/wp-json\/wp\/v2\/users\/497"}],"replies":[{"embeddable":true,"href":"https:\/\/wp.unil.ch\/echosduvivant\/wp-json\/wp\/v2\/comments?post=7"}],"version-history":[{"count":4,"href":"https:\/\/wp.unil.ch\/echosduvivant\/wp-json\/wp\/v2\/pages\/7\/revisions"}],"predecessor-version":[{"id":1041,"href":"https:\/\/wp.unil.ch\/echosduvivant\/wp-json\/wp\/v2\/pages\/7\/revisions\/1041"}],"wp:attachment":[{"href":"https:\/\/wp.unil.ch\/echosduvivant\/wp-json\/wp\/v2\/media?parent=7"}],"curies":[{"name":"wp","href":"https:\/\/api.w.org\/{rel}","templated":true}]}}