{"id":1841,"date":"2019-02-11T15:12:58","date_gmt":"2019-02-11T14:12:58","guid":{"rendered":"http:\/\/wp.unil.ch\/ebnews\/?page_id=1841"},"modified":"2024-03-05T09:42:29","modified_gmt":"2024-03-05T08:42:29","slug":"information","status":"publish","type":"page","link":"https:\/\/wp.unil.ch\/ebnews\/information\/","title":{"rendered":"Bienvenue"},"content":{"rendered":"<p><strong>Bienvenue sur le site de la lettre d\u2019information de l&rsquo;\u00c9cole de Biologie de la Facult\u00e9 de Biologie et de M\u00e9decine de l\u2019UNIL.<\/strong><\/p>\n<p>Trois fois par ann\u00e9e (rentr\u00e9es de semestre d&rsquo;automne et de printemps, ainsi qu&rsquo;\u00e0 la fin du semestre de printemps), l&rsquo;\u00c9cole de Biologie publie une infolettre destin\u00e9e \u00e0 ses enseignant\u00b7e\u00b7s.<\/p>\n<p>Vous avez acc\u00e8s \u00e0 toutes les publications sur <a href=\"https:\/\/wp.unil.ch\/ebnews\/\">cette page<\/a>.<\/p>\n<p>Cette infolettre est publique. Vous avez la possibilit\u00e9 de vous <a href=\"https:\/\/wp.unil.ch\/ebnews\/abonnement-desabonnement\/\">y abonner ici<\/a>.<\/p>\n","protected":false},"excerpt":{"rendered":"<p>Bienvenue sur le site de la lettre d\u2019information de l&rsquo;\u00c9cole de Biologie de la Facult\u00e9 de Biologie et de M\u00e9decine de l\u2019UNIL. Trois fois par ann\u00e9e (rentr\u00e9es de&hellip;<\/p>\n","protected":false},"author":1001431,"featured_media":2130,"parent":0,"menu_order":0,"comment_status":"closed","ping_status":"closed","template":"template-full-width-cover.php","meta":{"_seopress_robots_primary_cat":"","_seopress_titles_title":"","_seopress_titles_desc":"","_seopress_robots_index":"","footnotes":""},"class_list":["post-1841","page","type-page","status-publish","has-post-thumbnail"],"_links":{"self":[{"href":"https:\/\/wp.unil.ch\/ebnews\/wp-json\/wp\/v2\/pages\/1841","targetHints":{"allow":["GET"]}}],"collection":[{"href":"https:\/\/wp.unil.ch\/ebnews\/wp-json\/wp\/v2\/pages"}],"about":[{"href":"https:\/\/wp.unil.ch\/ebnews\/wp-json\/wp\/v2\/types\/page"}],"author":[{"embeddable":true,"href":"https:\/\/wp.unil.ch\/ebnews\/wp-json\/wp\/v2\/users\/1001431"}],"replies":[{"embeddable":true,"href":"https:\/\/wp.unil.ch\/ebnews\/wp-json\/wp\/v2\/comments?post=1841"}],"version-history":[{"count":2,"href":"https:\/\/wp.unil.ch\/ebnews\/wp-json\/wp\/v2\/pages\/1841\/revisions"}],"predecessor-version":[{"id":2396,"href":"https:\/\/wp.unil.ch\/ebnews\/wp-json\/wp\/v2\/pages\/1841\/revisions\/2396"}],"wp:featuredmedia":[{"embeddable":true,"href":"https:\/\/wp.unil.ch\/ebnews\/wp-json\/wp\/v2\/media\/2130"}],"wp:attachment":[{"href":"https:\/\/wp.unil.ch\/ebnews\/wp-json\/wp\/v2\/media?parent=1841"}],"curies":[{"name":"wp","href":"https:\/\/api.w.org\/{rel}","templated":true}]}}