{"id":1155,"date":"2024-09-19T21:03:50","date_gmt":"2024-09-19T19:03:50","guid":{"rendered":"https:\/\/wp.unil.ch\/dsbu\/?page_id=1155"},"modified":"2025-05-02T13:00:21","modified_gmt":"2025-05-02T11:00:21","slug":"horus-chuv-dataset-catalog","status":"publish","type":"page","link":"https:\/\/wp.unil.ch\/dsbu\/horus-chuv-dataset-catalog\/","title":{"rendered":"HORUS Dataset Catalog (CHUV)"},"content":{"rendered":"\n<p><strong>Annonce du nouveau d\u00e9ploiement de la version test de l&#8217;outil HORUS Dataset Catalog CHUV<\/strong><\/p>\n\n\n\n<p>Nous sommes ravis d&#8217;annoncer la mise en service de la version test du&nbsp;<strong>HORUS Dataset Catalog CHUV<\/strong>, un outil d\u00e9velopp\u00e9 et d\u00e9ploy\u00e9 par le&nbsp;<strong>Groupe Data Science &#8211; DSI<\/strong>, en collaboration avec la&nbsp;<strong>Data Stewardship Biomed Unit (DSBU)<\/strong>.<\/p>\n\n\n\n<ul class=\"wp-block-list\">\n<li>Le<strong> Groupe Data Science <\/strong>&#8211; DSI\u00a0assure le\u00a0d\u00e9veloppement et le d\u00e9ploiement\u00a0de l\u2019outil, garantissant une plateforme performante et \u00e9volutive.<\/li>\n\n\n\n<li>La <strong>DSBU <\/strong>veille \u00e0 ce que l\u2019outil d\u00e9ploy\u00e9 garantisse la qualit\u00e9 des m\u00e9tadonn\u00e9es et leur conformit\u00e9 aux standards internationaux. Elle accompagne de mani\u00e8re personnalis\u00e9e les chercheur\u00b7euse\u00b7s lors du d\u00e9p\u00f4t des jeux de donn\u00e9es et assure la curation des m\u00e9tadonn\u00e9es (lien).<\/li>\n<\/ul>\n\n\n\n<p>Ce catalogue facilite le&nbsp;<strong>r\u00e9f\u00e9rencement et la diffusion des m\u00e9tadonn\u00e9es<\/strong>&nbsp;(documentation) des&nbsp;<strong>jeux de donn\u00e9es cliniques sensibles <\/strong>associ\u00e9s aux publications du CHUV, tout en garantissant la&nbsp;<strong>s\u00e9curit\u00e9 des donn\u00e9es et leur conformit\u00e9 r\u00e9glementaire<\/strong>. Les&nbsp;donn\u00e9es restent <strong>s\u00e9curis\u00e9es en mode ferm\u00e9&nbsp;sur les serveurs du CHUV<\/strong>, tandis que les&nbsp;m\u00e9tadonn\u00e9es, valid\u00e9es sous le contr\u00f4le des&nbsp;data stewards, sont automatiquement diffus\u00e9es sur&nbsp;<strong>Zenodo (<a href=\"https:\/\/zenodo.org\/communities\/fbm_chuv\/records?q=&amp;l=list&amp;p=1&amp;s=10&amp;sort=newest\">communaut\u00e9 FBM UNIL-CHUV<\/a>)<\/strong>, une plateforme de d\u00e9p\u00f4t externe offrant une&nbsp;<strong>large visibilit\u00e9<\/strong>&nbsp;\u00e0 la communaut\u00e9 scientifique internationale.<\/p>\n\n\n\n<p>En plus d\u2019<strong>optimiser la gestion et l\u2019accessibilit\u00e9 des m\u00e9tadonn\u00e9es<\/strong>, cet outil permet aux chercheurs de&nbsp;<strong>r\u00e9pondre aux exigences croissantes du partage des donn\u00e9es FAIR<\/strong>&nbsp;(<em>Findable, Accessible, Interoperable, Reusable<\/em>), impos\u00e9es par :<\/p>\n\n\n\n<ul class=\"wp-block-list\">\n<li><strong>Les agences de financement<\/strong>\u00a0(ex.\u00a0FNS, Horizon Europe)<\/li>\n\n\n\n<li><strong>La Directive de la recherche du CHUV<\/strong>\u00a0(<a href=\"https:\/\/gedchuv.intranet.chuv\/vdocopenweb\/asp\/center.asp?DBIndex=%7B956E536C-2488-4C15-A08E-6DB315928E83%7D&amp;VDOCPORTALID=17990&amp;RedirectTo=..\/view\/cmdconvert%2Easp%3FOpenDoc%3DCurrentPage%26idversion%3D2189\">lien<\/a>)<\/li>\n\n\n\n<li><strong>Les journaux scientifiques<\/strong>, garantissant ainsi la\u00a0<strong>v\u00e9rifiabilit\u00e9 et la reproductibilit\u00e9<\/strong>\u00a0des r\u00e9sultats publi\u00e9s.<\/li>\n<\/ul>\n\n\n\n<p>D\u00e9couvrez d\u00e8s maintenant le HORUS Dataset Catalog du CHUV et simplifiez l\u2019acc\u00e8s aux informations cl\u00e9s de vos jeux de donn\u00e9es de recherche accompagnant vos publications&nbsp;!<\/p>\n\n\n\n<p>&#8212;&#8212;&#8212;&#8212;&#8212;&#8212;&#8212;&#8212;&#8212;&#8212;<\/p>\n\n\n\n<p><strong>Announcement of the new deployment of the test version of the HORUS Dataset Catalog CHUV<\/strong><\/p>\n\n\n\n<p>We are pleased to announce the launch of the test version of the&nbsp;<strong>HORUS Dataset Catalog CHUV<\/strong>, a tool developed and deployed by the&nbsp;<strong>Data Science Group &#8211; DSI<\/strong>, in collaboration with the&nbsp;<strong>Data Stewardship BioMed Unit (DSBU)<\/strong>.<\/p>\n\n\n\n<ul class=\"wp-block-list\">\n<li>The\u00a0<strong>Data Science Group &#8211; DSI<\/strong>\u00a0is responsible for the\u00a0<strong>development and deployment<\/strong>\u00a0of the tool, ensuring a\u00a0<strong>high-performance and scalable platform<\/strong>.<\/li>\n\n\n\n<li>The <strong>DSBU<\/strong> ensures that the deployed tool guarantees metadata quality and compliance with international standards. It provides <strong>personalized support to researchers<\/strong> <strong>during dataset submission<\/strong> and manages metadata curation.<\/li>\n<\/ul>\n\n\n\n<p>This catalog facilitates the&nbsp;<strong>indexing and dissemination of metadata<\/strong>&nbsp;(documentation) for&nbsp;<strong>sensitive clinical research datasets<\/strong>&nbsp;linked to CHUV publications, while ensuring&nbsp;<strong>data security and regulatory compliance<\/strong>. The&nbsp;<strong>datasets remain securely stored<\/strong>&nbsp;on CHUV servers with close access, while the&nbsp;<strong>metadata<\/strong>, validated under the supervision of&nbsp;<strong>data stewards<\/strong>, is automatically published on&nbsp;<strong>Zenodo (<a href=\"https:\/\/zenodo.org\/communities\/fbm_chuv\/records?q=&amp;l=list&amp;p=1&amp;s=10&amp;sort=newest\">community FBM UNIL-CHUV<\/a>)<\/strong>, an external repository providing&nbsp;<strong>high visibility<\/strong>&nbsp;within the international scientific community.<\/p>\n\n\n\n<p>In addition to&nbsp;<strong>enhancing metadata management and accessibility<\/strong>&nbsp;through an optimized interface, this tool enables researchers to&nbsp;<strong>meet the growing requirements for FAIR data sharing<\/strong>&nbsp;(<em>Findable, Accessible, Interoperable, Reusable<\/em>), mandated by:<\/p>\n\n\n\n<ul class=\"wp-block-list\">\n<li><strong>Funding agencies<\/strong>\u00a0(e.g.,\u00a0<strong>SNSF, Horizon Europe<\/strong>)<\/li>\n\n\n\n<li><strong>The CHUV Research Directive<\/strong>\u00a0([link])<\/li>\n\n\n\n<li><strong>Scientific journals<\/strong>, ensuring the\u00a0verifiability and reproducibility\u00a0of published results.<\/li>\n<\/ul>\n\n\n\n<p>Get started with the CHUV HORUS Dataset Catalog now to easily share essential information for the datasets behind your publications.<\/p>\n","protected":false},"excerpt":{"rendered":"<p>Annonce du nouveau d\u00e9ploiement de la version test de l&#8217;outil HORUS Dataset Catalog CHUV Nous sommes ravis d&#8217;annoncer la mise en service de la version test du&nbsp;HORUS Dataset&hellip;<\/p>\n","protected":false},"author":1002839,"featured_media":0,"parent":0,"menu_order":0,"comment_status":"closed","ping_status":"closed","template":"template-full-width.php","meta":{"_seopress_robots_primary_cat":"","_seopress_titles_title":"","_seopress_titles_desc":"","_seopress_robots_index":"","footnotes":""},"class_list":["post-1155","page","type-page","status-publish","has-post-thumbnail"],"_links":{"self":[{"href":"https:\/\/wp.unil.ch\/dsbu\/wp-json\/wp\/v2\/pages\/1155","targetHints":{"allow":["GET"]}}],"collection":[{"href":"https:\/\/wp.unil.ch\/dsbu\/wp-json\/wp\/v2\/pages"}],"about":[{"href":"https:\/\/wp.unil.ch\/dsbu\/wp-json\/wp\/v2\/types\/page"}],"author":[{"embeddable":true,"href":"https:\/\/wp.unil.ch\/dsbu\/wp-json\/wp\/v2\/users\/1002839"}],"replies":[{"embeddable":true,"href":"https:\/\/wp.unil.ch\/dsbu\/wp-json\/wp\/v2\/comments?post=1155"}],"version-history":[{"count":5,"href":"https:\/\/wp.unil.ch\/dsbu\/wp-json\/wp\/v2\/pages\/1155\/revisions"}],"predecessor-version":[{"id":1747,"href":"https:\/\/wp.unil.ch\/dsbu\/wp-json\/wp\/v2\/pages\/1155\/revisions\/1747"}],"wp:attachment":[{"href":"https:\/\/wp.unil.ch\/dsbu\/wp-json\/wp\/v2\/media?parent=1155"}],"curies":[{"name":"wp","href":"https:\/\/api.w.org\/{rel}","templated":true}]}}